{"id":10037,"date":"2024-07-18T10:17:18","date_gmt":"2024-07-18T10:17:18","guid":{"rendered":"https:\/\/institutfrancais.ro\/bucuresti\/evenimente\/ukrainian-musiclab-un-program-de-sprijin-pentru-artistii-ucraineni\/"},"modified":"2024-07-22T09:38:16","modified_gmt":"2024-07-22T09:38:16","slug":"ukrainian-musiclab-un-programme-de-soutien-aux-artistes-ukrainiens","status":"publish","type":"evenimente","link":"https:\/\/institutfrancais.ro\/bucuresti\/fr\/evenimente\/ukrainian-musiclab-un-programme-de-soutien-aux-artistes-ukrainiens\/","title":{"rendered":"Ukrainian MusicLab, un programme de soutien aux artistes Ukrainiens"},"content":{"rendered":"\n<p><strong>Ukrainian MusicLab<\/strong> est un programme con\u00e7u pour soutenir les artistes ukrainiens en facilitant leur int\u00e9gration sur le march\u00e9 europ\u00e9en de la musique.<\/p>\n\n\n\n<p>Face aux d\u00e9fis impos\u00e9s par la guerre, de nombreux artistes ukrainiens ont d\u00fb suspendre leurs projets artistiques ou s\u2019installer dans un autre pays. Ce programme vise \u00e0 leur offrir une nouvelle opportunit\u00e9 de se d\u00e9velopper et de se faire conna\u00eetre en Europe.<\/p>\n\n\n\n<p>En association avec l\u2019Institut Fran\u00e7ais de Roumanie \u00e0 Bucarest, en partenariat avec Control Club et l\u2019Ukraine Music Export, Europavox lance cette formation qui s&rsquo;adresse aux artistes ukrainiens \u00e9tablis en Ukraine ou dans un autre pays europ\u00e9en. Le programme comprend des ateliers en ligne et des sessions en pr\u00e9sentiel \u00e0 Bucarest, offrant un cadre hybride de formation sur trois semaines en octobre 2024.<\/p>\n\n\n\n<p><span style=\"text-decoration: underline\">Objectifs du programme&nbsp;:<\/span><\/p>\n\n\n\n<ul class=\"wp-block-list\">\n<li>Faciliter l&rsquo;acc\u00e8s au march\u00e9 europ\u00e9en de la musique pour les artistes ukrainiens,<\/li>\n\n\n\n<li>Cr\u00e9er des liens avec les professionnels de l&rsquo;industrie musicale europ\u00e9enne, favorisant ainsi la collaboration et les opportunit\u00e9s de carri\u00e8re,<\/li>\n\n\n\n<li>Mettre \u00e0 disposition des artistes ukrainiens des outils de pr\u00e9sentation et de promotion de leur musique.<\/li>\n<\/ul>\n\n\n\n<p><span style=\"text-decoration: underline\">Contenu de la Formation<\/span><\/p>\n\n\n\n<p>Quatre sessions en ligne, autour des sujets cruciaux pour le d\u00e9veloppement de carri\u00e8re, comme l\u2019introduction aux march\u00e9s europ\u00e9ens de la musique, la diversification des sources de revenus ou encore une s\u00e9ance de \u00ab&nbsp;media training&nbsp;\u00bb.<\/p>\n\n\n\n<p>Des sessions \u00e0 Bucarest viendront compl\u00e9ter la formation, avec des s\u00e9ances de production de contenus et showcases \u00e0 Control Club, afin de rencontrer et d\u2019\u00e9changer avec des m\u00e9dias et des professionnels de la musique.<\/p>\n\n\n\n<p><span style=\"text-decoration: underline\">Candidatures<\/span><\/p>\n\n\n\n<p>Les artistes int\u00e9ress\u00e9s sont invit\u00e9s \u00e0 soumettre leur candidature jusqu\u2019au 9 septembre \u00e0 15 h CET. <br>Les bases et formulaire sont disponibles <a href=\"https:\/\/bit.ly\/UkrainianMusicLab\">ici<\/a>.<\/p>\n\n\n\n<p>La liste des artistes s\u00e9lectionn\u00e9s sera annonc\u00e9e en Septembre 2024.<\/p>\n\n\n\n<p><\/p>\n\n\n\n<p><\/p>\n\n\n\n<p><\/p>\n\n\n\n<p><\/p>\n\n\n\n<p><\/p>\n\n\n\n<p><\/p>\n\n\n\n<p><\/p>\n","protected":false},"excerpt":{"rendered":"<p>Ukrainian MusicLab est un programme con\u00e7u pour soutenir les artistes ukrainiens en facilitant leur int\u00e9gration sur le march\u00e9 europ\u00e9en de la musique. Face aux d\u00e9fis impos\u00e9s par la guerre, de nombreux artistes ukrainiens ont d\u00fb suspendre leurs projets artistiques ou s\u2019installer dans un autre pays. Ce programme vise \u00e0 leur offrir une nouvelle opportunit\u00e9 de [&hellip;]<\/p>\n","protected":false},"featured_media":10036,"menu_order":0,"template":"","format":"standard","meta":[],"tags":[],"cmcal_calendar":[87],"category-events":[103],"class_list":["post-10037","evenimente","type-evenimente","status-publish","format-standard","has-post-thumbnail","hentry","cmcal_calendar-events-calendar-fr","category-events-musique"],"_links":{"self":[{"href":"https:\/\/institutfrancais.ro\/bucuresti\/fr\/wp-json\/wp\/v2\/evenimente\/10037","targetHints":{"allow":["GET"]}}],"collection":[{"href":"https:\/\/institutfrancais.ro\/bucuresti\/fr\/wp-json\/wp\/v2\/evenimente"}],"about":[{"href":"https:\/\/institutfrancais.ro\/bucuresti\/fr\/wp-json\/wp\/v2\/types\/evenimente"}],"wp:featuredmedia":[{"embeddable":true,"href":"https:\/\/institutfrancais.ro\/bucuresti\/fr\/wp-json\/wp\/v2\/media\/10036"}],"wp:attachment":[{"href":"https:\/\/institutfrancais.ro\/bucuresti\/fr\/wp-json\/wp\/v2\/media?parent=10037"}],"wp:term":[{"taxonomy":"post_tag","embeddable":true,"href":"https:\/\/institutfrancais.ro\/bucuresti\/fr\/wp-json\/wp\/v2\/tags?post=10037"},{"taxonomy":"cmcal_calendar","embeddable":true,"href":"https:\/\/institutfrancais.ro\/bucuresti\/fr\/wp-json\/wp\/v2\/cmcal_calendar?post=10037"},{"taxonomy":"category-events","embeddable":true,"href":"https:\/\/institutfrancais.ro\/bucuresti\/fr\/wp-json\/wp\/v2\/category-events?post=10037"}],"curies":[{"name":"wp","href":"https:\/\/api.w.org\/{rel}","templated":true}]}}

<p><strong>Ukrainian MusicLab</strong> est un programme conçu pour soutenir les artistes ukrainiens en facilitant leur intégration sur le marché européen de la musique.</p>



<p>Face aux défis imposés par la guerre, de nombreux artistes ukrainiens ont dû suspendre leurs projets artistiques ou s’installer dans un autre pays. Ce programme vise à leur offrir une nouvelle opportunité de se développer et de se faire connaître en Europe.</p>



<p>En association avec l’Institut Français de Roumanie à Bucarest, en partenariat avec Control Club et l’Ukraine Music Export, Europavox lance cette formation qui s&rsquo;adresse aux artistes ukrainiens établis en Ukraine ou dans un autre pays européen. Le programme comprend des ateliers en ligne et des sessions en présentiel à Bucarest, offrant un cadre hybride de formation sur trois semaines en octobre 2024.</p>



<p><span style="text-decoration: underline">Objectifs du programme&nbsp;:</span></p>



<ul class="wp-block-list">
<li>Faciliter l&rsquo;accès au marché européen de la musique pour les artistes ukrainiens,</li>



<li>Créer des liens avec les professionnels de l&rsquo;industrie musicale européenne, favorisant ainsi la collaboration et les opportunités de carrière,</li>



<li>Mettre à disposition des artistes ukrainiens des outils de présentation et de promotion de leur musique.</li>
</ul>



<p><span style="text-decoration: underline">Contenu de la Formation</span></p>



<p>Quatre sessions en ligne, autour des sujets cruciaux pour le développement de carrière, comme l’introduction aux marchés européens de la musique, la diversification des sources de revenus ou encore une séance de «&nbsp;media training&nbsp;».</p>



<p>Des sessions à Bucarest viendront compléter la formation, avec des séances de production de contenus et showcases à Control Club, afin de rencontrer et d’échanger avec des médias et des professionnels de la musique.</p>



<p><span style="text-decoration: underline">Candidatures</span></p>



<p>Les artistes intéressés sont invités à soumettre leur candidature jusqu’au 9 septembre à 15 h CET. <br>Les bases et formulaire sont disponibles <a href="https://bit.ly/UkrainianMusicLab">ici</a>.</p>



<p>La liste des artistes sélectionnés sera annoncée en Septembre 2024.</p>



<p></p>



<p></p>



<p></p>



<p></p>



<p></p>



<p></p>



<p></p>

<p>Ukrainian MusicLab est un programme conçu pour soutenir les artistes ukrainiens en facilitant leur intégration sur le marché européen de la musique. Face aux défis imposés par la guerre, de nombreux artistes ukrainiens ont dû suspendre leurs projets artistiques ou s’installer dans un autre pays. Ce programme vise à leur offrir une nouvelle opportunité de [&hellip;]</p>
