{"id":11002,"date":"2025-03-10T09:16:29","date_gmt":"2025-03-10T09:16:29","guid":{"rendered":"https:\/\/institutfrancais.ro\/bucuresti\/evenimente\/conferinta-cu-nathalie-marin\/"},"modified":"2025-03-10T09:34:27","modified_gmt":"2025-03-10T09:34:27","slug":"conferinta-cu-nathalie-marin","status":"publish","type":"evenimente","link":"https:\/\/institutfrancais.ro\/bucuresti\/fr\/evenimente\/conferinta-cu-nathalie-marin\/","title":{"rendered":"Conf\u00e9rence avec Nathalie Marin"},"content":{"rendered":"\n<p><\/p>\n\n\n\n<p><strong>Symphonie f\u00e9minines, comment \u00eatre cheffe d&rsquo;orchestre aujourd&rsquo;hui<\/strong><\/p>\n\n\n\n<p>Conf\u00e9rence en fran\u00e7ais<br>Universitatea de muzic\u0103, Sala Silvestri<br>16h00<\/p>\n\n\n\n<p><\/p>\n\n\n\n<p><\/p>\n\n\n\n<p><\/p>\n","protected":false},"excerpt":{"rendered":"<p>Symphonie f\u00e9minines, comment \u00eatre cheffe d&rsquo;orchestre aujourd&rsquo;hui Conf\u00e9rence en fran\u00e7aisUniversitatea de muzic\u0103, Sala Silvestri16h00<\/p>\n","protected":false},"featured_media":10999,"menu_order":0,"template":"","format":"standard","meta":[],"tags":[],"cmcal_calendar":[],"category-events":[100],"class_list":["post-11002","evenimente","type-evenimente","status-publish","format-standard","has-post-thumbnail","hentry","category-events-arhiva-fr"],"_links":{"self":[{"href":"https:\/\/institutfrancais.ro\/bucuresti\/fr\/wp-json\/wp\/v2\/evenimente\/11002","targetHints":{"allow":["GET"]}}],"collection":[{"href":"https:\/\/institutfrancais.ro\/bucuresti\/fr\/wp-json\/wp\/v2\/evenimente"}],"about":[{"href":"https:\/\/institutfrancais.ro\/bucuresti\/fr\/wp-json\/wp\/v2\/types\/evenimente"}],"wp:featuredmedia":[{"embeddable":true,"href":"https:\/\/institutfrancais.ro\/bucuresti\/fr\/wp-json\/wp\/v2\/media\/10999"}],"wp:attachment":[{"href":"https:\/\/institutfrancais.ro\/bucuresti\/fr\/wp-json\/wp\/v2\/media?parent=11002"}],"wp:term":[{"taxonomy":"post_tag","embeddable":true,"href":"https:\/\/institutfrancais.ro\/bucuresti\/fr\/wp-json\/wp\/v2\/tags?post=11002"},{"taxonomy":"cmcal_calendar","embeddable":true,"href":"https:\/\/institutfrancais.ro\/bucuresti\/fr\/wp-json\/wp\/v2\/cmcal_calendar?post=11002"},{"taxonomy":"category-events","embeddable":true,"href":"https:\/\/institutfrancais.ro\/bucuresti\/fr\/wp-json\/wp\/v2\/category-events?post=11002"}],"curies":[{"name":"wp","href":"https:\/\/api.w.org\/{rel}","templated":true}]}}

Conférence avec Nathalie Marin

<p></p>



<p><strong>Symphonie féminines, comment être cheffe d&rsquo;orchestre aujourd&rsquo;hui</strong></p>



<p>Conférence en français<br>Universitatea de muzică, Sala Silvestri<br>16h00</p>



<p></p>



<p></p>



<p></p>

<p>Symphonie féminines, comment être cheffe d&rsquo;orchestre aujourd&rsquo;hui Conférence en françaisUniversitatea de muzică, Sala Silvestri16h00</p>
