{"id":11085,"date":"2025-03-26T13:09:00","date_gmt":"2025-03-26T13:09:00","guid":{"rendered":"https:\/\/institutfrancais.ro\/bucuresti\/evenimente\/assises-universitaires-de-francais\/"},"modified":"2026-01-13T07:29:53","modified_gmt":"2026-01-13T07:29:53","slug":"assises-universitaires-de-francais","status":"publish","type":"evenimente","link":"https:\/\/institutfrancais.ro\/bucuresti\/fr\/evenimente\/assises-universitaires-de-francais\/","title":{"rendered":"Assises universitaires de fran\u00e7ais"},"content":{"rendered":"\n<p>L&rsquo;Ambassade de France en Roumanie, l&rsquo;Institut fran\u00e7ais de Roumanie en partenariat avec l\u2019AUF, l&rsquo;Universit\u00e9\u00a0\u00ab\u00a0Ovidius\u00a0\u00bb de Constanta et l\u2019Alliance fran\u00e7aise de Constanta organisent\u00a0<strong>les <em>Assises universitaires du fran\u00e7ais \u00e0 Constanta du 2 au 4 avril 2025<\/em><\/strong><em>. <\/em><\/p>\n\n<p>Ev\u00e9nement in\u00e9dit, ces Assises se fixent comme objectif de brosser les principaux sujets qui ont trait \u00e0 la coop\u00e9ration universitaire franco-roumaine et de proposer un \u00e9clairage sur l\u2019actualit\u00e9 de l\u2019enseignement du et en fran\u00e7ais pour les professeurs exer\u00e7ant dans les universit\u00e9s roumaines. Les diff\u00e9rents points \u00e0 traiter seront d\u00e9clin\u00e9s en conf\u00e9rences, en tables rondes et en ateliers de formation.\u00a0Vous trouverez en pi\u00e8ce jointe le <strong>Programme pr\u00e9visionnel <\/strong>des Assises.<\/p>\n\n<p>Nous serions tr\u00e8s heureux de compter sur votre pr\u00e9sence et celle des diff\u00e9rents professeurs de votre d\u00e9partement pendant ces Assises.\u00a0<\/p>\n\n<p><strong>Inscriptions<\/strong> en ligne avant le 27 mars 2025 :\u00a0<a href=\"https:\/\/forms.gle\/zsntCMteTzVA75Mt8\" target=\"_blank\" rel=\"noreferrer noopener\">https:\/\/forms.gle\/zsntCMteTzVA75Mt8<\/a>. Un mail de confirmation de l&rsquo;inscription sera\u00a0transmis par les organisateurs. Les conditions de participation sont d\u00e9crites dans le fichier d\u2019inscription.<\/p>\n\n<p>Nous vous remercions par avance de bien vouloir diffuser cette information aupr\u00e8s des enseignants et des coll\u00e8gues susceptibles d\u2019\u00eatre int\u00e9ress\u00e9s par cette action de coop\u00e9ration.\u00a0Pour toute information li\u00e9e au programme des Assises et l\u2019organisation de votre participation \u00e0 l\u2019\u00e9v\u00e8nement, nous restons \u00e0 votre disposition <a href=\"mailto:education@institutfrancais.ro\">education@institutfrancais.ro<\/a><\/p>\n\n<div data-wp-interactive=\"core\/file\" class=\"wp-block-file\"><object data-wp-bind--hidden=\"!state.hasPdfPreview\" hidden class=\"wp-block-file__embed\" data=\"https:\/\/institutfrancais.ro\/bucuresti\/wp-content\/uploads\/sites\/2\/2025\/03\/Programme-previsionnel-Assises-2025.pdf\" type=\"application\/pdf\" style=\"width:100%;height:600px\" aria-label=\"Contenu embarqu\u00e9 Programme pr\u00e9visionnel Assises 2025.\"><\/object><a id=\"wp-block-file--media-1451ce26-b359-45f9-9e15-ec2accc5f478\" href=\"https:\/\/institutfrancais.ro\/bucuresti\/wp-content\/uploads\/sites\/2\/2025\/03\/Programme-previsionnel-Assises-2025.pdf\">Programme pr\u00e9visionnel Assises 2025<\/a><a href=\"https:\/\/institutfrancais.ro\/bucuresti\/wp-content\/uploads\/sites\/2\/2025\/03\/Programme-previsionnel-Assises-2025.pdf\" class=\"wp-block-file__button wp-element-button\" download=\"\" aria-describedby=\"wp-block-file--media-1451ce26-b359-45f9-9e15-ec2accc5f478\">Descarc\u0103<\/a><\/div>\n","protected":false},"excerpt":{"rendered":"<p>L&rsquo;Ambassade de France en Roumanie, l&rsquo;Institut fran\u00e7ais de Roumanie en partenariat avec l\u2019AUF, l&rsquo;Universit\u00e9\u00a0\u00ab\u00a0Ovidius\u00a0\u00bb de Constanta et l\u2019Alliance fran\u00e7aise de Constanta organisent\u00a0les Assises universitaires du fran\u00e7ais \u00e0 Constanta du 2 au 4 avril 2025. Ev\u00e9nement in\u00e9dit, ces Assises se fixent comme objectif de brosser les principaux sujets qui ont trait \u00e0 la coop\u00e9ration universitaire franco-roumaine [&hellip;]<\/p>\n","protected":false},"featured_media":11082,"menu_order":0,"template":"","format":"standard","meta":[],"tags":[],"cmcal_calendar":[],"category-events":[100],"class_list":["post-11085","evenimente","type-evenimente","status-publish","format-standard","has-post-thumbnail","hentry","category-events-arhiva-fr"],"_links":{"self":[{"href":"https:\/\/institutfrancais.ro\/bucuresti\/fr\/wp-json\/wp\/v2\/evenimente\/11085","targetHints":{"allow":["GET"]}}],"collection":[{"href":"https:\/\/institutfrancais.ro\/bucuresti\/fr\/wp-json\/wp\/v2\/evenimente"}],"about":[{"href":"https:\/\/institutfrancais.ro\/bucuresti\/fr\/wp-json\/wp\/v2\/types\/evenimente"}],"wp:featuredmedia":[{"embeddable":true,"href":"https:\/\/institutfrancais.ro\/bucuresti\/fr\/wp-json\/wp\/v2\/media\/11082"}],"wp:attachment":[{"href":"https:\/\/institutfrancais.ro\/bucuresti\/fr\/wp-json\/wp\/v2\/media?parent=11085"}],"wp:term":[{"taxonomy":"post_tag","embeddable":true,"href":"https:\/\/institutfrancais.ro\/bucuresti\/fr\/wp-json\/wp\/v2\/tags?post=11085"},{"taxonomy":"cmcal_calendar","embeddable":true,"href":"https:\/\/institutfrancais.ro\/bucuresti\/fr\/wp-json\/wp\/v2\/cmcal_calendar?post=11085"},{"taxonomy":"category-events","embeddable":true,"href":"https:\/\/institutfrancais.ro\/bucuresti\/fr\/wp-json\/wp\/v2\/category-events?post=11085"}],"curies":[{"name":"wp","href":"https:\/\/api.w.org\/{rel}","templated":true}]}}

Assises universitaires de français

<p>L&rsquo;Ambassade de France en Roumanie, l&rsquo;Institut français de Roumanie en partenariat avec l’AUF, l&rsquo;Université « Ovidius » de Constanta et l’Alliance française de Constanta organisent <strong>les <em>Assises universitaires du français à Constanta du 2 au 4 avril 2025</em></strong><em>. </em></p>

<p>Evénement inédit, ces Assises se fixent comme objectif de brosser les principaux sujets qui ont trait à la coopération universitaire franco-roumaine et de proposer un éclairage sur l’actualité de l’enseignement du et en français pour les professeurs exerçant dans les universités roumaines. Les différents points à traiter seront déclinés en conférences, en tables rondes et en ateliers de formation. Vous trouverez en pièce jointe le <strong>Programme prévisionnel </strong>des Assises.</p>

<p>Nous serions très heureux de compter sur votre présence et celle des différents professeurs de votre département pendant ces Assises. </p>

<p><strong>Inscriptions</strong> en ligne avant le 27 mars 2025 : <a href="https://forms.gle/zsntCMteTzVA75Mt8" target="_blank" rel="noreferrer noopener">https://forms.gle/zsntCMteTzVA75Mt8</a>. Un mail de confirmation de l&rsquo;inscription sera transmis par les organisateurs. Les conditions de participation sont décrites dans le fichier d’inscription.</p>

<p>Nous vous remercions par avance de bien vouloir diffuser cette information auprès des enseignants et des collègues susceptibles d’être intéressés par cette action de coopération. Pour toute information liée au programme des Assises et l’organisation de votre participation à l’évènement, nous restons à votre disposition <a href="mailto:education@institutfrancais.ro">education@institutfrancais.ro</a></p>

<div data-wp-interactive="core/file" class="wp-block-file"><object data-wp-bind--hidden="!state.hasPdfPreview" hidden class="wp-block-file__embed" data="https://institutfrancais.ro/bucuresti/wp-content/uploads/sites/2/2025/03/Programme-previsionnel-Assises-2025.pdf" type="application/pdf" style="width:100%;height:600px" aria-label="Contenu embarqué Programme prévisionnel Assises 2025."></object><a id="wp-block-file--media-1451ce26-b359-45f9-9e15-ec2accc5f478" href="https://institutfrancais.ro/bucuresti/wp-content/uploads/sites/2/2025/03/Programme-previsionnel-Assises-2025.pdf">Programme prévisionnel Assises 2025</a><a href="https://institutfrancais.ro/bucuresti/wp-content/uploads/sites/2/2025/03/Programme-previsionnel-Assises-2025.pdf" class="wp-block-file__button wp-element-button" download="" aria-describedby="wp-block-file--media-1451ce26-b359-45f9-9e15-ec2accc5f478">Descarcă</a></div>

<p>L&rsquo;Ambassade de France en Roumanie, l&rsquo;Institut français de Roumanie en partenariat avec l’AUF, l&rsquo;Université « Ovidius » de Constanta et l’Alliance française de Constanta organisent les Assises universitaires du français à Constanta du 2 au 4 avril 2025. Evénement inédit, ces Assises se fixent comme objectif de brosser les principaux sujets qui ont trait à la coopération universitaire franco-roumaine [&hellip;]</p>
