{"id":12035,"date":"2026-01-29T06:57:07","date_gmt":"2026-01-29T06:57:07","guid":{"rendered":"https:\/\/institutfrancais.ro\/bucuresti\/evenimente\/concours-de-bande-dessinee-en-francais\/"},"modified":"2026-03-20T14:35:19","modified_gmt":"2026-03-20T14:35:19","slug":"concours-de-bande-dessinee-en-francais","status":"publish","type":"evenimente","link":"https:\/\/institutfrancais.ro\/bucuresti\/fr\/evenimente\/concours-de-bande-dessinee-en-francais\/","title":{"rendered":"Concours de bande dessin\u00e9e en fran\u00e7ais"},"content":{"rendered":"\n<p><\/p>\n\n\n\n<figure class=\"wp-block-table\"><table class=\"has-fixed-layout\"><tbody><tr><td><br>Un grand merci pour l\u2019envoi de vos productions ! <br>Vous avez \u00e9t\u00e9 plus de 580 coll\u00e9giens et lyc\u00e9ens de tout le pays \u00e0 participer.<br><br>Les laur\u00e9ats par cat\u00e9gorie sont :<br>\u00b7Coll\u00e9giens \u2013 r\u00e9alisation manuelle : <strong>Hreniuc Ema<\/strong>, classe de 7e, Lyc\u00e9e d\u2019art \u00ab Nicolae Tonitza \u00bb \u2013 Bucarest<br>\u00b7Coll\u00e9giens \u2013 r\u00e9alisation num\u00e9rique : <strong>\u0218ureanu Cristian Nicolae<\/strong>, classe de 5e, Coll\u00e8ge national \u00ab Doamna Stanca \u00bb \u2013 F\u0103g\u0103ra\u0219<br>\u00b7Lyc\u00e9ens \u2013 r\u00e9alisation manuelle : <strong>Arsene Eveline Maria<\/strong>, classe de 10e, Coll\u00e8ge national \u00ab Decebal \u00bb \u2013 Deva<br>\u00b7Lyc\u00e9ens \u2013 r\u00e9alisation num\u00e9rique : <strong>Ciolacu F. M. Miruna-Andreea<\/strong>, classe de 11e, Coll\u00e8ge national d\u2019art \u00ab O. B\u0103ncil\u0103 \u00bb \u2013 Ia\u0219i<br><br>Toutes nos f\u00e9licitations aux laur\u00e9ats et un grand merci \u00e0 l\u2019ensemble des \u00e9l\u00e8ves ayant particip\u00e9, ainsi qu\u2019\u00e0 leurs professeurs pour leur engagement et leur accompagnement&nbsp;!<br><br><\/td><\/tr><\/tbody><\/table><\/figure>\n\n\n\n<p><\/p>\n\n\n\n<p>\u00c0 l\u2019occasion du <strong>Mois de la Francophonie 2026<\/strong>, l\u2019Institut fran\u00e7ais de Roumanie invite les <strong>coll\u00e9giens et lyc\u00e9ens<\/strong> \u00e0 imaginer le futur en images et en mots \u00e0 travers un <strong>concours de bande dessin\u00e9e en fran\u00e7ais<\/strong><strong>.<\/strong><br>Sur le th\u00e8me <strong>\u00ab Dis-moi dix mots d\u2019un monde \u00e0 venir \u00bb<\/strong><strong>,<\/strong> les participants sont appel\u00e9s \u00e0 cr\u00e9er une bande dessin\u00e9e originale, manuelle ou num\u00e9rique, m\u00ealant imagination, narration et cr\u00e9ativit\u00e9.<br>\u00c0 vos crayons, tablettes et id\u00e9es&nbsp;!\ud83d\ude80\ud83d\udcd8<\/p>\n\n\n\n<div class=\"wp-block-columns is-layout-flex wp-container-core-columns-is-layout-9d6595d7 wp-block-columns-is-layout-flex\">\n<div class=\"wp-block-column is-layout-flow wp-block-column-is-layout-flow\">\n<p><strong>Envoi des \u0153uvres (PDF ou image)<\/strong> : le d\u00e9p\u00f4t des bandes dessin\u00e9es se fait via le formulaire suivant :<br><a href=\"https:\/\/forms.gle\/bDmzdfui46ndT4XY7\">https:\/\/forms.gle\/bDmzdfui46ndT4XY7<\/a><br>Date limite : 6 mars 2026<br>R\u00e9sultats : 20 mars 2026 \u2013 Journ\u00e9e internationale de la Francophonie<br>Prix : lots de bandes dessin\u00e9es<\/p>\n<\/div>\n<\/div>\n\n\n\n<p><strong><a href=\"https:\/\/institutfrancais.ro\/bucuresti\/wp-content\/uploads\/sites\/2\/2026\/01\/Concours-de-bande-dessinee-Reglement.pdf\">CONSULTEZ LE R\u00c8GLEMENT DU CONCOURS 2026<\/a><\/strong><\/p>\n\n\n\n<p><\/p>\n","protected":false},"excerpt":{"rendered":"<p>Un grand merci pour l\u2019envoi de vos productions ! Vous avez \u00e9t\u00e9 plus de 580 coll\u00e9giens et lyc\u00e9ens de tout le pays \u00e0 participer. Les laur\u00e9ats par cat\u00e9gorie sont :\u00b7Coll\u00e9giens \u2013 r\u00e9alisation manuelle : Hreniuc Ema, classe de 7e, Lyc\u00e9e d\u2019art \u00ab Nicolae Tonitza \u00bb \u2013 Bucarest\u00b7Coll\u00e9giens \u2013 r\u00e9alisation num\u00e9rique : \u0218ureanu Cristian Nicolae, classe [&hellip;]<\/p>\n","protected":false},"featured_media":12032,"menu_order":0,"template":"","format":"standard","meta":[],"tags":[],"cmcal_calendar":[],"category-events":[89],"class_list":["post-12035","evenimente","type-evenimente","status-publish","format-standard","has-post-thumbnail","hentry","category-events-concours"],"_links":{"self":[{"href":"https:\/\/institutfrancais.ro\/bucuresti\/fr\/wp-json\/wp\/v2\/evenimente\/12035","targetHints":{"allow":["GET"]}}],"collection":[{"href":"https:\/\/institutfrancais.ro\/bucuresti\/fr\/wp-json\/wp\/v2\/evenimente"}],"about":[{"href":"https:\/\/institutfrancais.ro\/bucuresti\/fr\/wp-json\/wp\/v2\/types\/evenimente"}],"wp:featuredmedia":[{"embeddable":true,"href":"https:\/\/institutfrancais.ro\/bucuresti\/fr\/wp-json\/wp\/v2\/media\/12032"}],"wp:attachment":[{"href":"https:\/\/institutfrancais.ro\/bucuresti\/fr\/wp-json\/wp\/v2\/media?parent=12035"}],"wp:term":[{"taxonomy":"post_tag","embeddable":true,"href":"https:\/\/institutfrancais.ro\/bucuresti\/fr\/wp-json\/wp\/v2\/tags?post=12035"},{"taxonomy":"cmcal_calendar","embeddable":true,"href":"https:\/\/institutfrancais.ro\/bucuresti\/fr\/wp-json\/wp\/v2\/cmcal_calendar?post=12035"},{"taxonomy":"category-events","embeddable":true,"href":"https:\/\/institutfrancais.ro\/bucuresti\/fr\/wp-json\/wp\/v2\/category-events?post=12035"}],"curies":[{"name":"wp","href":"https:\/\/api.w.org\/{rel}","templated":true}]}}

Concours de bande dessinée en français

<p></p>



<figure class="wp-block-table"><table class="has-fixed-layout"><tbody><tr><td><br>Un grand merci pour l’envoi de vos productions ! <br>Vous avez été plus de 580 collégiens et lycéens de tout le pays à participer.<br><br>Les lauréats par catégorie sont :<br>·Collégiens – réalisation manuelle : <strong>Hreniuc Ema</strong>, classe de 7e, Lycée d’art « Nicolae Tonitza » – Bucarest<br>·Collégiens – réalisation numérique : <strong>Șureanu Cristian Nicolae</strong>, classe de 5e, Collège national « Doamna Stanca » – Făgăraș<br>·Lycéens – réalisation manuelle : <strong>Arsene Eveline Maria</strong>, classe de 10e, Collège national « Decebal » – Deva<br>·Lycéens – réalisation numérique : <strong>Ciolacu F. M. Miruna-Andreea</strong>, classe de 11e, Collège national d’art « O. Băncilă » – Iași<br><br>Toutes nos félicitations aux lauréats et un grand merci à l’ensemble des élèves ayant participé, ainsi qu’à leurs professeurs pour leur engagement et leur accompagnement&nbsp;!<br><br></td></tr></tbody></table></figure>



<p></p>



<p>À l’occasion du <strong>Mois de la Francophonie 2026</strong>, l’Institut français de Roumanie invite les <strong>collégiens et lycéens</strong> à imaginer le futur en images et en mots à travers un <strong>concours de bande dessinée en français</strong><strong>.</strong><br>Sur le thème <strong>« Dis-moi dix mots d’un monde à venir »</strong><strong>,</strong> les participants sont appelés à créer une bande dessinée originale, manuelle ou numérique, mêlant imagination, narration et créativité.<br>À vos crayons, tablettes et idées&nbsp;!🚀📘</p>



<div class="wp-block-columns is-layout-flex wp-container-core-columns-is-layout-9d6595d7 wp-block-columns-is-layout-flex">
<div class="wp-block-column is-layout-flow wp-block-column-is-layout-flow">
<p><strong>Envoi des œuvres (PDF ou image)</strong> : le dépôt des bandes dessinées se fait via le formulaire suivant :<br><a href="https://forms.gle/bDmzdfui46ndT4XY7">https://forms.gle/bDmzdfui46ndT4XY7</a><br>Date limite : 6 mars 2026<br>Résultats : 20 mars 2026 – Journée internationale de la Francophonie<br>Prix : lots de bandes dessinées</p>
</div>
</div>



<p><strong><a href="https://institutfrancais.ro/bucuresti/wp-content/uploads/sites/2/2026/01/Concours-de-bande-dessinee-Reglement.pdf">CONSULTEZ LE RÈGLEMENT DU CONCOURS 2026</a></strong></p>



<p></p>

<p>Un grand merci pour l’envoi de vos productions ! Vous avez été plus de 580 collégiens et lycéens de tout le pays à participer. Les lauréats par catégorie sont :·Collégiens – réalisation manuelle : Hreniuc Ema, classe de 7e, Lycée d’art « Nicolae Tonitza » – Bucarest·Collégiens – réalisation numérique : Șureanu Cristian Nicolae, classe [&hellip;]</p>
