{"id":2996,"date":"2021-11-15T15:15:15","date_gmt":"2021-11-15T15:15:15","guid":{"rendered":"https:\/\/institutfrancais.ro\/bucuresti\/?post_type=evenimente&#038;p=2996"},"modified":"2021-11-15T15:24:20","modified_gmt":"2021-11-15T15:24:20","slug":"concurs-mon-professeur-de-francais","status":"publish","type":"evenimente","link":"https:\/\/institutfrancais.ro\/bucuresti\/fr\/evenimente\/concurs-mon-professeur-de-francais\/","title":{"rendered":"Concours \u00ab\u00a0Mon professeur de fran\u00e7ais\u00a0\u00bb"},"content":{"rendered":"\n<p>Quand tu penses \u00e0 tes cours de fran\u00e7ais, des souvenirs marquants te viennent en t\u00eate ?&nbsp; Raconte-nous tes anecdotes en vid\u00e9o !&nbsp;&nbsp;<\/p>\n\n\n\n<p>Comment participer&nbsp;?<\/p>\n\n\n\n<p>R\u00e9alise une capsule vid\u00e9o, en fran\u00e7ais ou en roumain sous-titr\u00e9 fran\u00e7ais, de 3 min maximum sur tes souvenirs de classe de fran\u00e7ais. &nbsp;<\/p>\n\n\n\n<p>Tu as jusqu&rsquo;au <strong>22 novembre<\/strong> pour participer en renvoyant la capsule \u00e0 <a href=\"mailto:LFE.ROUMANIE@INSTITUTFRANCAIS.RO\">lfe.roumanie@institutfrancais.ro<\/a><\/p>\n\n\n\n<p>Pour voter pour ta vid\u00e9o pr\u00e9f\u00e9r\u00e9e\u00a0:<br><a href=\"https:\/\/padlet.com\/lferoumanie\/fqal8fziyjs4bqsj\">https:\/\/padlet.com\/lferoumanie\/fqal8fziyjs4bqsj<\/a><\/p>\n\n\n\n<p><a href=\"https:\/\/institutfrancais.ro\/bucuresti\/wp-content\/uploads\/sites\/2\/2021\/11\/reg_concurs_video_elevi_FR.pdf\">Plus d&rsquo;nformations<\/a><\/p>\n\n\n\n<p>\u00c0 toi de  jouer !<\/p>\n","protected":false},"excerpt":{"rendered":"<p>R\u00e9alise une capsule vid\u00e9o de 3 min maximum sur tes souvenirs de classe de fran\u00e7ais. <\/p>\n","protected":false},"featured_media":2991,"menu_order":0,"template":"","format":"standard","meta":[],"tags":[],"cmcal_calendar":[87],"category-events":[100,89],"class_list":["post-2996","evenimente","type-evenimente","status-publish","format-standard","has-post-thumbnail","hentry","cmcal_calendar-events-calendar-fr","category-events-arhiva-fr","category-events-concours"],"_links":{"self":[{"href":"https:\/\/institutfrancais.ro\/bucuresti\/fr\/wp-json\/wp\/v2\/evenimente\/2996","targetHints":{"allow":["GET"]}}],"collection":[{"href":"https:\/\/institutfrancais.ro\/bucuresti\/fr\/wp-json\/wp\/v2\/evenimente"}],"about":[{"href":"https:\/\/institutfrancais.ro\/bucuresti\/fr\/wp-json\/wp\/v2\/types\/evenimente"}],"wp:featuredmedia":[{"embeddable":true,"href":"https:\/\/institutfrancais.ro\/bucuresti\/fr\/wp-json\/wp\/v2\/media\/2991"}],"wp:attachment":[{"href":"https:\/\/institutfrancais.ro\/bucuresti\/fr\/wp-json\/wp\/v2\/media?parent=2996"}],"wp:term":[{"taxonomy":"post_tag","embeddable":true,"href":"https:\/\/institutfrancais.ro\/bucuresti\/fr\/wp-json\/wp\/v2\/tags?post=2996"},{"taxonomy":"cmcal_calendar","embeddable":true,"href":"https:\/\/institutfrancais.ro\/bucuresti\/fr\/wp-json\/wp\/v2\/cmcal_calendar?post=2996"},{"taxonomy":"category-events","embeddable":true,"href":"https:\/\/institutfrancais.ro\/bucuresti\/fr\/wp-json\/wp\/v2\/category-events?post=2996"}],"curies":[{"name":"wp","href":"https:\/\/api.w.org\/{rel}","templated":true}]}}

Concours « Mon professeur de français »

<p>Quand tu penses à tes cours de français, des souvenirs marquants te viennent en tête ?&nbsp; Raconte-nous tes anecdotes en vidéo !&nbsp;&nbsp;</p>



<p>Comment participer&nbsp;?</p>



<p>Réalise une capsule vidéo, en français ou en roumain sous-titré français, de 3 min maximum sur tes souvenirs de classe de français. &nbsp;</p>



<p>Tu as jusqu&rsquo;au <strong>22 novembre</strong> pour participer en renvoyant la capsule à <a href="mailto:LFE.ROUMANIE@INSTITUTFRANCAIS.RO">lfe.roumanie@institutfrancais.ro</a></p>



<p>Pour voter pour ta vidéo préférée :<br><a href="https://padlet.com/lferoumanie/fqal8fziyjs4bqsj">https://padlet.com/lferoumanie/fqal8fziyjs4bqsj</a></p>



<p><a href="https://institutfrancais.ro/bucuresti/wp-content/uploads/sites/2/2021/11/reg_concurs_video_elevi_FR.pdf">Plus d&rsquo;nformations</a></p>



<p>À toi de  jouer !</p>

<p>Réalise une capsule vidéo de 3 min maximum sur tes souvenirs de classe de français. </p>
