{"id":7312,"date":"2023-11-09T13:31:03","date_gmt":"2023-11-09T13:31:03","guid":{"rendered":"https:\/\/institutfrancais.ro\/bucuresti\/evenimente\/mopga-2024-granturi-de-cercetare-pentru-tinerii-cercetatori\/"},"modified":"2023-11-10T07:13:22","modified_gmt":"2023-11-10T07:13:22","slug":"mopga-2024-granturi-de-cercetare-pentru-tinerii-cercetatori","status":"publish","type":"evenimente","link":"https:\/\/institutfrancais.ro\/bucuresti\/fr\/evenimente\/mopga-2024-granturi-de-cercetare-pentru-tinerii-cercetatori\/","title":{"rendered":"MOPGA 2024 :  Bourses de s\u00e9jour de recherche pour jeunes chercheurs"},"content":{"rendered":"\n<p>L&rsquo;appel \u00e0 candidatures <a href=\"https:\/\/www.facebook.com\/hashtag\/mopga?__eep__=6&amp;__cft__%5b0%5d=AZV6mGbByugfUDSmFhKBU0Xg4kuYgQjE4XzP7T9R8hPGP9e4cmBDFlSi7HM5Fa0lLK5oHaMg_EI_wwax6SKphB0q02HWLFNP_lggNQ6g9siExla640CYyZtcf_yFRL8DYUui6kWYtIOM_X7Sgq5mcui6&amp;__tn__=*NK-R\">#MOPGA<\/a> 2024 est ouvert. Ce programme de bourses permettra d\u2019accueillir en France au minimum 40 jeunes chercheurs internationaux souhaitant effectuer des recherches sur des th\u00e9matiques en lien avec <strong>les enjeux du changement climatique et environnementaux<\/strong>.<\/p>\n\n\n\n<p>Date limite de candidature: <strong>9 janvier 2024<\/strong><\/p>\n\n\n\n<p>Plus info: <a href=\"https:\/\/swll.to\/7RPIkw?fbclid=IwAR2ajchKSuZ9wcI5l8a1nUCw5kBg86GklY6XPjNzjjHHPGtx40zSRbHuVos\" target=\"_blank\" rel=\"noreferrer noopener\">https:\/\/swll.to\/7RPIkw<\/a><\/p>\n","protected":false},"excerpt":{"rendered":"<p>Appel \u00e0 candidatures pour les bourses #MOPGA 2024 &#8211; d\u00e9lai de d\u00e9p\u00f4t des dossiers : 9 janvier 2024.<\/p>\n","protected":false},"featured_media":7304,"menu_order":0,"template":"","format":"standard","meta":[],"tags":[],"cmcal_calendar":[40,87],"category-events":[114],"class_list":["post-7312","evenimente","type-evenimente","status-publish","format-standard","has-post-thumbnail","hentry","cmcal_calendar-events-calendar-2","cmcal_calendar-events-calendar-fr","category-events-appel-candidature"],"_links":{"self":[{"href":"https:\/\/institutfrancais.ro\/bucuresti\/fr\/wp-json\/wp\/v2\/evenimente\/7312","targetHints":{"allow":["GET"]}}],"collection":[{"href":"https:\/\/institutfrancais.ro\/bucuresti\/fr\/wp-json\/wp\/v2\/evenimente"}],"about":[{"href":"https:\/\/institutfrancais.ro\/bucuresti\/fr\/wp-json\/wp\/v2\/types\/evenimente"}],"wp:featuredmedia":[{"embeddable":true,"href":"https:\/\/institutfrancais.ro\/bucuresti\/fr\/wp-json\/wp\/v2\/media\/7304"}],"wp:attachment":[{"href":"https:\/\/institutfrancais.ro\/bucuresti\/fr\/wp-json\/wp\/v2\/media?parent=7312"}],"wp:term":[{"taxonomy":"post_tag","embeddable":true,"href":"https:\/\/institutfrancais.ro\/bucuresti\/fr\/wp-json\/wp\/v2\/tags?post=7312"},{"taxonomy":"cmcal_calendar","embeddable":true,"href":"https:\/\/institutfrancais.ro\/bucuresti\/fr\/wp-json\/wp\/v2\/cmcal_calendar?post=7312"},{"taxonomy":"category-events","embeddable":true,"href":"https:\/\/institutfrancais.ro\/bucuresti\/fr\/wp-json\/wp\/v2\/category-events?post=7312"}],"curies":[{"name":"wp","href":"https:\/\/api.w.org\/{rel}","templated":true}]}}

MOPGA 2024 :  Bourses de séjour de recherche pour jeunes chercheurs

<p>L&rsquo;appel à candidatures <a href="https://www.facebook.com/hashtag/mopga?__eep__=6&amp;__cft__%5b0%5d=AZV6mGbByugfUDSmFhKBU0Xg4kuYgQjE4XzP7T9R8hPGP9e4cmBDFlSi7HM5Fa0lLK5oHaMg_EI_wwax6SKphB0q02HWLFNP_lggNQ6g9siExla640CYyZtcf_yFRL8DYUui6kWYtIOM_X7Sgq5mcui6&amp;__tn__=*NK-R">#MOPGA</a> 2024 est ouvert. Ce programme de bourses permettra d’accueillir en France au minimum 40 jeunes chercheurs internationaux souhaitant effectuer des recherches sur des thématiques en lien avec <strong>les enjeux du changement climatique et environnementaux</strong>.</p>



<p>Date limite de candidature: <strong>9 janvier 2024</strong></p>



<p>Plus info: <a href="https://swll.to/7RPIkw?fbclid=IwAR2ajchKSuZ9wcI5l8a1nUCw5kBg86GklY6XPjNzjjHHPGtx40zSRbHuVos" target="_blank" rel="noreferrer noopener">https://swll.to/7RPIkw</a></p>

<p>Appel à candidatures pour les bourses #MOPGA 2024 &#8211; délai de dépôt des dossiers : 9 janvier 2024.</p>
