{"id":7402,"date":"2023-11-23T15:18:39","date_gmt":"2023-11-23T15:18:39","guid":{"rendered":"https:\/\/institutfrancais.ro\/bucuresti\/?post_type=evenimente&#038;p=7402"},"modified":"2023-11-23T15:18:46","modified_gmt":"2023-11-23T15:18:46","slug":"perceptii-sonore-in-deplasare-institut-francais","status":"publish","type":"evenimente","link":"https:\/\/institutfrancais.ro\/bucuresti\/fr\/evenimente\/perceptii-sonore-in-deplasare-institut-francais\/","title":{"rendered":"PERCEPTIONS SONORES EN D\u00c9PLACEMENT"},"content":{"rendered":"\n<p>27 novembre, 18h30<\/p>\n\n\n\n<p>Institut fran\u00e7ais, Dacia 77, Bucarest<\/p>\n\n\n\n<p>Traducteur acoustique des diff\u00e9rentes architectures, le son nous accompagne dans les espaces du d\u00e9placement avec les images de la destination, mais surtout avec les perceptions fines du changement et de la vitesse. Les r\u00e9sonances concr\u00e8tes de la gare ou de toutes les gares sont charg\u00e9es de m\u00e9moire et de familiarit\u00e9, d&rsquo;urgence ou d&rsquo;attente. Lieu de transition, le vaste espace de la gare tend \u00e0 se m\u00e9tamorphoser en l&rsquo;espace ferm\u00e9 d&rsquo;une mobilit\u00e9 d\u00e9finie et totale \u00e0 travers un \u00ab\u00a0entonnoir\u00a0\u00bb \u00e0 la fois physique et m\u00e9taphorique, un lieu d&rsquo;acc\u00e9l\u00e9ration d\u00e9tach\u00e9 de l&rsquo;espace concret. Le temps et l&rsquo;espace se superposent, l&rsquo;endroit quitt\u00e9 est recouvert par la couche d&rsquo;attente de la fin du chemin, et la relation visuelle avec les territoires travers\u00e9s est al\u00e9atoirement entrecoup\u00e9e de moments d&rsquo;introspection, de r\u00e9miniscence ou de projections impatientes.<\/p>\n\n\n\n<p>Du r\u00e9alisme m\u00e9canique des moyens de transport au souvenir d&rsquo;un voyage, les compositions sonores pr\u00e9sent\u00e9es invitent \u00e0 une lecture d\u2019\u00e9vidences subjectives et plasticiennes dans des parcours distincts mais \u00e9tonnamment familiers.<\/p>\n\n\n\n<p>S\u00e9lection th\u00e9matique r\u00e9alis\u00e9e par Anamaria Pravicencu parmi les \u0153uvres des artistes Maria Balabas, Mara M\u0103r\u0103cinescu, Miron Ghiu, Elena Diaconu, Anamaria Pravicencu, Felix Blume et Mathias Guilbaud, auteurs ou amis de la plateforme SEMI SILENT. En presence de Maria Balabas, Elena Diaconu, Miron Ghiu, Anamaria Pravicencu, Felix Blume et Mathias Guilbaud.<\/p>\n\n\n\n<p>Photo de Cedric Sartore.<\/p>\n\n\n\n<p><a href=\"http:\/\/www.semisilent.ro\" target=\"_blank\" rel=\"noreferrer noopener\">www.semisilent.ro<\/a><\/p>\n","protected":false},"excerpt":{"rendered":"<p>S\u00e9lection th\u00e9matique r\u00e9alis\u00e9e par Anamaria Pravicencu parmi les \u0153uvres des artistes Maria Balabas, Mara M\u0103r\u0103cinescu, Miron Ghiu, Elena Diaconu, Anamaria Pravicencu, Felix Blume et Mathias Guilbaud, auteurs ou amis de la plateforme SEMI SILENT.<\/p>\n","protected":false},"featured_media":7395,"menu_order":0,"template":"","format":"standard","meta":[],"tags":[280,287],"cmcal_calendar":[87],"category-events":[100],"class_list":["post-7402","evenimente","type-evenimente","status-publish","format-standard","has-post-thumbnail","hentry","tag-arta-fr","tag-evenement","cmcal_calendar-events-calendar-fr","category-events-arhiva-fr"],"_links":{"self":[{"href":"https:\/\/institutfrancais.ro\/bucuresti\/fr\/wp-json\/wp\/v2\/evenimente\/7402","targetHints":{"allow":["GET"]}}],"collection":[{"href":"https:\/\/institutfrancais.ro\/bucuresti\/fr\/wp-json\/wp\/v2\/evenimente"}],"about":[{"href":"https:\/\/institutfrancais.ro\/bucuresti\/fr\/wp-json\/wp\/v2\/types\/evenimente"}],"wp:featuredmedia":[{"embeddable":true,"href":"https:\/\/institutfrancais.ro\/bucuresti\/fr\/wp-json\/wp\/v2\/media\/7395"}],"wp:attachment":[{"href":"https:\/\/institutfrancais.ro\/bucuresti\/fr\/wp-json\/wp\/v2\/media?parent=7402"}],"wp:term":[{"taxonomy":"post_tag","embeddable":true,"href":"https:\/\/institutfrancais.ro\/bucuresti\/fr\/wp-json\/wp\/v2\/tags?post=7402"},{"taxonomy":"cmcal_calendar","embeddable":true,"href":"https:\/\/institutfrancais.ro\/bucuresti\/fr\/wp-json\/wp\/v2\/cmcal_calendar?post=7402"},{"taxonomy":"category-events","embeddable":true,"href":"https:\/\/institutfrancais.ro\/bucuresti\/fr\/wp-json\/wp\/v2\/category-events?post=7402"}],"curies":[{"name":"wp","href":"https:\/\/api.w.org\/{rel}","templated":true}]}}

PERCEPTIONS SONORES EN DÉPLACEMENT

<p>27 novembre, 18h30</p>



<p>Institut français, Dacia 77, Bucarest</p>



<p>Traducteur acoustique des différentes architectures, le son nous accompagne dans les espaces du déplacement avec les images de la destination, mais surtout avec les perceptions fines du changement et de la vitesse. Les résonances concrètes de la gare ou de toutes les gares sont chargées de mémoire et de familiarité, d&rsquo;urgence ou d&rsquo;attente. Lieu de transition, le vaste espace de la gare tend à se métamorphoser en l&rsquo;espace fermé d&rsquo;une mobilité définie et totale à travers un « entonnoir » à la fois physique et métaphorique, un lieu d&rsquo;accélération détaché de l&rsquo;espace concret. Le temps et l&rsquo;espace se superposent, l&rsquo;endroit quitté est recouvert par la couche d&rsquo;attente de la fin du chemin, et la relation visuelle avec les territoires traversés est aléatoirement entrecoupée de moments d&rsquo;introspection, de réminiscence ou de projections impatientes.</p>



<p>Du réalisme mécanique des moyens de transport au souvenir d&rsquo;un voyage, les compositions sonores présentées invitent à une lecture d’évidences subjectives et plasticiennes dans des parcours distincts mais étonnamment familiers.</p>



<p>Sélection thématique réalisée par Anamaria Pravicencu parmi les œuvres des artistes Maria Balabas, Mara Mărăcinescu, Miron Ghiu, Elena Diaconu, Anamaria Pravicencu, Felix Blume et Mathias Guilbaud, auteurs ou amis de la plateforme SEMI SILENT. En presence de Maria Balabas, Elena Diaconu, Miron Ghiu, Anamaria Pravicencu, Felix Blume et Mathias Guilbaud.</p>



<p>Photo de Cedric Sartore.</p>



<p><a href="http://www.semisilent.ro" target="_blank" rel="noreferrer noopener">www.semisilent.ro</a></p>

<p>Sélection thématique réalisée par Anamaria Pravicencu parmi les œuvres des artistes Maria Balabas, Mara Mărăcinescu, Miron Ghiu, Elena Diaconu, Anamaria Pravicencu, Felix Blume et Mathias Guilbaud, auteurs ou amis de la plateforme SEMI SILENT.</p>
