{"id":9013,"date":"2024-03-29T11:38:06","date_gmt":"2024-03-29T11:38:06","guid":{"rendered":"https:\/\/institutfrancais.ro\/bucuresti\/evenimente\/europavox-festival-bucharest-3-4-aprilie-control-club\/"},"modified":"2024-03-29T11:44:12","modified_gmt":"2024-03-29T11:44:12","slug":"festival-europavox-bucarest-3-4-avril-control-club","status":"publish","type":"evenimente","link":"https:\/\/institutfrancais.ro\/bucuresti\/fr\/evenimente\/festival-europavox-bucarest-3-4-avril-control-club\/","title":{"rendered":"Festival Europavox Bucarest : 3-4 avril @Control Club"},"content":{"rendered":"\n<p>D\u00e9sormais dans sa troisi\u00e8me \u00e9dition, le <strong>Festival Europavox Bucarest<\/strong> revient au Control Club, du 3 au 4 avril. Pendant les deux jours du festival, des artistes de six pays europ\u00e9ens se produiront aux c\u00f4t\u00e9s de groupes locaux.<\/p>\n\n\n\n<p>Pendant le premier jour du Festival Europavox Bucarest &#8211; <strong>le 3 avril<\/strong> &#8211; l&rsquo;auteur-compositeur-interpr\u00e8te n\u00e9erlandais <strong>Pip Blom<\/strong>, connu pour sa collaboration avec Alex Kapranos (Franz Ferdinand), le groupe allemand alternatif\/art pop <strong>Lucy Kruger &amp; The Lost Boys<\/strong> et les krautrockers fran\u00e7ais <strong>Meule<\/strong> se produiront aux c\u00f4t\u00e9s de la pop d\u2019avant-garde <strong>Kadjavsi<\/strong>.<\/p>\n\n\n\n<p>Pendant le deuxi\u00e8me jour &#8211; <strong>le<\/strong> <strong>4 avril<\/strong> &#8211; se produiront le duo londonien <strong>Jadu Heart<\/strong>, qui revient en Roumanie avec un nouvel album, <em>Derealised<\/em>, mais aussi <strong>Ada Oda<\/strong>, l&rsquo;une des apparitions les plus int\u00e9ressantes de la sc\u00e8ne post-punk belge (avec des paroles en italien). La soir\u00e9e sera compl\u00e9t\u00e9e par le c\u00e9l\u00e8bre groupe shoegaze d&rsquo;Ath\u00e8nes, <strong>Sugar For The Pill<\/strong>, aux c\u00f4t\u00e9s des \u00ab h\u00e9ros\u00a0\u00bb locaux <strong>PLANT<\/strong>.<\/p>\n\n\n\n<p>Apparu en 2006, Europavox est un projet culturel qui vise \u00e0 promouvoir la diversit\u00e9 de la sc\u00e8ne musicale europ\u00e9enne, tant \u00e0 travers la plateforme <strong>Europavox.com<\/strong> qu&rsquo;\u00e0 travers de nombreux \u00e9v\u00e9nements organis\u00e9s annuellement dans sept pays europ\u00e9ens (Autriche, Belgique, Croatie, France, Italie, Lituanie et Roumanie).<\/p>\n\n\n\n<p>Billets : <a href=\"https:\/\/eventbook.ro\/program\/europavox-festival-bucharest\">https:\/\/eventbook.ro\/program\/europavox-festival-bucharest<\/a><\/p>\n\n\n\n<p><em>Le Festival Europavox Bucarest se d\u00e9roule dans le cadre du projet Europavox 2020 \u2013 2024, cofinanc\u00e9 par la Commission europ\u00e9enne, \u00e0 travers le programme Creative Europe.<\/em><\/p>\n\n\n\n<p><strong><strong>Partenaires : Institut fran\u00e7ais de Roumanie, C\u0103rture\u0219ti, Radio Guerrilla, Zile \u0219i Nop\u021bi, GLAMOUR, Scena9, IQads, Happ.ro<\/strong><\/strong><\/p>\n\n\n\n<p><\/p>\n","protected":false},"excerpt":{"rendered":"<p>Le Festival Europavox Bucarest revient au Control Club, du 3 au 4 avril, o\u00f9 des artistes de six pays europ\u00e9ens se produiront aux c\u00f4t\u00e9s de groupes locaux.<\/p>\n","protected":false},"featured_media":9012,"menu_order":0,"template":"","format":"standard","meta":[],"tags":[187,287,200],"cmcal_calendar":[87],"category-events":[100],"class_list":["post-9013","evenimente","type-evenimente","status-publish","format-standard","has-post-thumbnail","hentry","tag-concert-fr","tag-evenement","tag-muzica","cmcal_calendar-events-calendar-fr","category-events-arhiva-fr"],"_links":{"self":[{"href":"https:\/\/institutfrancais.ro\/bucuresti\/fr\/wp-json\/wp\/v2\/evenimente\/9013","targetHints":{"allow":["GET"]}}],"collection":[{"href":"https:\/\/institutfrancais.ro\/bucuresti\/fr\/wp-json\/wp\/v2\/evenimente"}],"about":[{"href":"https:\/\/institutfrancais.ro\/bucuresti\/fr\/wp-json\/wp\/v2\/types\/evenimente"}],"wp:featuredmedia":[{"embeddable":true,"href":"https:\/\/institutfrancais.ro\/bucuresti\/fr\/wp-json\/wp\/v2\/media\/9012"}],"wp:attachment":[{"href":"https:\/\/institutfrancais.ro\/bucuresti\/fr\/wp-json\/wp\/v2\/media?parent=9013"}],"wp:term":[{"taxonomy":"post_tag","embeddable":true,"href":"https:\/\/institutfrancais.ro\/bucuresti\/fr\/wp-json\/wp\/v2\/tags?post=9013"},{"taxonomy":"cmcal_calendar","embeddable":true,"href":"https:\/\/institutfrancais.ro\/bucuresti\/fr\/wp-json\/wp\/v2\/cmcal_calendar?post=9013"},{"taxonomy":"category-events","embeddable":true,"href":"https:\/\/institutfrancais.ro\/bucuresti\/fr\/wp-json\/wp\/v2\/category-events?post=9013"}],"curies":[{"name":"wp","href":"https:\/\/api.w.org\/{rel}","templated":true}]}}

<p>Désormais dans sa troisième édition, le <strong>Festival Europavox Bucarest</strong> revient au Control Club, du 3 au 4 avril. Pendant les deux jours du festival, des artistes de six pays européens se produiront aux côtés de groupes locaux.</p>



<p>Pendant le premier jour du Festival Europavox Bucarest &#8211; <strong>le 3 avril</strong> &#8211; l&rsquo;auteur-compositeur-interprète néerlandais <strong>Pip Blom</strong>, connu pour sa collaboration avec Alex Kapranos (Franz Ferdinand), le groupe allemand alternatif/art pop <strong>Lucy Kruger &amp; The Lost Boys</strong> et les krautrockers français <strong>Meule</strong> se produiront aux côtés de la pop d’avant-garde <strong>Kadjavsi</strong>.</p>



<p>Pendant le deuxième jour &#8211; <strong>le</strong> <strong>4 avril</strong> &#8211; se produiront le duo londonien <strong>Jadu Heart</strong>, qui revient en Roumanie avec un nouvel album, <em>Derealised</em>, mais aussi <strong>Ada Oda</strong>, l&rsquo;une des apparitions les plus intéressantes de la scène post-punk belge (avec des paroles en italien). La soirée sera complétée par le célèbre groupe shoegaze d&rsquo;Athènes, <strong>Sugar For The Pill</strong>, aux côtés des « héros » locaux <strong>PLANT</strong>.</p>



<p>Apparu en 2006, Europavox est un projet culturel qui vise à promouvoir la diversité de la scène musicale européenne, tant à travers la plateforme <strong>Europavox.com</strong> qu&rsquo;à travers de nombreux événements organisés annuellement dans sept pays européens (Autriche, Belgique, Croatie, France, Italie, Lituanie et Roumanie).</p>



<p>Billets : <a href="https://eventbook.ro/program/europavox-festival-bucharest">https://eventbook.ro/program/europavox-festival-bucharest</a></p>



<p><em>Le Festival Europavox Bucarest se déroule dans le cadre du projet Europavox 2020 – 2024, cofinancé par la Commission européenne, à travers le programme Creative Europe.</em></p>



<p><strong><strong>Partenaires : Institut français de Roumanie, Cărturești, Radio Guerrilla, Zile și Nopți, GLAMOUR, Scena9, IQads, Happ.ro</strong></strong></p>



<p></p>

<p>Le Festival Europavox Bucarest revient au Control Club, du 3 au 4 avril, où des artistes de six pays européens se produiront aux côtés de groupes locaux.</p>
