{"id":10997,"date":"2025-03-10T09:04:32","date_gmt":"2025-03-10T09:04:32","guid":{"rendered":"https:\/\/institutfrancais.ro\/bucuresti\/?post_type=evenimente&#038;p=10997"},"modified":"2025-03-17T14:26:21","modified_gmt":"2025-03-17T14:26:21","slug":"conferinta-cu-nathalie-marin","status":"publish","type":"evenimente","link":"https:\/\/institutfrancais.ro\/bucuresti\/evenimente\/conferinta-cu-nathalie-marin\/","title":{"rendered":"Conferin\u021b\u0103 cu Nathalie Marin"},"content":{"rendered":"\n<p><\/p>\n\n\n\n<p><strong>Symphonie f\u00e9minines, comment \u00eatre cheffe d&#8217;orchestre aujourd&#8217;hui<\/strong><\/p>\n\n\n\n<p>Conferin\u021b\u0103 \u00een limba francez\u0103, cu traducere \u00een limba rom\u00e2n\u0103<br>Universitatea de muzic\u0103, Sala Silvestri<br>ora 16.00<\/p>\n\n\n\n<p><\/p>\n\n\n\n<p><em>Pourquoi aussi peu de compositrices dans l\u2019histoire de la musique&nbsp;? Pourquoi si peu de compositrices dans les programmations des orchestres symphoniques&nbsp;? Pourquoi si peu de compositrices mentionn\u00e9es dans les manuels d\u2019histoire de la musique&nbsp;? Pourquoi ne pas d\u00e9fier ce sch\u00e9ma et modifier le panorama musical en ouvrant des espaces pour les compositrices du pass\u00e9 et les compositrices contemporaines&nbsp;?<\/em><\/p>\n\n\n\n<p><em>Symphonies f\u00e9minines OUI parce que OUI: il y a des compositrices et OUI: il y a des solutions&nbsp;! <\/em><em>Au fil de cette conf\u00e9rence je vous invite \u00e0 changer&nbsp; votre regard sur le paysage musical<\/em><\/p>\n\n\n\n<p><\/p>\n\n\n\n<p><\/p>\n\n\n\n<p><\/p>\n","protected":false},"excerpt":{"rendered":"<p>Symphonie f\u00e9minines, comment \u00eatre cheffe d&#8217;orchestre aujourd&#8217;hui Conferin\u021b\u0103 \u00een limba francez\u0103, cu traducere \u00een limba rom\u00e2n\u0103Universitatea de muzic\u0103, Sala Silvestriora 16.00 Pourquoi aussi peu de compositrices dans l\u2019histoire de la musique&nbsp;? Pourquoi si peu de compositrices dans les programmations des orchestres symphoniques&nbsp;? Pourquoi si peu de compositrices mentionn\u00e9es dans les manuels d\u2019histoire de la musique&nbsp;? [&hellip;]<\/p>\n","protected":false},"featured_media":10998,"menu_order":0,"template":"","format":"standard","meta":[],"tags":[],"cmcal_calendar":[],"category-events":[94],"class_list":["post-10997","evenimente","type-evenimente","status-publish","format-standard","has-post-thumbnail","hentry","category-events-arhiva"],"_links":{"self":[{"href":"https:\/\/institutfrancais.ro\/bucuresti\/wp-json\/wp\/v2\/evenimente\/10997","targetHints":{"allow":["GET"]}}],"collection":[{"href":"https:\/\/institutfrancais.ro\/bucuresti\/wp-json\/wp\/v2\/evenimente"}],"about":[{"href":"https:\/\/institutfrancais.ro\/bucuresti\/wp-json\/wp\/v2\/types\/evenimente"}],"wp:featuredmedia":[{"embeddable":true,"href":"https:\/\/institutfrancais.ro\/bucuresti\/wp-json\/wp\/v2\/media\/10998"}],"wp:attachment":[{"href":"https:\/\/institutfrancais.ro\/bucuresti\/wp-json\/wp\/v2\/media?parent=10997"}],"wp:term":[{"taxonomy":"post_tag","embeddable":true,"href":"https:\/\/institutfrancais.ro\/bucuresti\/wp-json\/wp\/v2\/tags?post=10997"},{"taxonomy":"cmcal_calendar","embeddable":true,"href":"https:\/\/institutfrancais.ro\/bucuresti\/wp-json\/wp\/v2\/cmcal_calendar?post=10997"},{"taxonomy":"category-events","embeddable":true,"href":"https:\/\/institutfrancais.ro\/bucuresti\/wp-json\/wp\/v2\/category-events?post=10997"}],"curies":[{"name":"wp","href":"https:\/\/api.w.org\/{rel}","templated":true}]}}

Conferință cu Nathalie Marin

<p></p>



<p><strong>Symphonie féminines, comment être cheffe d&#8217;orchestre aujourd&#8217;hui</strong></p>



<p>Conferință în limba franceză, cu traducere în limba română<br>Universitatea de muzică, Sala Silvestri<br>ora 16.00</p>



<p></p>



<p><em>Pourquoi aussi peu de compositrices dans l’histoire de la musique&nbsp;? Pourquoi si peu de compositrices dans les programmations des orchestres symphoniques&nbsp;? Pourquoi si peu de compositrices mentionnées dans les manuels d’histoire de la musique&nbsp;? Pourquoi ne pas défier ce schéma et modifier le panorama musical en ouvrant des espaces pour les compositrices du passé et les compositrices contemporaines&nbsp;?</em></p>



<p><em>Symphonies féminines OUI parce que OUI: il y a des compositrices et OUI: il y a des solutions&nbsp;! </em><em>Au fil de cette conférence je vous invite à changer&nbsp; votre regard sur le paysage musical</em></p>



<p></p>



<p></p>



<p></p>

<p>Symphonie féminines, comment être cheffe d&#8217;orchestre aujourd&#8217;hui Conferință în limba franceză, cu traducere în limba românăUniversitatea de muzică, Sala Silvestriora 16.00 Pourquoi aussi peu de compositrices dans l’histoire de la musique&nbsp;? Pourquoi si peu de compositrices dans les programmations des orchestres symphoniques&nbsp;? Pourquoi si peu de compositrices mentionnées dans les manuels d’histoire de la musique&nbsp;? [&hellip;]</p>
