{"id":12030,"date":"2026-01-29T06:56:29","date_gmt":"2026-01-29T06:56:29","guid":{"rendered":"https:\/\/institutfrancais.ro\/bucuresti\/?post_type=evenimente&#038;p=12030"},"modified":"2026-03-20T14:34:16","modified_gmt":"2026-03-20T14:34:16","slug":"concours-de-bande-dessinee-en-francais","status":"publish","type":"evenimente","link":"https:\/\/institutfrancais.ro\/bucuresti\/evenimente\/concours-de-bande-dessinee-en-francais\/","title":{"rendered":"Concours de bande dessin\u00e9e en fran\u00e7ais"},"content":{"rendered":"\n<figure class=\"wp-block-table\"><table class=\"has-fixed-layout\"><tbody><tr><td><br>Un grand merci pour l\u2019envoi de vos productions ! <br>Vous avez \u00e9t\u00e9 plus de 580 coll\u00e9giens et lyc\u00e9ens de tout le pays \u00e0 participer.<br><br>Les laur\u00e9ats par cat\u00e9gorie sont :<br>\u00b7Coll\u00e9giens \u2013 r\u00e9alisation manuelle : <strong>Hreniuc Ema<\/strong>, classe de 7e, Lyc\u00e9e d\u2019art \u00ab Nicolae Tonitza \u00bb \u2013 Bucarest<br>\u00b7Coll\u00e9giens \u2013 r\u00e9alisation num\u00e9rique : <strong>\u0218ureanu Cristian Nicolae<\/strong>, classe de 5e, Coll\u00e8ge national \u00ab Doamna Stanca \u00bb \u2013 F\u0103g\u0103ra\u0219<br>\u00b7Lyc\u00e9ens \u2013 r\u00e9alisation manuelle : <strong>Arsene Eveline Maria<\/strong>, classe de 10e, Coll\u00e8ge national \u00ab Decebal \u00bb \u2013 Deva<br>\u00b7Lyc\u00e9ens \u2013 r\u00e9alisation num\u00e9rique : <strong>Ciolacu F. M. Miruna-Andreea<\/strong>, classe de 11e, Coll\u00e8ge national d\u2019art \u00ab O. B\u0103ncil\u0103 \u00bb \u2013 Ia\u0219i<br><br>Toutes nos f\u00e9licitations aux laur\u00e9ats et un grand merci \u00e0 l\u2019ensemble des \u00e9l\u00e8ves ayant particip\u00e9, ainsi qu\u2019\u00e0 leurs professeurs pour leur engagement et leur accompagnement\u00a0!<br><br><\/td><\/tr><\/tbody><\/table><\/figure>\n\n\n\n<p><\/p>\n\n\n\n<p><\/p>\n\n\n\n<p><\/p>\n\n\n\n<p>Cu ocazia Lunii Francofoniei 2026, Institutul Francez din Rom\u00e2nia invit\u0103 elevii de gimnaziu \u0219i liceu s\u0103-\u0219i imagineze viitorul \u00een imagini \u0219i cuvinte printr-un concurs de benzi desenate \u00een limba francez\u0103.<br>Pe tema \u00ab Dis-moi dix mots d\u2019un monde \u00e0 venir \u00bb, participan\u021bii sunt invita\u021bi s\u0103 creeze o band\u0103 desenat\u0103 original\u0103, manual\u0103 sau digital\u0103, combin\u00e2nd imagina\u021bia, nara\u021biunea \u0219i creativitatea.<\/p>\n\n\n\n<p><strong>Trimiterea lucr\u0103rilor (PDF sau imagine)<\/strong>: benzi desenate se depun prin intermediul urm\u0103torului formular:<br><strong><a href=\"https:\/\/forms.gle\/bDmzdfui46ndT4XY7\">https:\/\/forms.gle\/bDmzdfui46ndT4XY7<\/a><\/strong><br>Termen limit\u0103: <strong>6 martie 2026<\/strong><br>Rezultate: <strong>20 martie 2026<\/strong> \u2013 Ziua Interna\u021bional\u0103 a Francofoniei<br>Premii: seturi de benzi desenate<\/p>\n\n\n\n<p><strong><a href=\"https:\/\/institutfrancais.ro\/bucuresti\/wp-content\/uploads\/sites\/2\/2026\/01\/Concours-de-bande-dessinee-Reglement.pdf\">CONSULTA\u021aI REGULAMENTUL CONCURSULUI 2026<\/a><\/strong><\/p>\n\n\n\n<p><\/p>\n","protected":false},"excerpt":{"rendered":"<p>Un grand merci pour l\u2019envoi de vos productions ! Vous avez \u00e9t\u00e9 plus de 580 coll\u00e9giens et lyc\u00e9ens de tout le pays \u00e0 participer. Les laur\u00e9ats par cat\u00e9gorie sont :\u00b7Coll\u00e9giens \u2013 r\u00e9alisation manuelle : Hreniuc Ema, classe de 7e, Lyc\u00e9e d\u2019art \u00ab Nicolae Tonitza \u00bb \u2013 Bucarest\u00b7Coll\u00e9giens \u2013 r\u00e9alisation num\u00e9rique : \u0218ureanu Cristian Nicolae, classe [&hellip;]<\/p>\n","protected":false},"featured_media":12031,"menu_order":0,"template":"","format":"standard","meta":[],"tags":[],"cmcal_calendar":[],"category-events":[88],"class_list":["post-12030","evenimente","type-evenimente","status-publish","format-standard","has-post-thumbnail","hentry","category-events-concurs"],"_links":{"self":[{"href":"https:\/\/institutfrancais.ro\/bucuresti\/wp-json\/wp\/v2\/evenimente\/12030","targetHints":{"allow":["GET"]}}],"collection":[{"href":"https:\/\/institutfrancais.ro\/bucuresti\/wp-json\/wp\/v2\/evenimente"}],"about":[{"href":"https:\/\/institutfrancais.ro\/bucuresti\/wp-json\/wp\/v2\/types\/evenimente"}],"wp:featuredmedia":[{"embeddable":true,"href":"https:\/\/institutfrancais.ro\/bucuresti\/wp-json\/wp\/v2\/media\/12031"}],"wp:attachment":[{"href":"https:\/\/institutfrancais.ro\/bucuresti\/wp-json\/wp\/v2\/media?parent=12030"}],"wp:term":[{"taxonomy":"post_tag","embeddable":true,"href":"https:\/\/institutfrancais.ro\/bucuresti\/wp-json\/wp\/v2\/tags?post=12030"},{"taxonomy":"cmcal_calendar","embeddable":true,"href":"https:\/\/institutfrancais.ro\/bucuresti\/wp-json\/wp\/v2\/cmcal_calendar?post=12030"},{"taxonomy":"category-events","embeddable":true,"href":"https:\/\/institutfrancais.ro\/bucuresti\/wp-json\/wp\/v2\/category-events?post=12030"}],"curies":[{"name":"wp","href":"https:\/\/api.w.org\/{rel}","templated":true}]}}

Concours de bande dessinée en français

<figure class="wp-block-table"><table class="has-fixed-layout"><tbody><tr><td><br>Un grand merci pour l’envoi de vos productions ! <br>Vous avez été plus de 580 collégiens et lycéens de tout le pays à participer.<br><br>Les lauréats par catégorie sont :<br>·Collégiens – réalisation manuelle : <strong>Hreniuc Ema</strong>, classe de 7e, Lycée d’art « Nicolae Tonitza » – Bucarest<br>·Collégiens – réalisation numérique : <strong>Șureanu Cristian Nicolae</strong>, classe de 5e, Collège national « Doamna Stanca » – Făgăraș<br>·Lycéens – réalisation manuelle : <strong>Arsene Eveline Maria</strong>, classe de 10e, Collège national « Decebal » – Deva<br>·Lycéens – réalisation numérique : <strong>Ciolacu F. M. Miruna-Andreea</strong>, classe de 11e, Collège national d’art « O. Băncilă » – Iași<br><br>Toutes nos félicitations aux lauréats et un grand merci à l’ensemble des élèves ayant participé, ainsi qu’à leurs professeurs pour leur engagement et leur accompagnement !<br><br></td></tr></tbody></table></figure>



<p></p>



<p></p>



<p></p>



<p>Cu ocazia Lunii Francofoniei 2026, Institutul Francez din România invită elevii de gimnaziu și liceu să-și imagineze viitorul în imagini și cuvinte printr-un concurs de benzi desenate în limba franceză.<br>Pe tema « Dis-moi dix mots d’un monde à venir », participanții sunt invitați să creeze o bandă desenată originală, manuală sau digitală, combinând imaginația, narațiunea și creativitatea.</p>



<p><strong>Trimiterea lucrărilor (PDF sau imagine)</strong>: benzi desenate se depun prin intermediul următorului formular:<br><strong><a href="https://forms.gle/bDmzdfui46ndT4XY7">https://forms.gle/bDmzdfui46ndT4XY7</a></strong><br>Termen limită: <strong>6 martie 2026</strong><br>Rezultate: <strong>20 martie 2026</strong> – Ziua Internațională a Francofoniei<br>Premii: seturi de benzi desenate</p>



<p><strong><a href="https://institutfrancais.ro/bucuresti/wp-content/uploads/sites/2/2026/01/Concours-de-bande-dessinee-Reglement.pdf">CONSULTAȚI REGULAMENTUL CONCURSULUI 2026</a></strong></p>



<p></p>

<p>Un grand merci pour l’envoi de vos productions ! Vous avez été plus de 580 collégiens et lycéens de tout le pays à participer. Les lauréats par catégorie sont :·Collégiens – réalisation manuelle : Hreniuc Ema, classe de 7e, Lycée d’art « Nicolae Tonitza » – Bucarest·Collégiens – réalisation numérique : Șureanu Cristian Nicolae, classe [&hellip;]</p>
