{"id":6636,"date":"2023-06-22T10:18:06","date_gmt":"2023-06-22T10:18:06","guid":{"rendered":"https:\/\/institutfrancais.ro\/bucuresti\/?post_type=evenimente&#038;p=6636"},"modified":"2023-11-10T06:58:22","modified_gmt":"2023-11-10T06:58:22","slug":"conferinta-si-meditatie-muzicala","status":"publish","type":"evenimente","link":"https:\/\/institutfrancais.ro\/bucuresti\/evenimente\/conferinta-si-meditatie-muzicala\/","title":{"rendered":"Conferin\u021b\u0103 \u0219i medita\u021bie muzical\u0103"},"content":{"rendered":"\n<p><strong>G\u00e9rard Kurkdjian<\/strong>, autor, savant, co-fondator al Festivalului de Muzic\u0103 Sacr\u0103 a Lumii de la Fez \u0219i director artistic din 1994 p\u00e2n\u0103 \u00een 2009, vine pentru prima dat\u0103 \u00een Rom\u00e2nia!\u00cen cadrul a dou\u0103 conferin\u021be, la Bucure\u0219ti (22 iunie) \u0219i Bra\u0219ov (26 iunie), ne va \u00eemp\u0103rt\u0103\u0219i pasiunea pentru muzic\u0103:<br>&#8211; puterea spiritual\u0103 a muzicii<br>cu ascultarea unor extrase muzicale selectate<br>&#8211; o medita\u021bie muzical\u0103 ghidat\u0103<br>pentru ascultare con\u0219tient\u0103 \u0219i mai mult\u0103 Prezen\u021b\u0103<br>\u00cen plus, va fi disponibil pentru a oferi autografe pe c\u0103r\u021bile sale: \u201eMarea carte a muzicii sacre a lumii\u201d (Albin, Michel 2016) \u0219i \u201eMedita\u021bie muzical\u0103: cum s\u0103 meditezi cu cea mai frumoas\u0103 muzic\u0103 din lume\u201d (Dervy, 2019)<\/p>\n\n\n\n<p>Moderatoare: Val\u00e9rie Ciolo\u0219-Villemin<\/p>\n\n\n\n<p>Acces gratuit, pe baz\u0103 de \u00eenscriere la urm\u0103torul link:\u00a0<a rel=\"noreferrer noopener\" href=\"https:\/\/l.facebook.com\/l.php?u=https%3A%2F%2Fforms.gle%2F97GqXrr7sQdd18EN8%3Ffbclid%3DIwAR3XiG8n57lMA9m3bXz9YdBWP_CP6d2mkgQCkfstU8eukz5BpZrJrnKAeXw&amp;h=AT12bqrRzfv8urflfFrEwsjXtPNIcDPcY35dnY3NLqmOfAXIvSm7aRyqvpB8o--H3-KTj-Qt0s3r2N1flI-yOCVH7f9scS_VyzJHIiXVhrtWzwntBgqBFnVFEJ-8z6mJkEhP&amp;__tn__=q&amp;c[0]=AT0EcPfqKY49V1MHNgDmzcCLQSffvc613UxtVVfoDINgv4hY0tlpqvh5kkzUHiMJwzC1i4n5GaXm55KiM5JK7zDQaxb0rcbQub54X0Vcl9-93wDuzdspr3iUvvWMtyBwKubD2BDgpZZQvgGeWZ0aTD76jcId\" target=\"_blank\">https:\/\/forms.gle\/97GqXrr7sQdd18EN8<\/a><br>Acest eveniment este organizat \u00een cadrul proiectului \u201eFestivalul de Art\u0103 Sacra M\u0103gura\u201d (4-6 august), edi\u021bia I, de c\u0103tre asocia\u021bia M\u0103gura Ecoturistic\u0103 \u0219i Institutul Francez Rom\u00e2nia.<br>Proiect finan\u021bat de Consiliu Jude\u021bean Bra\u0219ov.<\/p>\n","protected":false},"excerpt":{"rendered":"<p>G\u00e9rard Kurkdjian, autor, savant, co-fondator al Festivalului de Muzic\u0103 Sacr\u0103 a Lumii de la Fez \u0219i director artistic din 1994 p\u00e2n\u0103 \u00een 2009, vine pentru prima dat\u0103 \u00een Rom\u00e2nia!\u00cen cadrul a dou\u0103 conferin\u021be, la Bucure\u0219ti (22 iunie) \u0219i Bra\u0219ov (26 iunie), ne va \u00eemp\u0103rt\u0103\u0219i pasiunea pentru muzic\u0103:&#8211; puterea spiritual\u0103 a muziciicu ascultarea unor extrase muzicale [&hellip;]<\/p>\n","protected":false},"featured_media":6637,"menu_order":0,"template":"","format":"standard","meta":[],"tags":[350,214,348,343,349],"cmcal_calendar":[18],"category-events":[94,101],"class_list":["post-6636","evenimente","type-evenimente","status-publish","format-standard","has-post-thumbnail","hentry","tag-autografe","tag-carte","tag-conferinta","tag-muzica-4","tag-sacru","cmcal_calendar-events-calendar","category-events-arhiva","category-events-muzica"],"_links":{"self":[{"href":"https:\/\/institutfrancais.ro\/bucuresti\/wp-json\/wp\/v2\/evenimente\/6636","targetHints":{"allow":["GET"]}}],"collection":[{"href":"https:\/\/institutfrancais.ro\/bucuresti\/wp-json\/wp\/v2\/evenimente"}],"about":[{"href":"https:\/\/institutfrancais.ro\/bucuresti\/wp-json\/wp\/v2\/types\/evenimente"}],"wp:featuredmedia":[{"embeddable":true,"href":"https:\/\/institutfrancais.ro\/bucuresti\/wp-json\/wp\/v2\/media\/6637"}],"wp:attachment":[{"href":"https:\/\/institutfrancais.ro\/bucuresti\/wp-json\/wp\/v2\/media?parent=6636"}],"wp:term":[{"taxonomy":"post_tag","embeddable":true,"href":"https:\/\/institutfrancais.ro\/bucuresti\/wp-json\/wp\/v2\/tags?post=6636"},{"taxonomy":"cmcal_calendar","embeddable":true,"href":"https:\/\/institutfrancais.ro\/bucuresti\/wp-json\/wp\/v2\/cmcal_calendar?post=6636"},{"taxonomy":"category-events","embeddable":true,"href":"https:\/\/institutfrancais.ro\/bucuresti\/wp-json\/wp\/v2\/category-events?post=6636"}],"curies":[{"name":"wp","href":"https:\/\/api.w.org\/{rel}","templated":true}]}}

Conferință și meditație muzicală

<p><strong>Gérard Kurkdjian</strong>, autor, savant, co-fondator al Festivalului de Muzică Sacră a Lumii de la Fez și director artistic din 1994 până în 2009, vine pentru prima dată în România!În cadrul a două conferințe, la București (22 iunie) și Brașov (26 iunie), ne va împărtăși pasiunea pentru muzică:<br>&#8211; puterea spirituală a muzicii<br>cu ascultarea unor extrase muzicale selectate<br>&#8211; o meditație muzicală ghidată<br>pentru ascultare conștientă și mai multă Prezență<br>În plus, va fi disponibil pentru a oferi autografe pe cărțile sale: „Marea carte a muzicii sacre a lumii” (Albin, Michel 2016) și „Meditație muzicală: cum să meditezi cu cea mai frumoasă muzică din lume” (Dervy, 2019)</p>



<p>Moderatoare: Valérie Cioloș-Villemin</p>



<p>Acces gratuit, pe bază de înscriere la următorul link: <a rel="noreferrer noopener" href="https://l.facebook.com/l.php?u=https%3A%2F%2Fforms.gle%2F97GqXrr7sQdd18EN8%3Ffbclid%3DIwAR3XiG8n57lMA9m3bXz9YdBWP_CP6d2mkgQCkfstU8eukz5BpZrJrnKAeXw&amp;h=AT12bqrRzfv8urflfFrEwsjXtPNIcDPcY35dnY3NLqmOfAXIvSm7aRyqvpB8o--H3-KTj-Qt0s3r2N1flI-yOCVH7f9scS_VyzJHIiXVhrtWzwntBgqBFnVFEJ-8z6mJkEhP&amp;__tn__=q&amp;c[0]=AT0EcPfqKY49V1MHNgDmzcCLQSffvc613UxtVVfoDINgv4hY0tlpqvh5kkzUHiMJwzC1i4n5GaXm55KiM5JK7zDQaxb0rcbQub54X0Vcl9-93wDuzdspr3iUvvWMtyBwKubD2BDgpZZQvgGeWZ0aTD76jcId" target="_blank">https://forms.gle/97GqXrr7sQdd18EN8</a><br>Acest eveniment este organizat în cadrul proiectului „Festivalul de Artă Sacra Măgura” (4-6 august), ediția I, de către asociația Măgura Ecoturistică și Institutul Francez România.<br>Proiect finanțat de Consiliu Județean Brașov.</p>

<p>Gérard Kurkdjian, autor, savant, co-fondator al Festivalului de Muzică Sacră a Lumii de la Fez și director artistic din 1994 până în 2009, vine pentru prima dată în România!În cadrul a două conferințe, la București (22 iunie) și Brașov (26 iunie), ne va împărtăși pasiunea pentru muzică:&#8211; puterea spirituală a muziciicu ascultarea unor extrase muzicale [&hellip;]</p>
