{"id":7365,"date":"2023-11-22T09:31:33","date_gmt":"2023-11-22T09:31:33","guid":{"rendered":"https:\/\/institutfrancais.ro\/bucuresti\/?p=7365"},"modified":"2024-06-03T14:51:41","modified_gmt":"2024-06-03T14:51:41","slug":"prezenta-franceza-la-gaudeamus-radio-romania","status":"publish","type":"evenimente","link":"https:\/\/institutfrancais.ro\/bucuresti\/evenimente\/prezenta-franceza-la-gaudeamus-radio-romania\/","title":{"rendered":"Prezen\u021ba francez\u0103 la GAUDEAMUS Radio Rom\u00e2nia"},"content":{"rendered":"\n<p>Institutul Francez din Rom\u00e2nia este prezent al\u0103turi de Libr\u0103ria Kyralina, la T\u00e2rgul de carte GAUDEAMUS Radio Rom\u00e2nia la <strong>standul 202<\/strong> cu o serie de invita\u021bi speciali : <strong>Lionel Duroy<\/strong> (autorul romanului <em>Eugenia<\/em>), <strong>Odile Santi<\/strong> (ilustratoare de romane pentru copii) \u0219i <strong>Arnaud Nebbache<\/strong> (autorul benzii desenate despre procesul lui Br\u00e2ncu\u0219i contra Statelor Unite ale Americii).<\/p>\n\n\n\n<p>PROGRAM<\/p>\n\n\n\n<p><strong>Miercuri, 22 noiembrie, 18h30-19h30, scena&nbsp;Marin Preda<\/strong> (FR, RO)<\/p>\n\n\n\n<p><em>Informa\u021bia \u00een era re\u021belelor sociale\u00a0: locul influencierilor<\/em><br>Vorbitori invita\u021bi :<br>Prof. Dr. Hanna Klimpe, Universitatea Tehnic\u0103 din Hamburg<br>Lector Dr. Camelia Cu\u0219nir, Departamentul de Antropologie cultural\u0103 \u015fi Comunicare, Universitatea din Bucure\u0219ti<br>Cristina Dobreanu, jurnalist\u0103 &amp; coordonatoare a proiectului ENTR ro<br>Moderator: Elika Allahdadi, responsabil\u0103 cooperare media, Institutul Francez din Rom\u00e2nia<br>Parteneri: Universitatea Bucure\u0219ti, Goethe Institut<\/p>\n\n\n\n<p><strong>Joi, 23 noiembrie, 16h00-17h00, sala Cupola<\/strong> (FR, RO<\/p>\n\n\n\n<p>Prezentare c\u0103r\u021bii <em>Lo scoiattolo sulla Sena. L&#8217;avventura di Calvino a Parigi<\/em> de Fabio Gambaro<br><em>Lo scoiattolo sulla Sena. L&#8217;avventura di Calvino a Parigi<\/em> \u00a0(Feltrinelli 2023) este o carte nepre\u021buit\u0103, \u00een parte eseu critic, \u00een parte investiga\u021bie jurnalistic\u0103.<br>Punctul de plecare este mutarea scriitorului de la San Remo \u00een Ora\u0219ul Luminilor: Calvino a sosit \u00een 1967, unde pl\u0103nuise s\u0103 stea cinci ani, dar a r\u0103mas treisprezece, p\u00e2n\u0103 \u00een 1980. La sf\u00e2r\u0219itul anilor &#8217;60, Calvino, care era deja foarte legat de cultura francez\u0103, devine un fel de pustnic la Paris &#8211; dup\u0103 cum indic\u0103 \u0219i titlul unei culegeri de scrieri -, a intrat \u00een contact cu cei mai importan\u021bi reprezentan\u021bi ai structuralismului \u0219i ai Oulipo, \u0219i a scris trei romane fundamentale, <em>Les villes invisibles<\/em>, <em>Le ch\u00e2teau des destins crois\u00e9s<\/em> \u0219i <em>Si un voyageur par une nuit d&#8217;hiver<\/em>.<br>Cercet\u0103tor literar care tr\u0103ie\u0219te \u00een Fran\u021ba de peste treizeci de ani, Fabio Gambaro discut\u0103 cu Mathieu Fabre, de la libr\u0103ria francez\u0103 Kyralina din Bucure\u0219ti, despre cea mai recent\u0103 carte a sa.<\/p>\n\n\n\n<p><strong>Eveniment organizat \u00een parteneriat cu Institutul Italian de Cultur\u0103 din Bucure\u0219ti.<\/strong><\/p>\n\n\n\n<p><strong>Vineri, 24 noiembrie<\/strong><\/p>\n\n\n\n<p><strong>15h30 \u2013 16h30, stand 202<\/strong><\/p>\n\n\n\n<p>Discu\u021bie \u00een limba francez\u0103 despre cartea de band\u0103 desenat\u0103 <em>Brancusi contre \u00c9tats-Unis <\/em>de Arnaud Nebbache<br>\u00cenregistrarea emisiunii <em>Le Son des mots<\/em>, produs\u0103 \u00een partenariat cu Radio Rom\u00e2nia Interna\u021bional \u0219i Libr\u0103ria Kyralina, cu Arnaud Nebbache<br>Invita\u021bi: Charlotte Fromenteaud, jurnalist\u0103 Radio Rom\u00e2nia Interna\u021bional, Elena Gheorghica, librar, Libr\u0103ria Kyralina, Arnaud Nebbache, autor \u0219i ilustrator<\/p>\n\n\n\n<p><strong>16h30 -17h15, stand 202<\/strong><\/p>\n\n\n\n<p>Lansarea <em>Tintin en Roumanie<\/em> de Dodo Ni\u021b\u0103<br>Dodo Ni\u021b\u0103 este expert \u00een benzi desenate \u0219i autorul c\u0103r\u021bii <em>Istoria benzii desenate rom\u00e2ne\u0219ti<\/em> \u0219i a altor cincisprezece c\u0103r\u021bi despre benzile desenate rom\u00e2ne\u0219ti \u0219i franco-belgiene.<\/p>\n\n\n\n<p><strong>17h30 -18h30, stand 202<\/strong><\/p>\n\n\n\n<p>Discu\u021bie asupra c\u0103r\u021bii <em>Brancusi contre \u00c9tats-Unis <\/em>de Arnaud Nebbache<br>Invita\u021bi: Arnaud Nebbache, Doina Lemny, Dodo Ni\u021b\u0103<br>N\u0103scut \u00een Normandia, Arnaud Nebbache este autor \u0219i ilustrator de literatur\u0103 pentru copii \u0219i pres\u0103. A publicat albume, documentare \u0219i romane.<\/p>\n\n\n\n<p><strong>18h30 -19h30, stand 202<\/strong><\/p>\n\n\n\n<p>Sesiune de autografe cu autorul Arnaud Nebbache<\/p>\n\n\n\n<p><strong>S\u00e2mb\u0103t\u0103, 25 noiembrie<\/strong><\/p>\n\n\n\n<p><strong>14h00 \u2013 15h00, stand 202<\/strong><\/p>\n\n\n\n<p>Atelier pentru copii &#8211; \u00een limba francez\u0103- cu ilustratoarea Odile Santi, inspirat din cartea sa <em>Les yeux verts<\/em> (adresat copiilor de 7 ani)<\/p>\n\n\n\n<p><strong>15h30 &#8211; 16h30, stand 202<\/strong><\/p>\n\n\n\n<p>Atelier pentru copii &#8211; \u00een limba francez\u0103 &#8211; cu autorul \u0219i ilustratorul Arnaud Nebbache<\/p>\n\n\n\n<p><strong>17h00 \u2013 17h45, scena Cupola<\/strong><\/p>\n\n\n\n<p>Discu\u021bie <em>La m\u00e9moire effac\u00e9e de la Roumanie en guerre<\/em><br>Invita\u021bi: Lionel Duroy, jurnalist \u0219i autorul romanului <em>Eugenia\u00a0<\/em>; Dr. Felicia Waldman, coordonatoare a Centrului de Studii Ebraice, Universitatea din Bucure\u0219ti<\/p>\n\n\n\n<p><strong>Duminic\u0103, 26 noimbrie, 14h00-15h00, stand 202<\/strong><strong><\/strong><\/p>\n\n\n\n<p>Atelier pentru copii cu ilustratoarea Odile Santi \u2013 \u00een limba francez\u0103 inspirat din albumul <em>La rivi\u00e8re des brumes<\/em> (adresat copiilor de 6 ani)<\/p>\n","protected":false},"excerpt":{"rendered":"<p>Institutul Francez din Rom\u00e2nia este prezent al\u0103turi de Libr\u0103ria Kyralina, la T\u00e2rgul de carte GAUDEAMUS Radio Rom\u00e2nia la standul 202 cu o serie de invita\u021bi speciali : Lionel Duroy (autorul romanului Eugenia), Odile Santi (ilustratoare de romane pentru copii) \u0219i Arnaud Nebbache (autorul benzii desenate despre procesul lui Br\u00e2ncu\u0219i contra Statelor Unite ale Americii). PROGRAM [&hellip;]<\/p>\n","protected":false},"featured_media":7366,"menu_order":0,"template":"","format":"standard","meta":[],"tags":[],"cmcal_calendar":[],"category-events":[94],"class_list":["post-7365","evenimente","type-evenimente","status-publish","format-standard","has-post-thumbnail","hentry","category-events-arhiva"],"_links":{"self":[{"href":"https:\/\/institutfrancais.ro\/bucuresti\/wp-json\/wp\/v2\/evenimente\/7365","targetHints":{"allow":["GET"]}}],"collection":[{"href":"https:\/\/institutfrancais.ro\/bucuresti\/wp-json\/wp\/v2\/evenimente"}],"about":[{"href":"https:\/\/institutfrancais.ro\/bucuresti\/wp-json\/wp\/v2\/types\/evenimente"}],"wp:featuredmedia":[{"embeddable":true,"href":"https:\/\/institutfrancais.ro\/bucuresti\/wp-json\/wp\/v2\/media\/7366"}],"wp:attachment":[{"href":"https:\/\/institutfrancais.ro\/bucuresti\/wp-json\/wp\/v2\/media?parent=7365"}],"wp:term":[{"taxonomy":"post_tag","embeddable":true,"href":"https:\/\/institutfrancais.ro\/bucuresti\/wp-json\/wp\/v2\/tags?post=7365"},{"taxonomy":"cmcal_calendar","embeddable":true,"href":"https:\/\/institutfrancais.ro\/bucuresti\/wp-json\/wp\/v2\/cmcal_calendar?post=7365"},{"taxonomy":"category-events","embeddable":true,"href":"https:\/\/institutfrancais.ro\/bucuresti\/wp-json\/wp\/v2\/category-events?post=7365"}],"curies":[{"name":"wp","href":"https:\/\/api.w.org\/{rel}","templated":true}]}}

Prezența franceză la GAUDEAMUS Radio România

<p>Institutul Francez din România este prezent alături de Librăria Kyralina, la Târgul de carte GAUDEAMUS Radio România la <strong>standul 202</strong> cu o serie de invitați speciali : <strong>Lionel Duroy</strong> (autorul romanului <em>Eugenia</em>), <strong>Odile Santi</strong> (ilustratoare de romane pentru copii) și <strong>Arnaud Nebbache</strong> (autorul benzii desenate despre procesul lui Brâncuși contra Statelor Unite ale Americii).</p>



<p>PROGRAM</p>



<p><strong>Miercuri, 22 noiembrie, 18h30-19h30, scena&nbsp;Marin Preda</strong> (FR, RO)</p>



<p><em>Informația în era rețelelor sociale : locul influencierilor</em><br>Vorbitori invitați :<br>Prof. Dr. Hanna Klimpe, Universitatea Tehnică din Hamburg<br>Lector Dr. Camelia Cușnir, Departamentul de Antropologie culturală şi Comunicare, Universitatea din București<br>Cristina Dobreanu, jurnalistă &amp; coordonatoare a proiectului ENTR ro<br>Moderator: Elika Allahdadi, responsabilă cooperare media, Institutul Francez din România<br>Parteneri: Universitatea București, Goethe Institut</p>



<p><strong>Joi, 23 noiembrie, 16h00-17h00, sala Cupola</strong> (FR, RO</p>



<p>Prezentare cărții <em>Lo scoiattolo sulla Sena. L&#8217;avventura di Calvino a Parigi</em> de Fabio Gambaro<br><em>Lo scoiattolo sulla Sena. L&#8217;avventura di Calvino a Parigi</em>  (Feltrinelli 2023) este o carte neprețuită, în parte eseu critic, în parte investigație jurnalistică.<br>Punctul de plecare este mutarea scriitorului de la San Remo în Orașul Luminilor: Calvino a sosit în 1967, unde plănuise să stea cinci ani, dar a rămas treisprezece, până în 1980. La sfârșitul anilor &#8217;60, Calvino, care era deja foarte legat de cultura franceză, devine un fel de pustnic la Paris &#8211; după cum indică și titlul unei culegeri de scrieri -, a intrat în contact cu cei mai importanți reprezentanți ai structuralismului și ai Oulipo, și a scris trei romane fundamentale, <em>Les villes invisibles</em>, <em>Le château des destins croisés</em> și <em>Si un voyageur par une nuit d&#8217;hiver</em>.<br>Cercetător literar care trăiește în Franța de peste treizeci de ani, Fabio Gambaro discută cu Mathieu Fabre, de la librăria franceză Kyralina din București, despre cea mai recentă carte a sa.</p>



<p><strong>Eveniment organizat în parteneriat cu Institutul Italian de Cultură din București.</strong></p>



<p><strong>Vineri, 24 noiembrie</strong></p>



<p><strong>15h30 – 16h30, stand 202</strong></p>



<p>Discuție în limba franceză despre cartea de bandă desenată <em>Brancusi contre États-Unis </em>de Arnaud Nebbache<br>Înregistrarea emisiunii <em>Le Son des mots</em>, produsă în partenariat cu Radio România Internațional și Librăria Kyralina, cu Arnaud Nebbache<br>Invitați: Charlotte Fromenteaud, jurnalistă Radio România Internațional, Elena Gheorghica, librar, Librăria Kyralina, Arnaud Nebbache, autor și ilustrator</p>



<p><strong>16h30 -17h15, stand 202</strong></p>



<p>Lansarea <em>Tintin en Roumanie</em> de Dodo Niță<br>Dodo Niță este expert în benzi desenate și autorul cărții <em>Istoria benzii desenate românești</em> și a altor cincisprezece cărți despre benzile desenate românești și franco-belgiene.</p>



<p><strong>17h30 -18h30, stand 202</strong></p>



<p>Discuție asupra cărții <em>Brancusi contre États-Unis </em>de Arnaud Nebbache<br>Invitați: Arnaud Nebbache, Doina Lemny, Dodo Niță<br>Născut în Normandia, Arnaud Nebbache este autor și ilustrator de literatură pentru copii și presă. A publicat albume, documentare și romane.</p>



<p><strong>18h30 -19h30, stand 202</strong></p>



<p>Sesiune de autografe cu autorul Arnaud Nebbache</p>



<p><strong>Sâmbătă, 25 noiembrie</strong></p>



<p><strong>14h00 – 15h00, stand 202</strong></p>



<p>Atelier pentru copii &#8211; în limba franceză- cu ilustratoarea Odile Santi, inspirat din cartea sa <em>Les yeux verts</em> (adresat copiilor de 7 ani)</p>



<p><strong>15h30 &#8211; 16h30, stand 202</strong></p>



<p>Atelier pentru copii &#8211; în limba franceză &#8211; cu autorul și ilustratorul Arnaud Nebbache</p>



<p><strong>17h00 – 17h45, scena Cupola</strong></p>



<p>Discuție <em>La mémoire effacée de la Roumanie en guerre</em><br>Invitați: Lionel Duroy, jurnalist și autorul romanului <em>Eugenia </em>; Dr. Felicia Waldman, coordonatoare a Centrului de Studii Ebraice, Universitatea din București</p>



<p><strong>Duminică, 26 noimbrie, 14h00-15h00, stand 202</strong><strong></strong></p>



<p>Atelier pentru copii cu ilustratoarea Odile Santi – în limba franceză inspirat din albumul <em>La rivière des brumes</em> (adresat copiilor de 6 ani)</p>

<p>Institutul Francez din România este prezent alături de Librăria Kyralina, la Târgul de carte GAUDEAMUS Radio România la standul 202 cu o serie de invitați speciali : Lionel Duroy (autorul romanului Eugenia), Odile Santi (ilustratoare de romane pentru copii) și Arnaud Nebbache (autorul benzii desenate despre procesul lui Brâncuși contra Statelor Unite ale Americii). PROGRAM [&hellip;]</p>
