{"id":9004,"date":"2024-03-28T12:39:22","date_gmt":"2024-03-28T12:39:22","guid":{"rendered":"https:\/\/institutfrancais.ro\/bucuresti\/?post_type=evenimente&#038;p=9004"},"modified":"2024-05-31T11:50:22","modified_gmt":"2024-05-31T11:50:22","slug":"concert-yoqal","status":"publish","type":"evenimente","link":"https:\/\/institutfrancais.ro\/bucuresti\/evenimente\/concert-yoqal\/","title":{"rendered":"Concert YOQAL"},"content":{"rendered":"\n<p>Institutul francez din Rom\u00e2nia continu\u0103 seria concertelor de la sala Elvire Popesco cu <strong>YOQAL<\/strong>, un duo inedit format din <strong>Sarah Murcia <\/strong>(contrabas) \u0219i <strong>Kamilya Jubran <\/strong>(oud \u0219i voce).<\/p>\n\n\n\n<p>Muzica arab\u0103 tradi\u021bional\u0103 \u0219i jazz-ul european se \u00eembin\u0103 armonios, rezultatul fiind o muzic\u0103 fin\u0103, cizelat\u0103 \u0219i, \u00een acela\u0219i timp, improvizat\u0103. Textele sunt alese din poe\u021bi contemporani sau extrase dintr-o colec\u021bie de poezie beduin\u0103 din de\u0219erturile Sinai \u0219i Negev.<\/p>\n\n\n\n<p>Kamilya Jubran \u0219i Sarah Murcia colaboreaz\u0103 de mai bine de 15 ani.<\/p>\n\n\n\n<p><strong>Kamilya Jubran<\/strong> a fost vocea principal\u0103 a forma\u021biei Sabreen \u00eenainte de a se muta \u00een Europa \u0219i de a experimenta muzica electronic\u0103. A colaborat cu muzicieni ca Werner Hassler, Frank Vaillant sau trio-ul lui Sylvain Cathala.<\/p>\n\n\n\n<p>Un pilon al scenei de jazz, contrabasista \u0219i compozitoarea <strong>Sarah Murcia<\/strong> s-a f\u0103cut cunoscut\u0103 cu ansamblurile sale Caroline \u0219i Eyeballing \u0219i a colaborat cu Magic Malik, Fred Poulet, Sylvain Cathala, Louis Sclavis, Benoit Delbecq, ONJ, Rodolphe Burger \u0219i Mark Tompkins.<\/p>\n\n\n\n<p><strong>23 aprilie &#8211; Cinema Elvire Popesco Bucure\u0219ti<\/strong><br>Bilete: <a href=\"https:\/\/eventbook.ro\/music\/bilete-concert-yoqal\">https:\/\/eventbook.ro\/music\/bilete-concert-yoqal<\/a><\/p>\n\n\n\n<p><strong>24 aprilie &#8211; Cinema Victoria Timi\u0219oara<\/strong><br>Bilete: <a href=\"https:\/\/cinemavictoria-tm.ro\/evenimente\/concert-yoqal-sarah-murcia-kamilya-jubran\/\">https:\/\/cinemavictoria-tm.ro\/evenimente\/concert-yoqal-sarah-murcia-kamilya-jubran\/<\/a><\/p>\n\n\n\n<p>                                                       <\/p>\n\n\n\n<p><\/p>\n","protected":false},"excerpt":{"rendered":"<p>IFRo continu\u0103 seria concertelor de la sala Elvire Popesco cu YOQAL, un duo inedit format din Sarah Murcia (contrabas) \u0219i Kamilya Jubran (oud \u0219i voce).<\/p>\n","protected":false},"featured_media":9006,"menu_order":0,"template":"","format":"standard","meta":[],"tags":[277,126,343],"cmcal_calendar":[18],"category-events":[94],"class_list":["post-9004","evenimente","type-evenimente","status-publish","format-standard","has-post-thumbnail","hentry","tag-eveniment","tag-francofonie","tag-muzica-4","cmcal_calendar-events-calendar","category-events-arhiva"],"_links":{"self":[{"href":"https:\/\/institutfrancais.ro\/bucuresti\/wp-json\/wp\/v2\/evenimente\/9004","targetHints":{"allow":["GET"]}}],"collection":[{"href":"https:\/\/institutfrancais.ro\/bucuresti\/wp-json\/wp\/v2\/evenimente"}],"about":[{"href":"https:\/\/institutfrancais.ro\/bucuresti\/wp-json\/wp\/v2\/types\/evenimente"}],"wp:featuredmedia":[{"embeddable":true,"href":"https:\/\/institutfrancais.ro\/bucuresti\/wp-json\/wp\/v2\/media\/9006"}],"wp:attachment":[{"href":"https:\/\/institutfrancais.ro\/bucuresti\/wp-json\/wp\/v2\/media?parent=9004"}],"wp:term":[{"taxonomy":"post_tag","embeddable":true,"href":"https:\/\/institutfrancais.ro\/bucuresti\/wp-json\/wp\/v2\/tags?post=9004"},{"taxonomy":"cmcal_calendar","embeddable":true,"href":"https:\/\/institutfrancais.ro\/bucuresti\/wp-json\/wp\/v2\/cmcal_calendar?post=9004"},{"taxonomy":"category-events","embeddable":true,"href":"https:\/\/institutfrancais.ro\/bucuresti\/wp-json\/wp\/v2\/category-events?post=9004"}],"curies":[{"name":"wp","href":"https:\/\/api.w.org\/{rel}","templated":true}]}}

<p>Institutul francez din România continuă seria concertelor de la sala Elvire Popesco cu <strong>YOQAL</strong>, un duo inedit format din <strong>Sarah Murcia </strong>(contrabas) și <strong>Kamilya Jubran </strong>(oud și voce).</p>



<p>Muzica arabă tradițională și jazz-ul european se îmbină armonios, rezultatul fiind o muzică fină, cizelată și, în același timp, improvizată. Textele sunt alese din poeți contemporani sau extrase dintr-o colecție de poezie beduină din deșerturile Sinai și Negev.</p>



<p>Kamilya Jubran și Sarah Murcia colaborează de mai bine de 15 ani.</p>



<p><strong>Kamilya Jubran</strong> a fost vocea principală a formației Sabreen înainte de a se muta în Europa și de a experimenta muzica electronică. A colaborat cu muzicieni ca Werner Hassler, Frank Vaillant sau trio-ul lui Sylvain Cathala.</p>



<p>Un pilon al scenei de jazz, contrabasista și compozitoarea <strong>Sarah Murcia</strong> s-a făcut cunoscută cu ansamblurile sale Caroline și Eyeballing și a colaborat cu Magic Malik, Fred Poulet, Sylvain Cathala, Louis Sclavis, Benoit Delbecq, ONJ, Rodolphe Burger și Mark Tompkins.</p>



<p><strong>23 aprilie &#8211; Cinema Elvire Popesco București</strong><br>Bilete: <a href="https://eventbook.ro/music/bilete-concert-yoqal">https://eventbook.ro/music/bilete-concert-yoqal</a></p>



<p><strong>24 aprilie &#8211; Cinema Victoria Timișoara</strong><br>Bilete: <a href="https://cinemavictoria-tm.ro/evenimente/concert-yoqal-sarah-murcia-kamilya-jubran/">https://cinemavictoria-tm.ro/evenimente/concert-yoqal-sarah-murcia-kamilya-jubran/</a></p>



<p>                                                       </p>



<p></p>

<p>IFRo continuă seria concertelor de la sala Elvire Popesco cu YOQAL, un duo inedit format din Sarah Murcia (contrabas) și Kamilya Jubran (oud și voce).</p>
