{"id":9010,"date":"2024-03-29T11:38:06","date_gmt":"2024-03-29T11:38:06","guid":{"rendered":"https:\/\/institutfrancais.ro\/bucuresti\/?post_type=evenimente&#038;p=9010"},"modified":"2024-05-31T11:49:34","modified_gmt":"2024-05-31T11:49:34","slug":"europavox-festival-bucharest-3-4-aprilie-control-club","status":"publish","type":"evenimente","link":"https:\/\/institutfrancais.ro\/bucuresti\/evenimente\/europavox-festival-bucharest-3-4-aprilie-control-club\/","title":{"rendered":"Europavox Festival Bucharest: 3-4 aprilie @Control Club"},"content":{"rendered":"\n<p>Aflat la a treia edi\u021bie, <strong>Europavox Festival Bucharest<\/strong> revine la Control Club, \u00een perioada 3-4 aprilie. \u00cen cele dou\u0103 zile de festival, arti\u0219ti din \u0219ase \u021b\u0103ri europene vor concerta al\u0103turi de trupe locale.<\/p>\n\n\n\n<p>\u00cen prima zi de Europavox Festival Bucharest &#8211; <strong>3 aprilie<\/strong> &#8211; cantautoarea olandez\u0103 <strong>Pip Blom<\/strong>, cunoscut\u0103 pentru colaborarea cu Alex Kapranos (Franz Ferdinand), trupa alternative\/art pop german\u0103 <strong>Lucy Kruger &amp; The Lost Boys<\/strong> \u0219i krautrockerii francezi <strong>Meule<\/strong> vor concerta al\u0103turi de senza\u021bia avant-pop autohton\u0103 <strong>Kadjavsi<\/strong>.<\/p>\n\n\n\n<p>A doua zi &#8211; <strong>4 aprilie<\/strong> &#8211; vor concerta duo-ul londonez <strong>Jadu Heart<\/strong>, care revine \u00een Rom\u00e2nia cu un nou album, <em>Derealised<\/em>, dar \u0219i <strong>Ada Oda<\/strong>, una dintre cele mai interesante apari\u021bii de pe scena post-punk belgian\u0103 (cu versuri \u00een limba italian\u0103). Seara va fi completat\u0103 de apreciata trup\u0103 shoegaze din Atena, <strong>Sugar For The Pill<\/strong>, al\u0103turi de \u201eeroii\u201d locali <strong>PLANT<\/strong>.<\/p>\n\n\n\n<p>Ap\u0103rut \u00een 2006, Europavox este un proiect cultural ce \u00ee\u0219i propune s\u0103 promoveze diversitatea scenei muzicale europene, at\u00e2t prin platforma <strong>Europavox.com<\/strong>, c\u00e2t \u0219i prin numeroase evenimente organizate anual \u00een \u0219apte \u021b\u0103ri europene (Austria, Belgia, Croa\u021bia, Fran\u021ba, Italia, Lituania \u0219i Rom\u00e2nia).<\/p>\n\n\n\n<p>Bilete: <a href=\"https:\/\/eventbook.ro\/program\/europavox-festival-bucharest\">https:\/\/eventbook.ro\/program\/europavox-festival-bucharest<\/a><\/p>\n\n\n\n<p><em>Europavox Festival Bucharest are loc \u00een cadrul Proiectului Europavox 2020 \u2013 2024, co-finan\u021bat de Comisia European\u0103, prin programul Creative Europe.<\/em><\/p>\n\n\n\n<p><strong>Parteneri: Institutul Francez din Rom\u00e2nia, C\u0103rture\u0219ti, Radio Guerrilla, Zile \u0219i Nop\u021bi, GLAMOUR, Scena9, IQads, Happ.ro<\/strong><\/p>\n\n\n\n<p><\/p>\n","protected":false},"excerpt":{"rendered":"<p>Europavox Festival Bucharest revine la Control Club, \u00een perioada 3-4 aprilie, unde arti\u0219ti din \u0219ase \u021b\u0103ri europene vor concerta al\u0103turi de trupe locale.<\/p>\n","protected":false},"featured_media":9011,"menu_order":0,"template":"","format":"standard","meta":[],"tags":[183,277,203],"cmcal_calendar":[18],"category-events":[94],"class_list":["post-9010","evenimente","type-evenimente","status-publish","format-standard","has-post-thumbnail","hentry","tag-concert","tag-eveniment","tag-muzica-2","cmcal_calendar-events-calendar","category-events-arhiva"],"_links":{"self":[{"href":"https:\/\/institutfrancais.ro\/bucuresti\/wp-json\/wp\/v2\/evenimente\/9010","targetHints":{"allow":["GET"]}}],"collection":[{"href":"https:\/\/institutfrancais.ro\/bucuresti\/wp-json\/wp\/v2\/evenimente"}],"about":[{"href":"https:\/\/institutfrancais.ro\/bucuresti\/wp-json\/wp\/v2\/types\/evenimente"}],"wp:featuredmedia":[{"embeddable":true,"href":"https:\/\/institutfrancais.ro\/bucuresti\/wp-json\/wp\/v2\/media\/9011"}],"wp:attachment":[{"href":"https:\/\/institutfrancais.ro\/bucuresti\/wp-json\/wp\/v2\/media?parent=9010"}],"wp:term":[{"taxonomy":"post_tag","embeddable":true,"href":"https:\/\/institutfrancais.ro\/bucuresti\/wp-json\/wp\/v2\/tags?post=9010"},{"taxonomy":"cmcal_calendar","embeddable":true,"href":"https:\/\/institutfrancais.ro\/bucuresti\/wp-json\/wp\/v2\/cmcal_calendar?post=9010"},{"taxonomy":"category-events","embeddable":true,"href":"https:\/\/institutfrancais.ro\/bucuresti\/wp-json\/wp\/v2\/category-events?post=9010"}],"curies":[{"name":"wp","href":"https:\/\/api.w.org\/{rel}","templated":true}]}}

<p>Aflat la a treia ediție, <strong>Europavox Festival Bucharest</strong> revine la Control Club, în perioada 3-4 aprilie. În cele două zile de festival, artiști din șase țări europene vor concerta alături de trupe locale.</p>



<p>În prima zi de Europavox Festival Bucharest &#8211; <strong>3 aprilie</strong> &#8211; cantautoarea olandeză <strong>Pip Blom</strong>, cunoscută pentru colaborarea cu Alex Kapranos (Franz Ferdinand), trupa alternative/art pop germană <strong>Lucy Kruger &amp; The Lost Boys</strong> și krautrockerii francezi <strong>Meule</strong> vor concerta alături de senzația avant-pop autohtonă <strong>Kadjavsi</strong>.</p>



<p>A doua zi &#8211; <strong>4 aprilie</strong> &#8211; vor concerta duo-ul londonez <strong>Jadu Heart</strong>, care revine în România cu un nou album, <em>Derealised</em>, dar și <strong>Ada Oda</strong>, una dintre cele mai interesante apariții de pe scena post-punk belgiană (cu versuri în limba italiană). Seara va fi completată de apreciata trupă shoegaze din Atena, <strong>Sugar For The Pill</strong>, alături de „eroii” locali <strong>PLANT</strong>.</p>



<p>Apărut în 2006, Europavox este un proiect cultural ce își propune să promoveze diversitatea scenei muzicale europene, atât prin platforma <strong>Europavox.com</strong>, cât și prin numeroase evenimente organizate anual în șapte țări europene (Austria, Belgia, Croația, Franța, Italia, Lituania și România).</p>



<p>Bilete: <a href="https://eventbook.ro/program/europavox-festival-bucharest">https://eventbook.ro/program/europavox-festival-bucharest</a></p>



<p><em>Europavox Festival Bucharest are loc în cadrul Proiectului Europavox 2020 – 2024, co-finanțat de Comisia Europeană, prin programul Creative Europe.</em></p>



<p><strong>Parteneri: Institutul Francez din România, Cărturești, Radio Guerrilla, Zile și Nopți, GLAMOUR, Scena9, IQads, Happ.ro</strong></p>



<p></p>

<p>Europavox Festival Bucharest revine la Control Club, în perioada 3-4 aprilie, unde artiști din șase țări europene vor concerta alături de trupe locale.</p>
