{"id":9022,"date":"2024-04-03T13:39:15","date_gmt":"2024-04-03T13:39:15","guid":{"rendered":"https:\/\/institutfrancais.ro\/bucuresti\/?post_type=evenimente&#038;p=9022"},"modified":"2024-05-31T11:49:00","modified_gmt":"2024-05-31T11:49:00","slug":"simpozion-regional-leurope-les-medias-et-les-fausses-informations","status":"publish","type":"evenimente","link":"https:\/\/institutfrancais.ro\/bucuresti\/evenimente\/simpozion-regional-leurope-les-medias-et-les-fausses-informations\/","title":{"rendered":"Simpozion regional \u201eEuropa, mass-media \u015fi \u015ftirile false\u201d"},"content":{"rendered":"\n<p>Organizat de <strong>filiala din Rom\u00e2nia a Uniunii Presei Francofone<\/strong>, cu sprijinul <strong>Institutului Francez din Rom\u00e2nia (IFRo)<\/strong>, <strong>simpozionul \u201eEuropa, mass-media \u015fi \u015ftirile false\u201d<\/strong> le-a permis celor aproape o sut\u0103 de jurnali\u0219ti, directori de trusturi media europene \u0219i studen\u021bi prezen\u021bi s\u0103 reflecteze asupra problemelor legate de informare \u0219i jurnalism de calitate versus \u0219tiri false. <\/p>\n\n\n\n<p>Aceast\u0103 dezbatere s-a focusat pe diverse activit\u0103\u021bi (conferin\u021be, sesiuni plenare, ateliere de lucru de tip <em>workshop<\/em>, dezbateri de film) \u0219i teme (abord\u00e2nd, prin prisma dezinform\u0103rii, subiecte precum: re\u021bele sociale, ecologie, democra\u021bie, propagand\u0103, inteligen\u021b\u0103 artificial\u0103, etc.) \u0219i a avut un real succes. Reprezentan\u021bi ai nu mai pu\u021bin de 19 \u021b\u0103ri au \u00eemp\u0103rt\u0103\u0219it din experien\u021ba lor bogat\u0103 \u0219i au discutat pe marginea acestui subiect esen\u021bial pentru mass-media european\u0103.<\/p>\n\n\n\n<p><strong>Parteneri institu\u021bionali: Agen\u021bia Universitar\u0103 a Francofoniei pentru Europa Central\u0103 \u0219i de Est, Organiza\u021bia Interna\u021bional\u0103 a Francofoniei, Universitatea din Bucure\u0219ti, Universitatea Politehnic\u0103 din Bucure\u0219ti \u0219i Universitatea Na\u021bional\u0103 de Agronomie \u0219i Medicin\u0103 Veterinar\u0103 din Bucure\u0219ti<\/strong><\/p>\n\n\n\n<h2 class=\"wp-block-heading\"><strong>Program<\/strong><\/h2>\n\n\n\n<p><strong>18 aprilie 2024<\/strong><\/p>\n\n\n\n<p>09:00 \u2013 18:30 @ Universitatea din Bucure\u0219ti<\/p>\n\n\n\n<p><strong>19 aprilie 2024<\/strong><\/p>\n\n\n\n<p>09:00 \u2013 13:00 @ Universitatea din Bucure\u0219ti<br>15:00 \u2013 17:30 @ Cinema Elvire Popesco<\/p>\n\n\n\n<p><a href=\"https:\/\/institutfrancais.ro\/bucuresti\/wp-content\/uploads\/sites\/2\/2024\/04\/UPF-AGENDA-CONF-ATELIERS-AVRIL-2024.pdf\"><strong>AGENDA UPF ROMANIA 2024<\/strong><\/a><\/p>\n\n\n\n<figure class=\"wp-block-gallery has-nested-images columns-default is-cropped wp-block-gallery-1 is-layout-flex wp-block-gallery-is-layout-flex\">\n<figure class=\"wp-block-image size-large\"><img loading=\"lazy\" decoding=\"async\" width=\"1024\" height=\"679\" data-id=\"9188\" src=\"https:\/\/institutfrancais.ro\/bucuresti\/wp-content\/uploads\/sites\/2\/2024\/04\/OK-J1-Intro-grand-angle-2-2-1024x679.jpg\" alt=\"\" class=\"wp-image-9188\" srcset=\"https:\/\/institutfrancais.ro\/bucuresti\/wp-content\/uploads\/sites\/2\/2024\/04\/OK-J1-Intro-grand-angle-2-2-1024x679.jpg 1024w, https:\/\/institutfrancais.ro\/bucuresti\/wp-content\/uploads\/sites\/2\/2024\/04\/OK-J1-Intro-grand-angle-2-2-300x199.jpg 300w, https:\/\/institutfrancais.ro\/bucuresti\/wp-content\/uploads\/sites\/2\/2024\/04\/OK-J1-Intro-grand-angle-2-2-768x509.jpg 768w, https:\/\/institutfrancais.ro\/bucuresti\/wp-content\/uploads\/sites\/2\/2024\/04\/OK-J1-Intro-grand-angle-2-2-1536x1018.jpg 1536w, https:\/\/institutfrancais.ro\/bucuresti\/wp-content\/uploads\/sites\/2\/2024\/04\/OK-J1-Intro-grand-angle-2-2-2048x1357.jpg 2048w\" sizes=\"auto, (max-width: 1024px) 100vw, 1024px\" \/><\/figure>\n\n\n\n<figure class=\"wp-block-image size-large\"><img loading=\"lazy\" decoding=\"async\" width=\"1024\" height=\"683\" data-id=\"9194\" src=\"https:\/\/institutfrancais.ro\/bucuresti\/wp-content\/uploads\/sites\/2\/2024\/04\/OK-J2-Conf-1-2-1024x683.jpg\" alt=\"\" class=\"wp-image-9194\" srcset=\"https:\/\/institutfrancais.ro\/bucuresti\/wp-content\/uploads\/sites\/2\/2024\/04\/OK-J2-Conf-1-2-1024x683.jpg 1024w, https:\/\/institutfrancais.ro\/bucuresti\/wp-content\/uploads\/sites\/2\/2024\/04\/OK-J2-Conf-1-2-300x200.jpg 300w, https:\/\/institutfrancais.ro\/bucuresti\/wp-content\/uploads\/sites\/2\/2024\/04\/OK-J2-Conf-1-2-768x512.jpg 768w, https:\/\/institutfrancais.ro\/bucuresti\/wp-content\/uploads\/sites\/2\/2024\/04\/OK-J2-Conf-1-2-1536x1024.jpg 1536w, https:\/\/institutfrancais.ro\/bucuresti\/wp-content\/uploads\/sites\/2\/2024\/04\/OK-J2-Conf-1-2-2048x1366.jpg 2048w\" sizes=\"auto, (max-width: 1024px) 100vw, 1024px\" \/><\/figure>\n\n\n\n<figure class=\"wp-block-image size-large\"><img loading=\"lazy\" decoding=\"async\" width=\"1024\" height=\"673\" data-id=\"9187\" src=\"https:\/\/institutfrancais.ro\/bucuresti\/wp-content\/uploads\/sites\/2\/2024\/04\/OK-Atelier-2-1024x673.jpg\" alt=\"\" class=\"wp-image-9187\" srcset=\"https:\/\/institutfrancais.ro\/bucuresti\/wp-content\/uploads\/sites\/2\/2024\/04\/OK-Atelier-2-1024x673.jpg 1024w, https:\/\/institutfrancais.ro\/bucuresti\/wp-content\/uploads\/sites\/2\/2024\/04\/OK-Atelier-2-300x197.jpg 300w, https:\/\/institutfrancais.ro\/bucuresti\/wp-content\/uploads\/sites\/2\/2024\/04\/OK-Atelier-2-768x504.jpg 768w, https:\/\/institutfrancais.ro\/bucuresti\/wp-content\/uploads\/sites\/2\/2024\/04\/OK-Atelier-2-1536x1009.jpg 1536w, https:\/\/institutfrancais.ro\/bucuresti\/wp-content\/uploads\/sites\/2\/2024\/04\/OK-Atelier-2-2048x1345.jpg 2048w\" sizes=\"auto, (max-width: 1024px) 100vw, 1024px\" \/><\/figure>\n\n\n\n<figure class=\"wp-block-image size-large\"><img loading=\"lazy\" decoding=\"async\" width=\"1024\" height=\"683\" data-id=\"9186\" src=\"https:\/\/institutfrancais.ro\/bucuresti\/wp-content\/uploads\/sites\/2\/2024\/04\/OK-Atelier-1-1024x683.jpg\" alt=\"\" class=\"wp-image-9186\" srcset=\"https:\/\/institutfrancais.ro\/bucuresti\/wp-content\/uploads\/sites\/2\/2024\/04\/OK-Atelier-1-1024x683.jpg 1024w, https:\/\/institutfrancais.ro\/bucuresti\/wp-content\/uploads\/sites\/2\/2024\/04\/OK-Atelier-1-300x200.jpg 300w, https:\/\/institutfrancais.ro\/bucuresti\/wp-content\/uploads\/sites\/2\/2024\/04\/OK-Atelier-1-768x512.jpg 768w, https:\/\/institutfrancais.ro\/bucuresti\/wp-content\/uploads\/sites\/2\/2024\/04\/OK-Atelier-1-1536x1024.jpg 1536w, https:\/\/institutfrancais.ro\/bucuresti\/wp-content\/uploads\/sites\/2\/2024\/04\/OK-Atelier-1-2048x1366.jpg 2048w\" sizes=\"auto, (max-width: 1024px) 100vw, 1024px\" \/><\/figure>\n\n\n\n<figure class=\"wp-block-image size-large\"><img loading=\"lazy\" decoding=\"async\" width=\"1024\" height=\"658\" data-id=\"9200\" src=\"https:\/\/institutfrancais.ro\/bucuresti\/wp-content\/uploads\/sites\/2\/2024\/04\/OK-Atelier-4-1024x658.jpg\" alt=\"\" class=\"wp-image-9200\" srcset=\"https:\/\/institutfrancais.ro\/bucuresti\/wp-content\/uploads\/sites\/2\/2024\/04\/OK-Atelier-4-1024x658.jpg 1024w, https:\/\/institutfrancais.ro\/bucuresti\/wp-content\/uploads\/sites\/2\/2024\/04\/OK-Atelier-4-300x193.jpg 300w, https:\/\/institutfrancais.ro\/bucuresti\/wp-content\/uploads\/sites\/2\/2024\/04\/OK-Atelier-4-768x494.jpg 768w, https:\/\/institutfrancais.ro\/bucuresti\/wp-content\/uploads\/sites\/2\/2024\/04\/OK-Atelier-4-1536x987.jpg 1536w, https:\/\/institutfrancais.ro\/bucuresti\/wp-content\/uploads\/sites\/2\/2024\/04\/OK-Atelier-4-2048x1316.jpg 2048w\" sizes=\"auto, (max-width: 1024px) 100vw, 1024px\" \/><\/figure>\n\n\n\n<figure class=\"wp-block-image size-large\"><img loading=\"lazy\" decoding=\"async\" width=\"1024\" height=\"683\" data-id=\"9196\" src=\"https:\/\/institutfrancais.ro\/bucuresti\/wp-content\/uploads\/sites\/2\/2024\/04\/OK-Atelier-3-1024x683.jpg\" alt=\"\" class=\"wp-image-9196\" srcset=\"https:\/\/institutfrancais.ro\/bucuresti\/wp-content\/uploads\/sites\/2\/2024\/04\/OK-Atelier-3-1024x683.jpg 1024w, https:\/\/institutfrancais.ro\/bucuresti\/wp-content\/uploads\/sites\/2\/2024\/04\/OK-Atelier-3-300x200.jpg 300w, https:\/\/institutfrancais.ro\/bucuresti\/wp-content\/uploads\/sites\/2\/2024\/04\/OK-Atelier-3-768x512.jpg 768w, https:\/\/institutfrancais.ro\/bucuresti\/wp-content\/uploads\/sites\/2\/2024\/04\/OK-Atelier-3-1536x1024.jpg 1536w, https:\/\/institutfrancais.ro\/bucuresti\/wp-content\/uploads\/sites\/2\/2024\/04\/OK-Atelier-3-2048x1366.jpg 2048w\" sizes=\"auto, (max-width: 1024px) 100vw, 1024px\" \/><\/figure>\n\n\n\n<figure class=\"wp-block-image size-large\"><img loading=\"lazy\" decoding=\"async\" width=\"1024\" height=\"676\" data-id=\"9198\" src=\"https:\/\/institutfrancais.ro\/bucuresti\/wp-content\/uploads\/sites\/2\/2024\/04\/OK-cool-1024x676.jpg\" alt=\"\" class=\"wp-image-9198\" srcset=\"https:\/\/institutfrancais.ro\/bucuresti\/wp-content\/uploads\/sites\/2\/2024\/04\/OK-cool-1024x676.jpg 1024w, https:\/\/institutfrancais.ro\/bucuresti\/wp-content\/uploads\/sites\/2\/2024\/04\/OK-cool-300x198.jpg 300w, https:\/\/institutfrancais.ro\/bucuresti\/wp-content\/uploads\/sites\/2\/2024\/04\/OK-cool-768x507.jpg 768w, https:\/\/institutfrancais.ro\/bucuresti\/wp-content\/uploads\/sites\/2\/2024\/04\/OK-cool-1536x1014.jpg 1536w, https:\/\/institutfrancais.ro\/bucuresti\/wp-content\/uploads\/sites\/2\/2024\/04\/OK-cool-2048x1352.jpg 2048w\" sizes=\"auto, (max-width: 1024px) 100vw, 1024px\" \/><\/figure>\n\n\n\n<figure class=\"wp-block-image size-large\"><img loading=\"lazy\" decoding=\"async\" width=\"1024\" height=\"683\" data-id=\"9189\" src=\"https:\/\/institutfrancais.ro\/bucuresti\/wp-content\/uploads\/sites\/2\/2024\/04\/Question-2-1024x683.jpg\" alt=\"\" class=\"wp-image-9189\" srcset=\"https:\/\/institutfrancais.ro\/bucuresti\/wp-content\/uploads\/sites\/2\/2024\/04\/Question-2-1024x683.jpg 1024w, https:\/\/institutfrancais.ro\/bucuresti\/wp-content\/uploads\/sites\/2\/2024\/04\/Question-2-300x200.jpg 300w, https:\/\/institutfrancais.ro\/bucuresti\/wp-content\/uploads\/sites\/2\/2024\/04\/Question-2-768x512.jpg 768w, https:\/\/institutfrancais.ro\/bucuresti\/wp-content\/uploads\/sites\/2\/2024\/04\/Question-2-1536x1024.jpg 1536w, https:\/\/institutfrancais.ro\/bucuresti\/wp-content\/uploads\/sites\/2\/2024\/04\/Question-2-2048x1366.jpg 2048w\" sizes=\"auto, (max-width: 1024px) 100vw, 1024px\" \/><\/figure>\n\n\n\n<figure class=\"wp-block-image size-large\"><img loading=\"lazy\" decoding=\"async\" width=\"1024\" height=\"683\" data-id=\"9185\" src=\"https:\/\/institutfrancais.ro\/bucuresti\/wp-content\/uploads\/sites\/2\/2024\/04\/Question-3-1024x683.jpg\" alt=\"\" class=\"wp-image-9185\" srcset=\"https:\/\/institutfrancais.ro\/bucuresti\/wp-content\/uploads\/sites\/2\/2024\/04\/Question-3-1024x683.jpg 1024w, https:\/\/institutfrancais.ro\/bucuresti\/wp-content\/uploads\/sites\/2\/2024\/04\/Question-3-300x200.jpg 300w, https:\/\/institutfrancais.ro\/bucuresti\/wp-content\/uploads\/sites\/2\/2024\/04\/Question-3-768x512.jpg 768w, https:\/\/institutfrancais.ro\/bucuresti\/wp-content\/uploads\/sites\/2\/2024\/04\/Question-3-1536x1024.jpg 1536w, https:\/\/institutfrancais.ro\/bucuresti\/wp-content\/uploads\/sites\/2\/2024\/04\/Question-3-2048x1366.jpg 2048w\" sizes=\"auto, (max-width: 1024px) 100vw, 1024px\" \/><\/figure>\n<\/figure>\n","protected":false},"excerpt":{"rendered":"<p>Simpozionul \u201eL\u2019EUROPE, LES MEDIAS ET LES FAUSSES INFORMATIONS\u201d le va permite celor prezen\u021bi s\u0103 reflecteze asupra problemelor legate de informare \u0219i jurnalism de calitate versus \u0219tiri false.<\/p>\n","protected":false},"featured_media":9037,"menu_order":0,"template":"","format":"standard","meta":[],"tags":[277,126],"cmcal_calendar":[18],"category-events":[94],"class_list":["post-9022","evenimente","type-evenimente","status-publish","format-standard","has-post-thumbnail","hentry","tag-eveniment","tag-francofonie","cmcal_calendar-events-calendar","category-events-arhiva"],"_links":{"self":[{"href":"https:\/\/institutfrancais.ro\/bucuresti\/wp-json\/wp\/v2\/evenimente\/9022","targetHints":{"allow":["GET"]}}],"collection":[{"href":"https:\/\/institutfrancais.ro\/bucuresti\/wp-json\/wp\/v2\/evenimente"}],"about":[{"href":"https:\/\/institutfrancais.ro\/bucuresti\/wp-json\/wp\/v2\/types\/evenimente"}],"wp:featuredmedia":[{"embeddable":true,"href":"https:\/\/institutfrancais.ro\/bucuresti\/wp-json\/wp\/v2\/media\/9037"}],"wp:attachment":[{"href":"https:\/\/institutfrancais.ro\/bucuresti\/wp-json\/wp\/v2\/media?parent=9022"}],"wp:term":[{"taxonomy":"post_tag","embeddable":true,"href":"https:\/\/institutfrancais.ro\/bucuresti\/wp-json\/wp\/v2\/tags?post=9022"},{"taxonomy":"cmcal_calendar","embeddable":true,"href":"https:\/\/institutfrancais.ro\/bucuresti\/wp-json\/wp\/v2\/cmcal_calendar?post=9022"},{"taxonomy":"category-events","embeddable":true,"href":"https:\/\/institutfrancais.ro\/bucuresti\/wp-json\/wp\/v2\/category-events?post=9022"}],"curies":[{"name":"wp","href":"https:\/\/api.w.org\/{rel}","templated":true}]}}

Simpozion regional „Europa, mass-media şi ştirile false”

<p>Organizat de <strong>filiala din România a Uniunii Presei Francofone</strong>, cu sprijinul <strong>Institutului Francez din România (IFRo)</strong>, <strong>simpozionul „Europa, mass-media şi ştirile false”</strong> le-a permis celor aproape o sută de jurnaliști, directori de trusturi media europene și studenți prezenți să reflecteze asupra problemelor legate de informare și jurnalism de calitate versus știri false. </p>



<p>Această dezbatere s-a focusat pe diverse activități (conferințe, sesiuni plenare, ateliere de lucru de tip <em>workshop</em>, dezbateri de film) și teme (abordând, prin prisma dezinformării, subiecte precum: rețele sociale, ecologie, democrație, propagandă, inteligență artificială, etc.) și a avut un real succes. Reprezentanți ai nu mai puțin de 19 țări au împărtășit din experiența lor bogată și au discutat pe marginea acestui subiect esențial pentru mass-media europeană.</p>



<p><strong>Parteneri instituționali: Agenția Universitară a Francofoniei pentru Europa Centrală și de Est, Organizația Internațională a Francofoniei, Universitatea din București, Universitatea Politehnică din București și Universitatea Națională de Agronomie și Medicină Veterinară din București</strong></p>



<h2 class="wp-block-heading"><strong>Program</strong></h2>



<p><strong>18 aprilie 2024</strong></p>



<p>09:00 – 18:30 @ Universitatea din București</p>



<p><strong>19 aprilie 2024</strong></p>



<p>09:00 – 13:00 @ Universitatea din București<br>15:00 – 17:30 @ Cinema Elvire Popesco</p>



<p><a href="https://institutfrancais.ro/bucuresti/wp-content/uploads/sites/2/2024/04/UPF-AGENDA-CONF-ATELIERS-AVRIL-2024.pdf"><strong>AGENDA UPF ROMANIA 2024</strong></a></p>



<figure class="wp-block-gallery has-nested-images columns-default is-cropped wp-block-gallery-1 is-layout-flex wp-block-gallery-is-layout-flex">
<figure class="wp-block-image size-large"><img loading="lazy" decoding="async" width="1024" height="679" data-id="9188" src="https://institutfrancais.ro/bucuresti/wp-content/uploads/sites/2/2024/04/OK-J1-Intro-grand-angle-2-2-1024x679.jpg" alt="" class="wp-image-9188" srcset="https://institutfrancais.ro/bucuresti/wp-content/uploads/sites/2/2024/04/OK-J1-Intro-grand-angle-2-2-1024x679.jpg 1024w, https://institutfrancais.ro/bucuresti/wp-content/uploads/sites/2/2024/04/OK-J1-Intro-grand-angle-2-2-300x199.jpg 300w, https://institutfrancais.ro/bucuresti/wp-content/uploads/sites/2/2024/04/OK-J1-Intro-grand-angle-2-2-768x509.jpg 768w, https://institutfrancais.ro/bucuresti/wp-content/uploads/sites/2/2024/04/OK-J1-Intro-grand-angle-2-2-1536x1018.jpg 1536w, https://institutfrancais.ro/bucuresti/wp-content/uploads/sites/2/2024/04/OK-J1-Intro-grand-angle-2-2-2048x1357.jpg 2048w" sizes="auto, (max-width: 1024px) 100vw, 1024px" /></figure>



<figure class="wp-block-image size-large"><img loading="lazy" decoding="async" width="1024" height="683" data-id="9194" src="https://institutfrancais.ro/bucuresti/wp-content/uploads/sites/2/2024/04/OK-J2-Conf-1-2-1024x683.jpg" alt="" class="wp-image-9194" srcset="https://institutfrancais.ro/bucuresti/wp-content/uploads/sites/2/2024/04/OK-J2-Conf-1-2-1024x683.jpg 1024w, https://institutfrancais.ro/bucuresti/wp-content/uploads/sites/2/2024/04/OK-J2-Conf-1-2-300x200.jpg 300w, https://institutfrancais.ro/bucuresti/wp-content/uploads/sites/2/2024/04/OK-J2-Conf-1-2-768x512.jpg 768w, https://institutfrancais.ro/bucuresti/wp-content/uploads/sites/2/2024/04/OK-J2-Conf-1-2-1536x1024.jpg 1536w, https://institutfrancais.ro/bucuresti/wp-content/uploads/sites/2/2024/04/OK-J2-Conf-1-2-2048x1366.jpg 2048w" sizes="auto, (max-width: 1024px) 100vw, 1024px" /></figure>



<figure class="wp-block-image size-large"><img loading="lazy" decoding="async" width="1024" height="673" data-id="9187" src="https://institutfrancais.ro/bucuresti/wp-content/uploads/sites/2/2024/04/OK-Atelier-2-1024x673.jpg" alt="" class="wp-image-9187" srcset="https://institutfrancais.ro/bucuresti/wp-content/uploads/sites/2/2024/04/OK-Atelier-2-1024x673.jpg 1024w, https://institutfrancais.ro/bucuresti/wp-content/uploads/sites/2/2024/04/OK-Atelier-2-300x197.jpg 300w, https://institutfrancais.ro/bucuresti/wp-content/uploads/sites/2/2024/04/OK-Atelier-2-768x504.jpg 768w, https://institutfrancais.ro/bucuresti/wp-content/uploads/sites/2/2024/04/OK-Atelier-2-1536x1009.jpg 1536w, https://institutfrancais.ro/bucuresti/wp-content/uploads/sites/2/2024/04/OK-Atelier-2-2048x1345.jpg 2048w" sizes="auto, (max-width: 1024px) 100vw, 1024px" /></figure>



<figure class="wp-block-image size-large"><img loading="lazy" decoding="async" width="1024" height="683" data-id="9186" src="https://institutfrancais.ro/bucuresti/wp-content/uploads/sites/2/2024/04/OK-Atelier-1-1024x683.jpg" alt="" class="wp-image-9186" srcset="https://institutfrancais.ro/bucuresti/wp-content/uploads/sites/2/2024/04/OK-Atelier-1-1024x683.jpg 1024w, https://institutfrancais.ro/bucuresti/wp-content/uploads/sites/2/2024/04/OK-Atelier-1-300x200.jpg 300w, https://institutfrancais.ro/bucuresti/wp-content/uploads/sites/2/2024/04/OK-Atelier-1-768x512.jpg 768w, https://institutfrancais.ro/bucuresti/wp-content/uploads/sites/2/2024/04/OK-Atelier-1-1536x1024.jpg 1536w, https://institutfrancais.ro/bucuresti/wp-content/uploads/sites/2/2024/04/OK-Atelier-1-2048x1366.jpg 2048w" sizes="auto, (max-width: 1024px) 100vw, 1024px" /></figure>



<figure class="wp-block-image size-large"><img loading="lazy" decoding="async" width="1024" height="658" data-id="9200" src="https://institutfrancais.ro/bucuresti/wp-content/uploads/sites/2/2024/04/OK-Atelier-4-1024x658.jpg" alt="" class="wp-image-9200" srcset="https://institutfrancais.ro/bucuresti/wp-content/uploads/sites/2/2024/04/OK-Atelier-4-1024x658.jpg 1024w, https://institutfrancais.ro/bucuresti/wp-content/uploads/sites/2/2024/04/OK-Atelier-4-300x193.jpg 300w, https://institutfrancais.ro/bucuresti/wp-content/uploads/sites/2/2024/04/OK-Atelier-4-768x494.jpg 768w, https://institutfrancais.ro/bucuresti/wp-content/uploads/sites/2/2024/04/OK-Atelier-4-1536x987.jpg 1536w, https://institutfrancais.ro/bucuresti/wp-content/uploads/sites/2/2024/04/OK-Atelier-4-2048x1316.jpg 2048w" sizes="auto, (max-width: 1024px) 100vw, 1024px" /></figure>



<figure class="wp-block-image size-large"><img loading="lazy" decoding="async" width="1024" height="683" data-id="9196" src="https://institutfrancais.ro/bucuresti/wp-content/uploads/sites/2/2024/04/OK-Atelier-3-1024x683.jpg" alt="" class="wp-image-9196" srcset="https://institutfrancais.ro/bucuresti/wp-content/uploads/sites/2/2024/04/OK-Atelier-3-1024x683.jpg 1024w, https://institutfrancais.ro/bucuresti/wp-content/uploads/sites/2/2024/04/OK-Atelier-3-300x200.jpg 300w, https://institutfrancais.ro/bucuresti/wp-content/uploads/sites/2/2024/04/OK-Atelier-3-768x512.jpg 768w, https://institutfrancais.ro/bucuresti/wp-content/uploads/sites/2/2024/04/OK-Atelier-3-1536x1024.jpg 1536w, https://institutfrancais.ro/bucuresti/wp-content/uploads/sites/2/2024/04/OK-Atelier-3-2048x1366.jpg 2048w" sizes="auto, (max-width: 1024px) 100vw, 1024px" /></figure>



<figure class="wp-block-image size-large"><img loading="lazy" decoding="async" width="1024" height="676" data-id="9198" src="https://institutfrancais.ro/bucuresti/wp-content/uploads/sites/2/2024/04/OK-cool-1024x676.jpg" alt="" class="wp-image-9198" srcset="https://institutfrancais.ro/bucuresti/wp-content/uploads/sites/2/2024/04/OK-cool-1024x676.jpg 1024w, https://institutfrancais.ro/bucuresti/wp-content/uploads/sites/2/2024/04/OK-cool-300x198.jpg 300w, https://institutfrancais.ro/bucuresti/wp-content/uploads/sites/2/2024/04/OK-cool-768x507.jpg 768w, https://institutfrancais.ro/bucuresti/wp-content/uploads/sites/2/2024/04/OK-cool-1536x1014.jpg 1536w, https://institutfrancais.ro/bucuresti/wp-content/uploads/sites/2/2024/04/OK-cool-2048x1352.jpg 2048w" sizes="auto, (max-width: 1024px) 100vw, 1024px" /></figure>



<figure class="wp-block-image size-large"><img loading="lazy" decoding="async" width="1024" height="683" data-id="9189" src="https://institutfrancais.ro/bucuresti/wp-content/uploads/sites/2/2024/04/Question-2-1024x683.jpg" alt="" class="wp-image-9189" srcset="https://institutfrancais.ro/bucuresti/wp-content/uploads/sites/2/2024/04/Question-2-1024x683.jpg 1024w, https://institutfrancais.ro/bucuresti/wp-content/uploads/sites/2/2024/04/Question-2-300x200.jpg 300w, https://institutfrancais.ro/bucuresti/wp-content/uploads/sites/2/2024/04/Question-2-768x512.jpg 768w, https://institutfrancais.ro/bucuresti/wp-content/uploads/sites/2/2024/04/Question-2-1536x1024.jpg 1536w, https://institutfrancais.ro/bucuresti/wp-content/uploads/sites/2/2024/04/Question-2-2048x1366.jpg 2048w" sizes="auto, (max-width: 1024px) 100vw, 1024px" /></figure>



<figure class="wp-block-image size-large"><img loading="lazy" decoding="async" width="1024" height="683" data-id="9185" src="https://institutfrancais.ro/bucuresti/wp-content/uploads/sites/2/2024/04/Question-3-1024x683.jpg" alt="" class="wp-image-9185" srcset="https://institutfrancais.ro/bucuresti/wp-content/uploads/sites/2/2024/04/Question-3-1024x683.jpg 1024w, https://institutfrancais.ro/bucuresti/wp-content/uploads/sites/2/2024/04/Question-3-300x200.jpg 300w, https://institutfrancais.ro/bucuresti/wp-content/uploads/sites/2/2024/04/Question-3-768x512.jpg 768w, https://institutfrancais.ro/bucuresti/wp-content/uploads/sites/2/2024/04/Question-3-1536x1024.jpg 1536w, https://institutfrancais.ro/bucuresti/wp-content/uploads/sites/2/2024/04/Question-3-2048x1366.jpg 2048w" sizes="auto, (max-width: 1024px) 100vw, 1024px" /></figure>
</figure>

<p>Simpozionul „L’EUROPE, LES MEDIAS ET LES FAUSSES INFORMATIONS” le va permite celor prezenți să reflecteze asupra problemelor legate de informare și jurnalism de calitate versus știri false.</p>
