{"id":9252,"date":"2024-04-30T11:57:19","date_gmt":"2024-04-30T11:57:19","guid":{"rendered":"https:\/\/institutfrancais.ro\/bucuresti\/?post_type=evenimente&#038;p=9252"},"modified":"2024-05-31T11:47:04","modified_gmt":"2024-05-31T11:47:04","slug":"echo","status":"publish","type":"evenimente","link":"https:\/\/institutfrancais.ro\/bucuresti\/evenimente\/echo\/","title":{"rendered":"ECHO \u2013 Empower. Connect. HerStory. Outstanding."},"content":{"rendered":"\n<p>Pe <strong>21 mai<\/strong>, la <strong>Cinema Elvira Popescu<\/strong>, aducem \u00eempreun\u0103 femeile care ne inspir\u0103, at\u00e2t din industria muzical\u0103, c\u00e2t \u0219i din alte domenii creative. Prin conferin\u021ba <strong>ECHO<\/strong> ne dorim s\u0103 contribuim la dezvoltarea unei industrii creative mai echitabile, s\u0103 aducem \u00een prim-plan vocile femeilor remarcabile \u0219i s\u0103 \u00eemp\u0103rt\u0103\u0219im pove\u0219tile lor de succes.<\/p>\n\n\n\n<p>Cu un mix de paneluri interactive, sesiuni de <em>networking<\/em>, discu\u021bii \u0219i momente artistice, ECHO ofer\u0103 o platform\u0103 unde explor\u0103m subiecte ca <em>leadership<\/em>-ul feminin, echilibrul de gen, dezvoltarea personal\u0103 \u0219i profesional\u0103 \u0219i identific\u0103m modalit\u0103\u021bi de a crea un impact durabil \u00een comunitate. Vom explora c\u0103i de a dep\u0103\u0219i obstacolele, de a transforma provoc\u0103rile \u00een oportunit\u0103\u021bi \u0219i de a construi re\u021bele puternice de sus\u021binere reciproc\u0103 \u0219i colaborare.<\/p>\n\n\n\n<p>ECHO este un spa\u021biu sigur, deschis \u0219i inclusiv, creat special pentru a celebra \u0219i a sprijini contribu\u021bia extraordinar\u0103 a femeilor din domeniile creative.<\/p>\n\n\n\n<p>Indiferent dac\u0103 e\u0219ti artist\u0103, produc\u0103toare, manager, regizoare sau e\u0219ti implicat\u0103 \u00een alte domenii creative, aceast\u0103 conferin\u021b\u0103 este pentru tine!<\/p>\n\n\n\n<p><em>Accesul este gratuit \u0219i se face pe baza unei invita\u021bii desc\u0103rcate de pe iabilet.ro&nbsp;<\/em><\/p>\n\n\n\n<p>Bilete (acces gratuit!): <a href=\"https:\/\/www.iabilet.ro\/bilete-echo-by-women-in-music-96396\/\">https:\/\/www.iabilet.ro\/bilete-echo-by-women-in-music-96396\/<\/a><\/p>\n\n\n\n<p><\/p>\n","protected":false},"excerpt":{"rendered":"<p>Conferin\u021ba ECHO aduce \u00eempreun\u0103, la Cinema Elvira Popescu, femeile care inspir\u0103, at\u00e2t din industria muzical\u0103, c\u00e2t \u0219i din alte domenii creative.<\/p>\n","protected":false},"featured_media":9253,"menu_order":0,"template":"","format":"standard","meta":[],"tags":[312,277,126],"cmcal_calendar":[18],"category-events":[94],"class_list":["post-9252","evenimente","type-evenimente","status-publish","format-standard","has-post-thumbnail","hentry","tag-cultura","tag-eveniment","tag-francofonie","cmcal_calendar-events-calendar","category-events-arhiva"],"_links":{"self":[{"href":"https:\/\/institutfrancais.ro\/bucuresti\/wp-json\/wp\/v2\/evenimente\/9252","targetHints":{"allow":["GET"]}}],"collection":[{"href":"https:\/\/institutfrancais.ro\/bucuresti\/wp-json\/wp\/v2\/evenimente"}],"about":[{"href":"https:\/\/institutfrancais.ro\/bucuresti\/wp-json\/wp\/v2\/types\/evenimente"}],"wp:featuredmedia":[{"embeddable":true,"href":"https:\/\/institutfrancais.ro\/bucuresti\/wp-json\/wp\/v2\/media\/9253"}],"wp:attachment":[{"href":"https:\/\/institutfrancais.ro\/bucuresti\/wp-json\/wp\/v2\/media?parent=9252"}],"wp:term":[{"taxonomy":"post_tag","embeddable":true,"href":"https:\/\/institutfrancais.ro\/bucuresti\/wp-json\/wp\/v2\/tags?post=9252"},{"taxonomy":"cmcal_calendar","embeddable":true,"href":"https:\/\/institutfrancais.ro\/bucuresti\/wp-json\/wp\/v2\/cmcal_calendar?post=9252"},{"taxonomy":"category-events","embeddable":true,"href":"https:\/\/institutfrancais.ro\/bucuresti\/wp-json\/wp\/v2\/category-events?post=9252"}],"curies":[{"name":"wp","href":"https:\/\/api.w.org\/{rel}","templated":true}]}}

<p>Pe <strong>21 mai</strong>, la <strong>Cinema Elvira Popescu</strong>, aducem împreună femeile care ne inspiră, atât din industria muzicală, cât și din alte domenii creative. Prin conferința <strong>ECHO</strong> ne dorim să contribuim la dezvoltarea unei industrii creative mai echitabile, să aducem în prim-plan vocile femeilor remarcabile și să împărtășim poveștile lor de succes.</p>



<p>Cu un mix de paneluri interactive, sesiuni de <em>networking</em>, discuții și momente artistice, ECHO oferă o platformă unde explorăm subiecte ca <em>leadership</em>-ul feminin, echilibrul de gen, dezvoltarea personală și profesională și identificăm modalități de a crea un impact durabil în comunitate. Vom explora căi de a depăși obstacolele, de a transforma provocările în oportunități și de a construi rețele puternice de susținere reciprocă și colaborare.</p>



<p>ECHO este un spațiu sigur, deschis și inclusiv, creat special pentru a celebra și a sprijini contribuția extraordinară a femeilor din domeniile creative.</p>



<p>Indiferent dacă ești artistă, producătoare, manager, regizoare sau ești implicată în alte domenii creative, această conferință este pentru tine!</p>



<p><em>Accesul este gratuit și se face pe baza unei invitații descărcate de pe iabilet.ro&nbsp;</em></p>



<p>Bilete (acces gratuit!): <a href="https://www.iabilet.ro/bilete-echo-by-women-in-music-96396/">https://www.iabilet.ro/bilete-echo-by-women-in-music-96396/</a></p>



<p></p>

<p>Conferința ECHO aduce împreună, la Cinema Elvira Popescu, femeile care inspiră, atât din industria muzicală, cât și din alte domenii creative.</p>
