{"id":3075,"date":"2021-11-29T08:28:24","date_gmt":"2021-11-29T08:28:24","guid":{"rendered":"https:\/\/institutfrancais.ro\/bucuresti\/?page_id=3075"},"modified":"2022-02-09T10:17:18","modified_gmt":"2022-02-09T10:17:18","slug":"lucreaza-cu-noi","status":"publish","type":"page","link":"https:\/\/institutfrancais.ro\/bucuresti\/despre-noi\/lucreaza-cu-noi\/","title":{"rendered":"Lucreaz\u0103 cu noi"},"content":{"rendered":"<ul class=\"wp-block-latest-posts__list is-grid columns-2 wp-block-latest-posts\"><li><div class=\"wp-block-latest-posts__featured-image alignleft\"><a href=\"https:\/\/institutfrancais.ro\/bucuresti\/recrutam-responsable-partenariats-marketing-f-h\/\" aria-label=\"RECRUT\u0102M: RESPONSABLE Partenariats &#8211; Marketing (F\/H)\"><img loading=\"lazy\" decoding=\"async\" width=\"1024\" height=\"465\" src=\"https:\/\/institutfrancais.ro\/bucuresti\/wp-content\/uploads\/sites\/2\/2023\/12\/offre-assist-cours-1024x465.jpg\" class=\"attachment-large size-large wp-post-image\" alt=\"\" style=\"max-width:256px;max-height:256px;\" srcset=\"https:\/\/institutfrancais.ro\/bucuresti\/wp-content\/uploads\/sites\/2\/2023\/12\/offre-assist-cours-1024x465.jpg 1024w, https:\/\/institutfrancais.ro\/bucuresti\/wp-content\/uploads\/sites\/2\/2023\/12\/offre-assist-cours-300x136.jpg 300w, https:\/\/institutfrancais.ro\/bucuresti\/wp-content\/uploads\/sites\/2\/2023\/12\/offre-assist-cours-768x349.jpg 768w, https:\/\/institutfrancais.ro\/bucuresti\/wp-content\/uploads\/sites\/2\/2023\/12\/offre-assist-cours-1536x698.jpg 1536w, https:\/\/institutfrancais.ro\/bucuresti\/wp-content\/uploads\/sites\/2\/2023\/12\/offre-assist-cours.jpg 1771w\" sizes=\"auto, (max-width: 1024px) 100vw, 1024px\" \/><\/a><\/div><a class=\"wp-block-latest-posts__post-title\" href=\"https:\/\/institutfrancais.ro\/bucuresti\/recrutam-responsable-partenariats-marketing-f-h\/\">RECRUT\u0102M: RESPONSABLE Partenariats &#8211; Marketing (F\/H)<\/a><div class=\"wp-block-latest-posts__post-excerpt\">Institutul Francez din Rom\u00e2nia (IFRo) la Bucure\u0219ti recruteaz\u0103 un colaborator (F\/H) Responsable partenariats &#8211; Marketing,\u2026 <a class=\"wp-block-latest-posts__read-more\" href=\"https:\/\/institutfrancais.ro\/bucuresti\/recrutam-responsable-partenariats-marketing-f-h\/\" rel=\"noopener noreferrer\">Cite\u0219te mai mult<span class=\"screen-reader-text\">: RECRUT\u0102M: RESPONSABLE Partenariats &#8211; Marketing (F\/H)<\/span><\/a><\/div><\/li>\n<li><div class=\"wp-block-latest-posts__featured-image alignleft\"><a href=\"https:\/\/institutfrancais.ro\/bucuresti\/recrutam-asistent-pol-comunicare-si-cultura\/\" aria-label=\"RECRUT\u0102M: Asistent Pol comunicare \u0219i cultur\u0103 (F\/H)\"><img loading=\"lazy\" decoding=\"async\" width=\"1024\" height=\"465\" src=\"https:\/\/institutfrancais.ro\/bucuresti\/wp-content\/uploads\/sites\/2\/2023\/09\/offre-assist-cours-1024x465.jpg\" class=\"attachment-large size-large wp-post-image\" alt=\"\" style=\"max-width:256px;max-height:256px;\" srcset=\"https:\/\/institutfrancais.ro\/bucuresti\/wp-content\/uploads\/sites\/2\/2023\/09\/offre-assist-cours-1024x465.jpg 1024w, https:\/\/institutfrancais.ro\/bucuresti\/wp-content\/uploads\/sites\/2\/2023\/09\/offre-assist-cours-300x136.jpg 300w, https:\/\/institutfrancais.ro\/bucuresti\/wp-content\/uploads\/sites\/2\/2023\/09\/offre-assist-cours-768x349.jpg 768w, https:\/\/institutfrancais.ro\/bucuresti\/wp-content\/uploads\/sites\/2\/2023\/09\/offre-assist-cours-1536x698.jpg 1536w, https:\/\/institutfrancais.ro\/bucuresti\/wp-content\/uploads\/sites\/2\/2023\/09\/offre-assist-cours.jpg 1771w\" sizes=\"auto, (max-width: 1024px) 100vw, 1024px\" \/><\/a><\/div><a class=\"wp-block-latest-posts__post-title\" href=\"https:\/\/institutfrancais.ro\/bucuresti\/recrutam-asistent-pol-comunicare-si-cultura\/\">RECRUT\u0102M: Asistent Pol comunicare \u0219i cultur\u0103 (F\/H)<\/a><div class=\"wp-block-latest-posts__post-excerpt\">Institutul Francez din Rom\u00e2nia (IFRo) la Bucure\u0219ti recruteaz\u0103 un colaborator (F\/H) Assistant p\u00f4les communication et\u2026 <a class=\"wp-block-latest-posts__read-more\" href=\"https:\/\/institutfrancais.ro\/bucuresti\/recrutam-asistent-pol-comunicare-si-cultura\/\" rel=\"noopener noreferrer\">Cite\u0219te mai mult<span class=\"screen-reader-text\">: RECRUT\u0102M: Asistent Pol comunicare \u0219i cultur\u0103 (F\/H)<\/span><\/a><\/div><\/li>\n<li><div class=\"wp-block-latest-posts__featured-image alignleft\"><a href=\"https:\/\/institutfrancais.ro\/bucuresti\/recrutam-responsable-reseaux-sociaux\/\" aria-label=\"RECRUT\u0102M: Responsable &#8222;R\u00e9seaux sociaux&#8221;\"><img loading=\"lazy\" decoding=\"async\" width=\"1024\" height=\"465\" src=\"https:\/\/institutfrancais.ro\/bucuresti\/wp-content\/uploads\/sites\/2\/2023\/12\/offre-assist-cours-1024x465.jpg\" class=\"attachment-large size-large wp-post-image\" alt=\"\" style=\"max-width:256px;max-height:256px;\" srcset=\"https:\/\/institutfrancais.ro\/bucuresti\/wp-content\/uploads\/sites\/2\/2023\/12\/offre-assist-cours-1024x465.jpg 1024w, https:\/\/institutfrancais.ro\/bucuresti\/wp-content\/uploads\/sites\/2\/2023\/12\/offre-assist-cours-300x136.jpg 300w, https:\/\/institutfrancais.ro\/bucuresti\/wp-content\/uploads\/sites\/2\/2023\/12\/offre-assist-cours-768x349.jpg 768w, https:\/\/institutfrancais.ro\/bucuresti\/wp-content\/uploads\/sites\/2\/2023\/12\/offre-assist-cours-1536x698.jpg 1536w, https:\/\/institutfrancais.ro\/bucuresti\/wp-content\/uploads\/sites\/2\/2023\/12\/offre-assist-cours.jpg 1771w\" sizes=\"auto, (max-width: 1024px) 100vw, 1024px\" \/><\/a><\/div><a class=\"wp-block-latest-posts__post-title\" href=\"https:\/\/institutfrancais.ro\/bucuresti\/recrutam-responsable-reseaux-sociaux\/\">RECRUT\u0102M: Responsable &#8222;R\u00e9seaux sociaux&#8221;<\/a><div class=\"wp-block-latest-posts__post-excerpt\">Institutul Francez din Rom\u00e2nia (IFRo) la Bucure\u0219ti recruteaz\u0103 un responsabil &#8222;R\u00e9seaux sociaux&#8221;&#8211; (F\/H), \u00eencep\u00e2nd cu\u2026 <a class=\"wp-block-latest-posts__read-more\" href=\"https:\/\/institutfrancais.ro\/bucuresti\/recrutam-responsable-reseaux-sociaux\/\" rel=\"noopener noreferrer\">Cite\u0219te mai mult<span class=\"screen-reader-text\">: RECRUT\u0102M: Responsable &#8222;R\u00e9seaux sociaux&#8221;<\/span><\/a><\/div><\/li>\n<li><div class=\"wp-block-latest-posts__featured-image alignleft\"><a href=\"https:\/\/institutfrancais.ro\/bucuresti\/recrutam-coordonator-coordonatoare-pedagogica-f-h\/\" aria-label=\"RECRUT\u0102M: Coordonator \/ Coordonatoare pedagogic\u0103 (F\/H)\"><img loading=\"lazy\" decoding=\"async\" width=\"1024\" height=\"465\" src=\"https:\/\/institutfrancais.ro\/bucuresti\/wp-content\/uploads\/sites\/2\/2022\/09\/offre-assist-cours-1024x465.jpg\" class=\"attachment-large size-large wp-post-image\" alt=\"\" style=\"max-width:256px;max-height:256px;\" srcset=\"https:\/\/institutfrancais.ro\/bucuresti\/wp-content\/uploads\/sites\/2\/2022\/09\/offre-assist-cours-1024x465.jpg 1024w, https:\/\/institutfrancais.ro\/bucuresti\/wp-content\/uploads\/sites\/2\/2022\/09\/offre-assist-cours-300x136.jpg 300w, https:\/\/institutfrancais.ro\/bucuresti\/wp-content\/uploads\/sites\/2\/2022\/09\/offre-assist-cours-768x349.jpg 768w, https:\/\/institutfrancais.ro\/bucuresti\/wp-content\/uploads\/sites\/2\/2022\/09\/offre-assist-cours-1536x698.jpg 1536w, https:\/\/institutfrancais.ro\/bucuresti\/wp-content\/uploads\/sites\/2\/2022\/09\/offre-assist-cours.jpg 1771w\" sizes=\"auto, (max-width: 1024px) 100vw, 1024px\" \/><\/a><\/div><a class=\"wp-block-latest-posts__post-title\" href=\"https:\/\/institutfrancais.ro\/bucuresti\/recrutam-coordonator-coordonatoare-pedagogica-f-h\/\">RECRUT\u0102M: Coordonator \/ Coordonatoare pedagogic\u0103 (F\/H)<\/a><div class=\"wp-block-latest-posts__post-excerpt\">Institutul Francez din Rom\u00e2nia (IFRo) la Bucure\u0219ti recruteaz\u0103 un\/o\u00a0coordonator\/coordonatoare pedagogic\u0103 \u00eencep\u00e2nd cu data de\u00a02 iunie\u2026 <a class=\"wp-block-latest-posts__read-more\" href=\"https:\/\/institutfrancais.ro\/bucuresti\/recrutam-coordonator-coordonatoare-pedagogica-f-h\/\" rel=\"noopener noreferrer\">Cite\u0219te mai mult<span class=\"screen-reader-text\">: RECRUT\u0102M: Coordonator \/ Coordonatoare pedagogic\u0103 (F\/H)<\/span><\/a><\/div><\/li>\n<\/ul>","protected":false},"excerpt":{"rendered":"","protected":false},"author":15,"featured_media":3543,"parent":317,"menu_order":0,"comment_status":"closed","ping_status":"closed","template":"","meta":{"footnotes":""},"class_list":["post-3075","page","type-page","status-publish","has-post-thumbnail","hentry"],"_links":{"self":[{"href":"https:\/\/institutfrancais.ro\/bucuresti\/wp-json\/wp\/v2\/pages\/3075","targetHints":{"allow":["GET"]}}],"collection":[{"href":"https:\/\/institutfrancais.ro\/bucuresti\/wp-json\/wp\/v2\/pages"}],"about":[{"href":"https:\/\/institutfrancais.ro\/bucuresti\/wp-json\/wp\/v2\/types\/page"}],"author":[{"embeddable":true,"href":"https:\/\/institutfrancais.ro\/bucuresti\/wp-json\/wp\/v2\/users\/15"}],"replies":[{"embeddable":true,"href":"https:\/\/institutfrancais.ro\/bucuresti\/wp-json\/wp\/v2\/comments?post=3075"}],"version-history":[{"count":11,"href":"https:\/\/institutfrancais.ro\/bucuresti\/wp-json\/wp\/v2\/pages\/3075\/revisions"}],"predecessor-version":[{"id":4508,"href":"https:\/\/institutfrancais.ro\/bucuresti\/wp-json\/wp\/v2\/pages\/3075\/revisions\/4508"}],"up":[{"embeddable":true,"href":"https:\/\/institutfrancais.ro\/bucuresti\/wp-json\/wp\/v2\/pages\/317"}],"wp:featuredmedia":[{"embeddable":true,"href":"https:\/\/institutfrancais.ro\/bucuresti\/wp-json\/wp\/v2\/media\/3543"}],"wp:attachment":[{"href":"https:\/\/institutfrancais.ro\/bucuresti\/wp-json\/wp\/v2\/media?parent=3075"}],"curies":[{"name":"wp","href":"https:\/\/api.w.org\/{rel}","templated":true}]}}

Lucrează cu noi

<ul class="wp-block-latest-posts__list is-grid columns-2 wp-block-latest-posts"><li><div class="wp-block-latest-posts__featured-image alignleft"><a href="https://institutfrancais.ro/bucuresti/recrutam-responsable-partenariats-marketing-f-h/" aria-label="RECRUTĂM: RESPONSABLE Partenariats &#8211; Marketing (F/H)"><img loading="lazy" decoding="async" width="1024" height="465" src="https://institutfrancais.ro/bucuresti/wp-content/uploads/sites/2/2023/12/offre-assist-cours-1024x465.jpg" class="attachment-large size-large wp-post-image" alt="" style="max-width:256px;max-height:256px;" srcset="https://institutfrancais.ro/bucuresti/wp-content/uploads/sites/2/2023/12/offre-assist-cours-1024x465.jpg 1024w, https://institutfrancais.ro/bucuresti/wp-content/uploads/sites/2/2023/12/offre-assist-cours-300x136.jpg 300w, https://institutfrancais.ro/bucuresti/wp-content/uploads/sites/2/2023/12/offre-assist-cours-768x349.jpg 768w, https://institutfrancais.ro/bucuresti/wp-content/uploads/sites/2/2023/12/offre-assist-cours-1536x698.jpg 1536w, https://institutfrancais.ro/bucuresti/wp-content/uploads/sites/2/2023/12/offre-assist-cours.jpg 1771w" sizes="auto, (max-width: 1024px) 100vw, 1024px" /></a></div><a class="wp-block-latest-posts__post-title" href="https://institutfrancais.ro/bucuresti/recrutam-responsable-partenariats-marketing-f-h/">RECRUTĂM: RESPONSABLE Partenariats &#8211; Marketing (F/H)</a><div class="wp-block-latest-posts__post-excerpt">Institutul Francez din România (IFRo) la București recrutează un colaborator (F/H) Responsable partenariats &#8211; Marketing,… <a class="wp-block-latest-posts__read-more" href="https://institutfrancais.ro/bucuresti/recrutam-responsable-partenariats-marketing-f-h/" rel="noopener noreferrer">Citește mai mult<span class="screen-reader-text">: RECRUTĂM: RESPONSABLE Partenariats &#8211; Marketing (F/H)</span></a></div></li>
<li><div class="wp-block-latest-posts__featured-image alignleft"><a href="https://institutfrancais.ro/bucuresti/recrutam-asistent-pol-comunicare-si-cultura/" aria-label="RECRUTĂM: Asistent Pol comunicare și cultură (F/H)"><img loading="lazy" decoding="async" width="1024" height="465" src="https://institutfrancais.ro/bucuresti/wp-content/uploads/sites/2/2023/09/offre-assist-cours-1024x465.jpg" class="attachment-large size-large wp-post-image" alt="" style="max-width:256px;max-height:256px;" srcset="https://institutfrancais.ro/bucuresti/wp-content/uploads/sites/2/2023/09/offre-assist-cours-1024x465.jpg 1024w, https://institutfrancais.ro/bucuresti/wp-content/uploads/sites/2/2023/09/offre-assist-cours-300x136.jpg 300w, https://institutfrancais.ro/bucuresti/wp-content/uploads/sites/2/2023/09/offre-assist-cours-768x349.jpg 768w, https://institutfrancais.ro/bucuresti/wp-content/uploads/sites/2/2023/09/offre-assist-cours-1536x698.jpg 1536w, https://institutfrancais.ro/bucuresti/wp-content/uploads/sites/2/2023/09/offre-assist-cours.jpg 1771w" sizes="auto, (max-width: 1024px) 100vw, 1024px" /></a></div><a class="wp-block-latest-posts__post-title" href="https://institutfrancais.ro/bucuresti/recrutam-asistent-pol-comunicare-si-cultura/">RECRUTĂM: Asistent Pol comunicare și cultură (F/H)</a><div class="wp-block-latest-posts__post-excerpt">Institutul Francez din România (IFRo) la București recrutează un colaborator (F/H) Assistant pôles communication et… <a class="wp-block-latest-posts__read-more" href="https://institutfrancais.ro/bucuresti/recrutam-asistent-pol-comunicare-si-cultura/" rel="noopener noreferrer">Citește mai mult<span class="screen-reader-text">: RECRUTĂM: Asistent Pol comunicare și cultură (F/H)</span></a></div></li>
<li><div class="wp-block-latest-posts__featured-image alignleft"><a href="https://institutfrancais.ro/bucuresti/recrutam-responsable-reseaux-sociaux/" aria-label="RECRUTĂM: Responsable &#8222;Réseaux sociaux&#8221;"><img loading="lazy" decoding="async" width="1024" height="465" src="https://institutfrancais.ro/bucuresti/wp-content/uploads/sites/2/2023/12/offre-assist-cours-1024x465.jpg" class="attachment-large size-large wp-post-image" alt="" style="max-width:256px;max-height:256px;" srcset="https://institutfrancais.ro/bucuresti/wp-content/uploads/sites/2/2023/12/offre-assist-cours-1024x465.jpg 1024w, https://institutfrancais.ro/bucuresti/wp-content/uploads/sites/2/2023/12/offre-assist-cours-300x136.jpg 300w, https://institutfrancais.ro/bucuresti/wp-content/uploads/sites/2/2023/12/offre-assist-cours-768x349.jpg 768w, https://institutfrancais.ro/bucuresti/wp-content/uploads/sites/2/2023/12/offre-assist-cours-1536x698.jpg 1536w, https://institutfrancais.ro/bucuresti/wp-content/uploads/sites/2/2023/12/offre-assist-cours.jpg 1771w" sizes="auto, (max-width: 1024px) 100vw, 1024px" /></a></div><a class="wp-block-latest-posts__post-title" href="https://institutfrancais.ro/bucuresti/recrutam-responsable-reseaux-sociaux/">RECRUTĂM: Responsable &#8222;Réseaux sociaux&#8221;</a><div class="wp-block-latest-posts__post-excerpt">Institutul Francez din România (IFRo) la București recrutează un responsabil &#8222;Réseaux sociaux&#8221;&#8211; (F/H), începând cu… <a class="wp-block-latest-posts__read-more" href="https://institutfrancais.ro/bucuresti/recrutam-responsable-reseaux-sociaux/" rel="noopener noreferrer">Citește mai mult<span class="screen-reader-text">: RECRUTĂM: Responsable &#8222;Réseaux sociaux&#8221;</span></a></div></li>
<li><div class="wp-block-latest-posts__featured-image alignleft"><a href="https://institutfrancais.ro/bucuresti/recrutam-coordonator-coordonatoare-pedagogica-f-h/" aria-label="RECRUTĂM: Coordonator / Coordonatoare pedagogică (F/H)"><img loading="lazy" decoding="async" width="1024" height="465" src="https://institutfrancais.ro/bucuresti/wp-content/uploads/sites/2/2022/09/offre-assist-cours-1024x465.jpg" class="attachment-large size-large wp-post-image" alt="" style="max-width:256px;max-height:256px;" srcset="https://institutfrancais.ro/bucuresti/wp-content/uploads/sites/2/2022/09/offre-assist-cours-1024x465.jpg 1024w, https://institutfrancais.ro/bucuresti/wp-content/uploads/sites/2/2022/09/offre-assist-cours-300x136.jpg 300w, https://institutfrancais.ro/bucuresti/wp-content/uploads/sites/2/2022/09/offre-assist-cours-768x349.jpg 768w, https://institutfrancais.ro/bucuresti/wp-content/uploads/sites/2/2022/09/offre-assist-cours-1536x698.jpg 1536w, https://institutfrancais.ro/bucuresti/wp-content/uploads/sites/2/2022/09/offre-assist-cours.jpg 1771w" sizes="auto, (max-width: 1024px) 100vw, 1024px" /></a></div><a class="wp-block-latest-posts__post-title" href="https://institutfrancais.ro/bucuresti/recrutam-coordonator-coordonatoare-pedagogica-f-h/">RECRUTĂM: Coordonator / Coordonatoare pedagogică (F/H)</a><div class="wp-block-latest-posts__post-excerpt">Institutul Francez din România (IFRo) la București recrutează un/o coordonator/coordonatoare pedagogică începând cu data de 2 iunie… <a class="wp-block-latest-posts__read-more" href="https://institutfrancais.ro/bucuresti/recrutam-coordonator-coordonatoare-pedagogica-f-h/" rel="noopener noreferrer">Citește mai mult<span class="screen-reader-text">: RECRUTĂM: Coordonator / Coordonatoare pedagogică (F/H)</span></a></div></li>
</ul>
