{"id":319,"date":"2021-01-25T13:50:39","date_gmt":"2021-01-25T13:50:39","guid":{"rendered":"https:\/\/institutfrancais.ro\/bucuresti\/?page_id=42"},"modified":"2026-01-13T07:41:59","modified_gmt":"2026-01-13T07:41:59","slug":"cinema-elvire-popesco","status":"publish","type":"page","link":"https:\/\/institutfrancais.ro\/bucuresti\/cinema-elvire-popesco\/","title":{"rendered":"Cinema Elvire Popesco"},"content":{"rendered":"\n<p>Sala de cinema Elvire Popesco a Institutului Francez, deschis\u0103 \u00een 1979, a fost complet renovat\u0103 \u00een 2011. Cu o capacitate de 183 de locuri, sala are un singur ecran este echipat\u0103 cu un proiector 35mm \u0219i cu un videoproiector Barco-2k care permite proiec\u021biile pe suport digital DCP sau Blu-ray.<\/p>\n\n\n\n<p>Cinema Elvire Popesco este una dintre cele mai iubite s\u0103li de cinema din Bucure\u015fti \u015fi propune o programare bazat\u0103 pe filme de autor, europene \u015fi rom\u00e2ne\u015fti, fiind \u015fi membr\u0103 a re\u021belei Europa Cinemas din 2007. Num\u0103rul spectatorilor a crescut constant \u00een ultimii ani iar \u00een 2018 \u015fi 2019 Cinema Elvire Popesco a fost cel mai frecventat cinematograf cu un singur ecran din Rom\u00e2nia, totaliz\u00e2nd peste 75 000 spectatori, dar \u015fi cel mai frecventat cinematograf din re\u0163eaua de peste 50 de s\u0103li ale Institutului Francez din \u00eentreaga lume.<\/p>\n\n\n\n<p>\u00cen 2020, pentru a putea continua s\u0103 ofere filme publicului cinefil \u00een perioada c\u00e2t sala a fost \u00eenchis\u0103, Institutul Francez a lansat Elvire en Plein Air, un ciclu de proiec\u0163ii \u00een aer liber pe durata verii, \u015fi Elvire Chez Vous, un ciclu de proiec\u0163ii online care continu\u0103 \u00een 2021.<\/p>\n\n\n\n<p>\u00cen afar\u0103 de proiec\u021biile de film, sala mai g\u0103zduie\u0219te proiec\u021bii speciale, avanpremiere, numeroase festivaluri de film, dar \u015fi alte evenimente culturale (conferin\u021be, concerte, spectacole de teatru \u0219i dans).<\/p>\n\n\n\n<p><a href=\"http:\/\/www.elvirepopesco.ro\">www.elvirepopesco.ro <\/a><\/p>\n","protected":false},"excerpt":{"rendered":"<p>Sala de cinema Elvire Popesco a Institutului Francez, deschis\u0103 \u00een 1979, a fost complet renovat\u0103 \u00een 2011. Cu o capacitate de 183 de locuri, sala are un singur ecran este echipat\u0103 cu un proiector 35mm \u0219i cu un videoproiector Barco-2k care permite proiec\u021biile pe suport digital DCP sau Blu-ray. Cinema Elvire Popesco este una dintre [&hellip;]<\/p>\n","protected":false},"author":2,"featured_media":1124,"parent":0,"menu_order":0,"comment_status":"closed","ping_status":"closed","template":"","meta":{"footnotes":""},"class_list":["post-319","page","type-page","status-publish","has-post-thumbnail","hentry"],"_links":{"self":[{"href":"https:\/\/institutfrancais.ro\/bucuresti\/wp-json\/wp\/v2\/pages\/319","targetHints":{"allow":["GET"]}}],"collection":[{"href":"https:\/\/institutfrancais.ro\/bucuresti\/wp-json\/wp\/v2\/pages"}],"about":[{"href":"https:\/\/institutfrancais.ro\/bucuresti\/wp-json\/wp\/v2\/types\/page"}],"author":[{"embeddable":true,"href":"https:\/\/institutfrancais.ro\/bucuresti\/wp-json\/wp\/v2\/users\/2"}],"replies":[{"embeddable":true,"href":"https:\/\/institutfrancais.ro\/bucuresti\/wp-json\/wp\/v2\/comments?post=319"}],"version-history":[{"count":5,"href":"https:\/\/institutfrancais.ro\/bucuresti\/wp-json\/wp\/v2\/pages\/319\/revisions"}],"predecessor-version":[{"id":11955,"href":"https:\/\/institutfrancais.ro\/bucuresti\/wp-json\/wp\/v2\/pages\/319\/revisions\/11955"}],"wp:featuredmedia":[{"embeddable":true,"href":"https:\/\/institutfrancais.ro\/bucuresti\/wp-json\/wp\/v2\/media\/1124"}],"wp:attachment":[{"href":"https:\/\/institutfrancais.ro\/bucuresti\/wp-json\/wp\/v2\/media?parent=319"}],"curies":[{"name":"wp","href":"https:\/\/api.w.org\/{rel}","templated":true}]}}