{"id":393,"date":"2021-02-17T12:38:27","date_gmt":"2021-02-17T12:38:27","guid":{"rendered":"https:\/\/institutfrancais.ro\/bucuresti\/?page_id=393"},"modified":"2021-02-27T13:26:53","modified_gmt":"2021-02-27T13:26:53","slug":"cookie-uri","status":"publish","type":"page","link":"https:\/\/institutfrancais.ro\/bucuresti\/cookie-uri\/","title":{"rendered":"Politica de cookie-uri"},"content":{"rendered":"\n<h3 class=\"wp-block-heading\"><strong>1) Ce sunt cookie-urile?<\/strong><\/h3>\n\n\n\n<p>Cookie-urile sunt fi\u0219iere mici de litere \u0219i numere desc\u0103rcate pe terminalul dumneavoastr\u0103 atunci c\u00e2nd accesa\u021bi suporturi media (inclusiv site-ul nostru).<\/p>\n\n\n\n<p>Folosim cookie-uri pentru a v\u0103 recunoa\u0219te atunci c\u00e2nd v\u0103 conecta\u021bi din nou pe suporturile noastre media \u0219i pentru a v\u0103 prezenta con\u021binuturi care s\u0103 v\u0103 corespund\u0103.<\/p>\n\n\n\n<p>Fiecare cookie poate fi citit doar de serverul web care l-a generat.<\/p>\n\n\n\n<p>Institutul Francez din Rom\u00e2nia utilizeaz\u0103 cookie-urile pentru a \u0219ti dac\u0103 ave\u021bi deja creat un cont client, \u00een felul acesta nefiind necesar s\u0103 reintroduce\u021bi anumite informa\u021bii de fiecare data c\u00e2nd intra\u021bi pe site.<\/p>\n\n\n\n<p>De asemenea, Institutul Francez din Rom\u00e2nia poate folosi cookie-uri pentru a personaliza vizita dumneavoastr\u0103 \u00een cadrul website-ului.<\/p>\n\n\n\n<p><strong>Nu utiliz\u0103m cookie-uri pentru a stoca informa\u021bii ale cardurilor, adrese sau alte informa\u021bii personale.<\/strong><\/p>\n\n\n\n<h3 class=\"wp-block-heading\"><strong>2) Cum se seteaz\u0103 cookie-urile?<\/strong><\/h3>\n\n\n\n<p>Set\u0103rile implicite ale browser-elor sunt de obicei setate s\u0103 accepte cookie-uri, dar pute\u021bi schimba cu u\u0219urin\u021b\u0103 acest lucru prin modificarea set\u0103rilor din browser-ul dumneavoastr\u0103.<\/p>\n\n\n\n<p>Cu toate acestea, v\u0103 rug\u0103m s\u0103 re\u021bine\u021bi c\u0103, dac\u0103 alege\u021bi s\u0103 dezactiva\u021bi cookie-urile, este posibil ca unele p\u0103r\u021bi ale suporturilor noastre s\u0103 nu v\u0103 fie accesibile.<\/p>\n\n\n\n<h3 class=\"wp-block-heading\"><strong>3) Ce cookie-uri folosim?<\/strong><\/h3>\n\n\n\n<p>Institutul Francez din Rom\u00e2nia utilizeaz\u0103 cookie-uri pentru:<\/p>\n\n\n\n<ul class=\"wp-block-list\"><li>a \u0219ti dac\u0103 ave\u021bi deja un cont client, \u00een felul acesta nefiind necesar s\u0103 reintroduce\u021bi anumite informa\u021bii de fiecare dat\u0103 c\u00e2nd intra\u021bi pe site;<\/li><li> a personaliza vizita dumneavoastr\u0103 \u00een cadrul website-ului.<\/li><\/ul>\n\n\n\n<p>Nu utiliz\u0103m cookie-uri pentru a stoca informa\u021bii ale cardurilor, adrese sau alte informa\u021bii personale.<\/p>\n\n\n\n<h3 class=\"wp-block-heading\"><strong>4) Accept\u0103m cookie-uri de la ter\u021be p\u0103r\u021bi?<\/strong><\/h3>\n\n\n\n<p>Cookie-uri ale unor ter\u021be p\u0103r\u021bi pot fi stocate pe dispozitiv av\u00e2nd scopul de a personaliza \u0219i\/sau de a \u00eembun\u0103t\u0103\u021bi con\u021binuturile care v\u0103 pot fi oferite \u00een timpul navig\u0103rii.<\/p>\n\n\n\n<p>\u00cen func\u021bie de site, mai multe cookie-uri ale unor ter\u021be p\u0103r\u021bi vor fi eligibile pentru \u00eenregistrare, inclusiv pentru:<\/p>\n\n\n\n<ul class=\"wp-block-list\"><li>utilizarea re\u021belelor sociale atunci c\u00e2nd v\u0103 conecta\u021bi;<\/li><li>recuperarea con\u021binutului de pe site-uri ale unor ter\u021be p\u0103r\u021bi;<\/li><li>localizarea geografic\u0103 a adreselor introduse.<\/li><\/ul>\n","protected":false},"excerpt":{"rendered":"<p>1) Ce sunt cookie-urile? Cookie-urile sunt fi\u0219iere mici de litere \u0219i numere desc\u0103rcate pe terminalul dumneavoastr\u0103 atunci c\u00e2nd accesa\u021bi suporturi media (inclusiv site-ul nostru). Folosim cookie-uri pentru a v\u0103 recunoa\u0219te atunci c\u00e2nd v\u0103 conecta\u021bi din nou pe suporturile noastre media \u0219i pentru a v\u0103 prezenta con\u021binuturi care s\u0103 v\u0103 corespund\u0103. Fiecare cookie poate fi citit [&hellip;]<\/p>\n","protected":false},"author":1,"featured_media":0,"parent":0,"menu_order":0,"comment_status":"closed","ping_status":"closed","template":"template\/simple-page-template.php","meta":{"footnotes":""},"class_list":["post-393","page","type-page","status-publish","hentry"],"_links":{"self":[{"href":"https:\/\/institutfrancais.ro\/bucuresti\/wp-json\/wp\/v2\/pages\/393","targetHints":{"allow":["GET"]}}],"collection":[{"href":"https:\/\/institutfrancais.ro\/bucuresti\/wp-json\/wp\/v2\/pages"}],"about":[{"href":"https:\/\/institutfrancais.ro\/bucuresti\/wp-json\/wp\/v2\/types\/page"}],"author":[{"embeddable":true,"href":"https:\/\/institutfrancais.ro\/bucuresti\/wp-json\/wp\/v2\/users\/1"}],"replies":[{"embeddable":true,"href":"https:\/\/institutfrancais.ro\/bucuresti\/wp-json\/wp\/v2\/comments?post=393"}],"version-history":[{"count":3,"href":"https:\/\/institutfrancais.ro\/bucuresti\/wp-json\/wp\/v2\/pages\/393\/revisions"}],"predecessor-version":[{"id":637,"href":"https:\/\/institutfrancais.ro\/bucuresti\/wp-json\/wp\/v2\/pages\/393\/revisions\/637"}],"wp:attachment":[{"href":"https:\/\/institutfrancais.ro\/bucuresti\/wp-json\/wp\/v2\/media?parent=393"}],"curies":[{"name":"wp","href":"https:\/\/api.w.org\/{rel}","templated":true}]}}