{"id":8348,"date":"2024-02-12T12:10:56","date_gmt":"2024-02-12T12:10:56","guid":{"rendered":"https:\/\/institutfrancais.ro\/bucuresti\/?page_id=8348"},"modified":"2025-12-10T07:50:50","modified_gmt":"2025-12-10T07:50:50","slug":"bourses-france-excellence-roumanie-bourses-du-gouvernement-francais","status":"publish","type":"page","link":"https:\/\/institutfrancais.ro\/bucuresti\/bourses-france-excellence-roumanie-bourses-du-gouvernement-francais\/","title":{"rendered":"BOURSES FRANCE EXCELLENCE ROUMANIE (Bourses du Gouvernement Fran\u00e7ais)"},"content":{"rendered":"\n<p>Programul&nbsp;<strong>France Excellence Rom\u00e2nia<\/strong>&nbsp;este deschis candida\u021bilor rom\u00e2ni. \u00cen fiecare an,&nbsp;<strong>Ambasada Fran\u021bei \u00een Rom\u00e2nia<\/strong>&nbsp;\u0219i&nbsp;<strong>Institutul Francez din Rom\u00e2nia<\/strong>&nbsp;lanseaz\u0103 un apel na\u021bional pentru bursele France Excellence Rom\u00e2nia (fostele burse guvernamentale franceze) pentru Masterat, Doctorat \u0219i Post-Doctorat.<\/p>\n\n\n\n<h2 class=\"wp-block-heading\">MASTERAT<\/h2>\n\n\n\n<p>\u00cen fiecare an, Ambasada Fran\u021bei \u00een Rom\u00e2nia \u0219i Institutul Francez din Rom\u00e2nia lanseaz\u0103 un apel la candidaturi pentru studen\u021bii rom\u00e2ni care doresc s\u0103-\u0219i continue studiile \u00een Fran\u021ba. Acest apel este deschis candida\u021bilor la nivel de&nbsp;<strong>masterat&nbsp;<\/strong>p\u00e2n\u0103 la data de&nbsp;<strong>6 martie 2026<\/strong>.<\/p>\n\n\n\n<h4 class=\"wp-block-heading\"><strong>Avantajele bursei guvernamentale de Master<\/strong><\/h4>\n\n\n\n<ul class=\"wp-block-list\">\n<li>Bursa propriu-zis\u0103, \u00een valoare de 860 euro\/lun\u0103*<\/li>\n\n\n\n<li>Asigurare social\u0103 \u0219i r\u0103spundere civil\u0103<\/li>\n\n\n\n<li>Posibilitate de cazare \u00een campusul universitar, \u00een func\u021bie de locurile disponibile<\/li>\n\n\n\n<li>Primirea \u015fi consilierea pe toat\u0103 durata sejurului de studii de c\u0103tre Campus Fran\u0163a<br>* \u00een func\u021bie de bugetul anual alocat burselor<\/li>\n<\/ul>\n\n\n\n<p><strong>NB: Durata bursei guvernamentale la nivel de Master este de 10 luni.<\/strong><\/p>\n\n\n\n<h4 class=\"wp-block-heading\"><strong>Cerin\u021be de eligibilitate<\/strong><\/h4>\n\n\n\n<p>Candida\u021bii trebuie:<\/p>\n\n\n\n<ul class=\"wp-block-list\">\n<li>S\u0103 aib\u0103 cet\u0103\u021benie rom\u00e2n\u0103 (bursa nu este deschis\u0103 candida\u021bilor cu dubl\u0103 cet\u0103\u021benie francez\u0103)<\/li>\n\n\n\n<li>S\u0103 aib\u0103 finaliza\u0163i trei sau patru ani de studii superioare (nivel Licen\u0163\u0103 sau Master 1) sau s\u0103 fie \u00een prezent \u00een anul trei de Licen\u0163\u0103 sau Master 1<\/li>\n\n\n\n<li>S\u0103 fi depus o cerere la una sau mai multe universit\u0103\u021bi franceze la alegerea lor. Dovada unui prim contact cu un \u00eendrum\u0103tor de master \u00een Fran\u021ba va fi foarte apreciat\u0103 (schimb de e-mailuri, etc.).<\/li>\n<\/ul>\n\n\n\n<p><strong>Ambasada Fran\u021bei nu intervine \u00een niciun fel \u00een c\u0103utarea de stagii de formare pentru candida\u021bi.<\/strong><\/p>\n\n\n\n<h4 class=\"wp-block-heading\"><strong>Cum candida\u021bi?<\/strong><\/h4>\n\n\n\n<p>Candida\u0163ii trebuie s\u0103 constituie un dosar care va con\u0163ine urm\u0103toarele documente:<\/p>\n\n\n\n<ul class=\"wp-block-list\">\n<li>Formularul de candidatur\u0103 completat \u015fi semnat (a se vedea mai jos):<\/li>\n<\/ul>\n\n\n\n<div class=\"wp-block-file\"><a id=\"wp-block-file--media-c6653d66-57b9-4321-8365-50937dfc373f\" href=\"https:\/\/institutfrancais.ro\/bucuresti\/wp-content\/uploads\/sites\/2\/2025\/12\/Fiche-de-renseignements_Master_2026.doc\">Fiche-de-renseignements_Master_2026<\/a><a href=\"https:\/\/institutfrancais.ro\/bucuresti\/wp-content\/uploads\/sites\/2\/2025\/12\/Fiche-de-renseignements_Master_2026.doc\" class=\"wp-block-file__button wp-element-button\" download aria-describedby=\"wp-block-file--media-c6653d66-57b9-4321-8365-50937dfc373f\">Descarc\u0103<\/a><\/div>\n\n\n\n<ul class=\"wp-block-list\">\n<li>O copie a unui act de identitate (pa\u0219aport sau carte de identitate)<\/li>\n\n\n\n<li>O scrisoarea de motiva\u0163ie \u00een francez\u0103 (prezentarea proiectului de studiu)<\/li>\n\n\n\n<li>Un CV \u00een limba francez\u0103<\/li>\n\n\n\n<li>O scrisoare de recomandare (op\u021bional)<\/li>\n\n\n\n<li>Copia diplomei de bacalaureat<\/li>\n\n\n\n<li>Copii ale diplomelor academice ob\u0163inute (\u00een absen\u0163a diplomei, va fi acceptat\u0103 o adeverin\u0163\u0103 care atest\u0103 ob\u0163inerea diplomei)<\/li>\n\n\n\n<li>Foi matricole corespunz\u0103toare tuturor anilor de studii dup\u0103 bacalaureat<\/li>\n\n\n\n<li>Un test DELF\/DALF\/TCF sau o diplom\u0103 \u00een limba francez\u0103 (op\u021bional)<\/li>\n\n\n\n<li>Dovada contactului ini\u021bial cu coordonatorii cursului solicitat (captur\u0103 de ecran a schimburilor de e-mail cu responsabilii cursului de masterat solicitat) (op\u021bional)<\/li>\n<\/ul>\n\n\n\n<p><strong>NB: F\u0103r\u0103 a fi obligatoriu, un certificat lingvistic de cunoa\u015ftere a limbii franceze, de nivel B2 sau superior (DELF sau TCF) va constitui un avantaj. Nivelul de cunoa\u015ftere a limbii franceze de c\u0103tre candida\u0163ii preselec\u0163iona\u0163i va fi evaluat cu ocazia interviului de selec\u0163ie final\u0103.<\/strong><\/p>\n\n\n\n<p>Pentru a aplica, v\u0103 rug\u0103m s\u0103 completa\u021bi&nbsp;<strong>formularul online corespunz\u0103tor<\/strong>&nbsp;<strong>nivelului dumneavoastr\u0103<\/strong>: <a href=\"https:\/\/forms.gle\/BZEzrMYpKarMYE2B7\">https:\/\/forms.gle\/BZEzrMYpKarMYE2B7<\/a><\/p>\n\n\n\n<p><strong>V\u0103 rug\u0103m s\u0103 re\u021bine\u021bi c\u0103 diferitele documente din dosarul de candidatur\u0103 trebuie s\u0103 fie prezentate \u00een c\u00e2mpurile dedicate din formularul de candidatur\u0103.<\/strong><\/p>\n\n\n\n<p>V\u0103 rug\u0103m s\u0103 denumi\u021bi toate documentele ata\u0219ate conform urm\u0103torului model:<\/p>\n\n\n\n<p><strong>NUME_Prenume_<\/strong>&nbsp;<strong>Scrisoare de motiva\u021bie<\/strong><\/p>\n\n\n\n<p><strong>Nerespectarea acestor instruc\u021biuni va duce la invalidarea cererii dumneavoastr\u0103. V\u0103 rug\u0103m s\u0103 completa\u021bi formularul o SINGUR\u0102 dat\u0103.<\/strong><\/p>\n\n\n\n<p>\u00cenainte de a completa formularul de cerere, v\u0103 rug\u0103m s\u0103 citi\u021bi cu aten\u021bie&nbsp;<strong>ghidul practic&nbsp;<\/strong>\u0219i&nbsp;<strong>nota explicativ\u0103<\/strong>, pe care le pute\u021bi consulta mai jos:<\/p>\n\n\n\n<div class=\"wp-block-file\"><a id=\"wp-block-file--media-3bbeb483-5fff-4b0a-b7f2-89b188462cba\" href=\"https:\/\/institutfrancais.ro\/bucuresti\/wp-content\/uploads\/sites\/2\/2025\/12\/Guide-pratique-FAQ-2026-2027-sauf-pdg.docx\">Guide-pratique-FAQ-2026-2027 <\/a><a href=\"https:\/\/institutfrancais.ro\/bucuresti\/wp-content\/uploads\/sites\/2\/2025\/12\/Guide-pratique-FAQ-2026-2027-sauf-pdg.docx\" class=\"wp-block-file__button wp-element-button\" download aria-describedby=\"wp-block-file--media-3bbeb483-5fff-4b0a-b7f2-89b188462cba\">Descarc\u0103<\/a><\/div>\n\n\n\n<div class=\"wp-block-file\"><a id=\"wp-block-file--media-7ba13163-a7fb-4cd1-8ec7-e0be17316f97\" href=\"https:\/\/institutfrancais.ro\/bucuresti\/wp-content\/uploads\/sites\/2\/2025\/12\/Note-explicative-du-programme-BGF-2026.docx\">Note-explicative-du-programme-BGF-2026<\/a><a href=\"https:\/\/institutfrancais.ro\/bucuresti\/wp-content\/uploads\/sites\/2\/2025\/12\/Note-explicative-du-programme-BGF-2026.docx\" class=\"wp-block-file__button wp-element-button\" download aria-describedby=\"wp-block-file--media-7ba13163-a7fb-4cd1-8ec7-e0be17316f97\">Descarc\u0103<\/a><\/div>\n\n\n\n<p>Dac\u0103 ave\u021bi \u00eentreb\u0103ri cu privire la procesul de aplicare, v\u0103 rug\u0103m s\u0103 trimite\u021bi un e-mail la urm\u0103toarea adres\u0103: <strong><a href=\"mailto:bourses@institutfrancais.ro\">bourses@institutfrancais.ro<\/a><\/strong><\/p>\n\n\n\n<h2 class=\"wp-block-heading\">DOCTORAT<\/h2>\n\n\n\n<p>\u00cen fiecare an, Ambasada Fran\u021bei \u00een Rom\u00e2nia \u0219i Institutul Francez din Rom\u00e2nia lanseaz\u0103 un apel la candidaturi pentru studen\u021bii rom\u00e2ni care doresc s\u0103 \u00ee\u0219i continue studiile de doctorat \u00een Fran\u021ba sau \u00een colaborare cu un laborator de cercetare francez. Acest apel este deschis, la nivel de&nbsp;<strong>doctorat<\/strong>, candida\u021bilor care desf\u0103\u0219oar\u0103 o tez\u0103 \u00een cotutel\u0103, p\u00e2n\u0103 la data de&nbsp;<strong>6 martie 2026<\/strong>.<\/p>\n\n\n\n<h4 class=\"wp-block-heading\"><strong>Avantajele bursei guvernamentale de Doctorat<\/strong><\/h4>\n\n\n\n<ul class=\"wp-block-list\">\n<li>O indemniza\u021bie lunar\u0103 de 1.770 EUR\/lun\u0103* timp de 4 luni pe an, timp de maximum 3 ani <\/li>\n\n\n\n<li>Asigurare social\u0103 \u0219i r\u0103spundere civil\u0103<\/li>\n\n\n\n<li>Posibilitate de cazare \u00een campusul universitar, \u00een func\u021bie de locurile disponibile<\/li>\n\n\n\n<li>Primirea \u015fi consilierea pe toat\u0103 durata sejurului de studii de c\u0103tre Campus Fran\u0163a<br>* \u00een func\u021bie de parametrii \u0219i de bugetul anual alocat burselor<\/li>\n<\/ul>\n\n\n\n<h4 class=\"wp-block-heading\"><strong>Condi\u021bii de eligibilitate<\/strong><\/h4>\n\n\n\n<p>Candida\u021bii trebuie:<\/p>\n\n\n\n<ul class=\"wp-block-list\">\n<li>S\u0103 aib\u0103 cet\u0103\u021benie rom\u00e2n\u0103 (bursa nu este deschis\u0103 candida\u021bilor cu dubl\u0103 cet\u0103\u021benie francez\u0103)<\/li>\n\n\n\n<li>S\u0103 fie \u00eenscri\u0219i \u00een anul 1 sau 2 de doctorat \u00een cotutel\u0103<\/li>\n<\/ul>\n\n\n\n<p><strong>NB: Acest apel este deschis tuturor domeniilor de studii doctorale.<\/strong><\/p>\n\n\n\n<h4 class=\"wp-block-heading\"><strong>Cum candida\u021bi?<\/strong><\/h4>\n\n\n\n<p>Candida\u0163ii trebuie s\u0103 constituie un dosar care va con\u0163ine urm\u0103toarele documente:<\/p>\n\n\n\n<ul class=\"wp-block-list\">\n<li>Formularul de candidatur\u0103 completat \u015fi semnat (a se vedea mai jos):<\/li>\n<\/ul>\n\n\n\n<div class=\"wp-block-file\"><a id=\"wp-block-file--media-bee71375-cbb4-4421-b3d7-c56b608e1298\" href=\"https:\/\/institutfrancais.ro\/bucuresti\/wp-content\/uploads\/sites\/2\/2025\/12\/Fiche-de-renseignements_Doctoratcotutelle_2026.doc\">Fiche-de-renseignements_Doctoratcotutelle_2026<\/a><a href=\"https:\/\/institutfrancais.ro\/bucuresti\/wp-content\/uploads\/sites\/2\/2025\/12\/Fiche-de-renseignements_Doctoratcotutelle_2026.doc\" class=\"wp-block-file__button wp-element-button\" download aria-describedby=\"wp-block-file--media-bee71375-cbb4-4421-b3d7-c56b608e1298\">Descarc\u0103<\/a><\/div>\n\n\n\n<ul class=\"wp-block-list\">\n<li>Un proiect de cercetare (1-3 pagini)<\/li>\n\n\n\n<li>O copie a unui act de identitate (pa\u0219aport sau carte de identitate)<\/li>\n\n\n\n<li>O scrisoarea de motiva\u0163ie \u00een francez\u0103 (prezentarea subiectului de cercetare \u015fi pertinen\u0163a unei cotutele cu Fran\u0163a)<\/li>\n\n\n\n<li>Un CV \u00een limba francez\u0103<\/li>\n\n\n\n<li>O copie a diplomei de masterat (\u00een absen\u0163a diplomei, va fi acceptat\u0103 o adeverin\u0163\u0103 care atest\u0103 ob\u0163inerea diplomei)<\/li>\n\n\n\n<li>O copie a transcrierilor pentru to\u021bi anii de studii de masterat<\/li>\n\n\n\n<li>Acordul de principiu al directorului francez de cercetare sau acordul de cotutel\u0103, dac\u0103 este deja stabilit<\/li>\n\n\n\n<li>Programul de mobilitate preconizat de la 1 ianuarie 2027<\/li>\n\n\n\n<li>Un test DELF\/DALF\/TCF sau o diplom\u0103 \u00een limba francez\u0103 (op\u021bional)<\/li>\n\n\n\n<li>O scrisoare de recomandare (op\u021bional)<\/li>\n<\/ul>\n\n\n\n<p><strong>NB: F\u0103r\u0103 a fi obligatoriu, un certificat lingvistic de cunoa\u015ftere a limbii franceze, de nivel B1 sau superior (DELF sau TCF) va constitui un avantaj. Nivelul de cunoa\u015ftere a limbii franceze de c\u0103tre candida\u0163ii preselec\u0163iona\u0163i va fi evaluat cu ocazia interviului de selec\u0163ie final\u0103.<\/strong><\/p>\n\n\n\n<p>Pentru a aplica, v\u0103 rug\u0103m s\u0103 completa\u021bi<strong>&nbsp;formularul online corespunz\u0103tor nivelului dumneavoastr\u0103:<\/strong> <a href=\"https:\/\/forms.gle\/MMx48kpETRD9QWjRA\">https:\/\/forms.gle\/MMx48kpETRD9QWjRA<\/a><\/p>\n\n\n\n<p><strong>V\u0103 rug\u0103m s\u0103 re\u021bine\u021bi c\u0103 diferitele documente din dosarul de candidatur\u0103 trebuie s\u0103 fie prezentate \u00een c\u00e2mpurile dedicate din formularul de candidatur\u0103.<\/strong><\/p>\n\n\n\n<p>V\u0103 rug\u0103m s\u0103 denumi\u021bi toate documentele ata\u0219ate conform urm\u0103torului model:<\/p>\n\n\n\n<p><strong>NUME_Prenume_<\/strong>&nbsp;<strong>Scrisoare de motiva\u021bie<\/strong><\/p>\n\n\n\n<p><strong>Nerespectarea acestor instruc\u021biuni va duce la invalidarea cererii dumneavoastr\u0103. V\u0103 rug\u0103m s\u0103 completa\u021bi formularul o SINGUR\u0102 dat\u0103.<\/strong><\/p>\n\n\n\n<p>\u00cenainte de a completa formularul de cerere, v\u0103 rug\u0103m s\u0103 citi\u021bi cu aten\u021bie&nbsp;<strong>ghidul practic<\/strong>&nbsp;\u0219i&nbsp;<strong>nota explicativ\u0103<\/strong>, pe care le pute\u021bi consulta mai jos:<\/p>\n\n\n\n<div class=\"wp-block-file\"><a id=\"wp-block-file--media-cdd21aff-facf-44ae-8c3d-dc2a016bc958\" href=\"https:\/\/institutfrancais.ro\/bucuresti\/wp-content\/uploads\/sites\/2\/2025\/12\/Guide-pratique-FAQ-2026-2027-sauf-pdg-1.docx\">Guide-pratique-FAQ-2026-2027 <\/a><a href=\"https:\/\/institutfrancais.ro\/bucuresti\/wp-content\/uploads\/sites\/2\/2025\/12\/Guide-pratique-FAQ-2026-2027-sauf-pdg-1.docx\" class=\"wp-block-file__button wp-element-button\" download aria-describedby=\"wp-block-file--media-cdd21aff-facf-44ae-8c3d-dc2a016bc958\">Descarc\u0103<\/a><\/div>\n\n\n\n<div class=\"wp-block-file\"><a id=\"wp-block-file--media-40c982b4-5e88-428c-87be-e9d146280fe4\" href=\"https:\/\/institutfrancais.ro\/bucuresti\/wp-content\/uploads\/sites\/2\/2025\/12\/Note-explicative-du-programme-BGF-2026-1.docx\">Note-explicative-du-programme-BGF-2026<\/a><a href=\"https:\/\/institutfrancais.ro\/bucuresti\/wp-content\/uploads\/sites\/2\/2025\/12\/Note-explicative-du-programme-BGF-2026-1.docx\" class=\"wp-block-file__button wp-element-button\" download aria-describedby=\"wp-block-file--media-40c982b4-5e88-428c-87be-e9d146280fe4\">Descarc\u0103<\/a><\/div>\n\n\n\n<p>Dac\u0103 ave\u021bi \u00eentreb\u0103ri cu privire la procesul de aplicare, v\u0103 rug\u0103m s\u0103 trimite\u021bi un e-mail la urm\u0103toarea adres\u0103: <strong><a href=\"mailto:bourses@institutfrancais.ro\">bourses@institutfrancais.ro<\/a><\/strong><\/p>\n\n\n\n<p><\/p>\n\n\n\n<h2 class=\"wp-block-heading\">POST-DOCTORAT<\/h2>\n\n\n\n<p>\u00cen fiecare an, Ambasada Fran\u021bei \u00een Rom\u00e2nia \u0219i Institutul Francez din Rom\u00e2nia lanseaz\u0103 un apel la candidaturi pentru cercet\u0103torii rom\u00e2ni. Acest apel este deschis candida\u021bilor la nivel&nbsp;<strong>post-doctorat<\/strong>&nbsp;p\u00e2n\u0103 la&nbsp;<strong>6 martie 2026<\/strong>.<\/p>\n\n\n\n<h4 class=\"wp-block-heading\"><strong>Avantajele bursei guvernamentale de Post-Doctorat<\/strong><\/h4>\n\n\n\n<ul class=\"wp-block-list\">\n<li>Indemniza\u021bie lunar\u0103 de 1 704 euro\/lun\u0103* pentru tinerii cercet\u0103tori (mai pu\u021bin de 5 ani de la ob\u021binerea doctoratului) \u0219i de 2 055 euro\/lun\u0103* pentru cercet\u0103torii cu experien\u021b\u0103 (\u00eencep\u00e2nd cu 5 ani de la ob\u021binerea doctoratului) pentru o perioad\u0103 de maximum 2 luni.<\/li>\n\n\n\n<li>Asigurare social\u0103 \u0219i r\u0103spundere civil\u0103<\/li>\n\n\n\n<li>Posibilitate de cazare \u00een campusul universitar, \u00een func\u021bie de locurile disponibile<\/li>\n\n\n\n<li>Primirea \u015fi consilierea pe toat\u0103 durata sejurului de studii de c\u0103tre Campus Fran\u0163a<br>* \u00een func\u021bie de bugetul anual alocat burselor<\/li>\n<\/ul>\n\n\n\n<p><\/p>\n\n\n\n<h4 class=\"wp-block-heading\"><strong>Condi\u021bii de eligibilitate<\/strong><\/h4>\n\n\n\n<p>Candida\u021bii trebuie:<\/p>\n\n\n\n<ul class=\"wp-block-list\">\n<li>S\u0103 aib\u0103 cet\u0103\u021benie rom\u00e2n\u0103 (bursa nu este deschis\u0103 candida\u021bilor cu dubl\u0103 cet\u0103\u021benie francez\u0103)<\/li>\n\n\n\n<li>Au finalizat un doctorat \u00een Rom\u00e2nia<\/li>\n<\/ul>\n\n\n\n<p><strong>NB: Aceast\u0103 cerere de propuneri este deschis\u0103 tuturor domeniilor de cercetare<\/strong>.<\/p>\n\n\n\n<h4 class=\"wp-block-heading\"><strong>Cum candida\u021bi?<\/strong><\/h4>\n\n\n\n<p>Candida\u0163ii trebuie s\u0103 constituie un dosar care va con\u0163ine urm\u0103toarele documente:<\/p>\n\n\n\n<ul class=\"wp-block-list\">\n<li>Formularul de candidatur\u0103 completat \u015fi semnat (a se vedea mai jos):<\/li>\n<\/ul>\n\n\n\n<div class=\"wp-block-file\"><a id=\"wp-block-file--media-3a6f4e3f-b3b9-4316-a4af-163f9f039880\" href=\"https:\/\/institutfrancais.ro\/bucuresti\/wp-content\/uploads\/sites\/2\/2025\/12\/Fiche-de-renseignements_PostDoctorat_2026.doc\">Fiche-de-renseignements_PostDoctorat_2026<\/a><a href=\"https:\/\/institutfrancais.ro\/bucuresti\/wp-content\/uploads\/sites\/2\/2025\/12\/Fiche-de-renseignements_PostDoctorat_2026.doc\" class=\"wp-block-file__button wp-element-button\" download aria-describedby=\"wp-block-file--media-3a6f4e3f-b3b9-4316-a4af-163f9f039880\">Descarc\u0103<\/a><\/div>\n\n\n\n<ul class=\"wp-block-list\">\n<li>Un proiect de cercetare (1-3 pagini)<\/li>\n\n\n\n<li>O copie a unui act de identitate (pa\u0219aport sau carte de identitate)<\/li>\n\n\n\n<li>O scrisoarea de motiva\u0163ie \u00een francez\u0103 (prezentarea subiectului de cercetare \u015fi pertinen\u0163a unei cotutele cu Fran\u0163a)<\/li>\n\n\n\n<li>Un CV \u00een limba francez\u0103<\/li>\n\n\n\n<li>Copia diplomei de Doctorat<\/li>\n\n\n\n<li>O scrisoare de accept din partea structurii de cercetare din Fran\u021ba<\/li>\n\n\n\n<li>Programul provizoriu de mobilitate \u00eencep\u00e2nd cu 1 iulie 2026 (mobilitatea trebuie s\u0103 aib\u0103 loc \u00eenainte de 31 decembrie 2026)<\/li>\n\n\n\n<li>O scrisoare de recomandare (op\u021bional)<\/li>\n\n\n\n<li>Un test DELF\/DALF\/TCF sau o diplom\u0103 \u00een limba francez\u0103 (op\u021bional)<\/li>\n<\/ul>\n\n\n\n<p><strong>NB: F\u0103r\u0103 a fi obligatoriu, un certificat lingvistic de cunoa\u015ftere a limbii franceze, de nivel B1 sau superior (DELF sau TCF) va consitutui un avantaj. Nivelul de cunoa\u015ftere a limbii franceze de c\u0103tre candida\u0163ii preselec\u0163iona\u0163i va fi evaluat cu ocazia interviului de selec\u0163ie final\u0103.<\/strong><\/p>\n\n\n\n<p>Pentru a aplica, v\u0103 rug\u0103m s\u0103 completa\u021bi&nbsp;<strong>formularul online corespunz\u0103tor nivelului dumneavoastr\u0103<\/strong>: <a href=\"https:\/\/forms.gle\/oraZm2bxhmCw7b7z7\">https:\/\/forms.gle\/oraZm2bxhmCw7b7z7<\/a><\/p>\n\n\n\n<p><strong>V\u0103 rug\u0103m s\u0103 re\u021bine\u021bi c\u0103 diferitele documente din dosarul de candidatur\u0103 trebuie s\u0103 fie prezentate \u00een c\u00e2mpurile dedicate din formularul de candidatur\u0103.<\/strong><\/p>\n\n\n\n<p>V\u0103 rug\u0103m s\u0103 denumi\u021bi toate documentele ata\u0219ate conform urm\u0103torului model:<\/p>\n\n\n\n<p><strong>NUME_Prenume_<\/strong>&nbsp;<strong>Scrisoare de motiva\u021bie<\/strong><\/p>\n\n\n\n<p><strong>Nerespectarea acestor instruc\u021biuni va duce la invalidarea cererii dumneavoastr\u0103. V\u0103 rug\u0103m s\u0103 completa\u021bi formularul o SINGUR\u0102 dat\u0103.<\/strong><\/p>\n\n\n\n<p>\u00cenainte de a completa formularul de cerere, v\u0103 rug\u0103m s\u0103 citi\u021bi cu aten\u021bie&nbsp;<strong>ghidul practic<\/strong>&nbsp;\u0219i&nbsp;<strong>nota explicativ\u0103<\/strong>, pe care le pute\u021bi consulta mai jos:<\/p>\n\n\n\n<div class=\"wp-block-file\"><a id=\"wp-block-file--media-5b8e2089-cf08-447e-9ec7-e67157550748\" href=\"https:\/\/institutfrancais.ro\/bucuresti\/wp-content\/uploads\/sites\/2\/2025\/12\/Guide-pratique-FAQ-2026-2027-sauf-pdg-2.docx\">Guide-pratique-FAQ-2026-2027 <\/a><a href=\"https:\/\/institutfrancais.ro\/bucuresti\/wp-content\/uploads\/sites\/2\/2025\/12\/Guide-pratique-FAQ-2026-2027-sauf-pdg-2.docx\" class=\"wp-block-file__button wp-element-button\" download aria-describedby=\"wp-block-file--media-5b8e2089-cf08-447e-9ec7-e67157550748\">Descarc\u0103<\/a><\/div>\n\n\n\n<div class=\"wp-block-file\"><a id=\"wp-block-file--media-3f4ebe97-9895-4b91-80f0-0e0ff5085208\" href=\"https:\/\/institutfrancais.ro\/bucuresti\/wp-content\/uploads\/sites\/2\/2025\/12\/Note-explicative-du-programme-BGF-2026-2.docx\">Note-explicative-du-programme-BGF-2026<\/a><a href=\"https:\/\/institutfrancais.ro\/bucuresti\/wp-content\/uploads\/sites\/2\/2025\/12\/Note-explicative-du-programme-BGF-2026-2.docx\" class=\"wp-block-file__button wp-element-button\" download aria-describedby=\"wp-block-file--media-3f4ebe97-9895-4b91-80f0-0e0ff5085208\">Descarc\u0103<\/a><\/div>\n\n\n\n<p>Dac\u0103 ave\u021bi \u00eentreb\u0103ri cu privire la procesul de aplicare, v\u0103 rug\u0103m s\u0103 trimite\u021bi un e-mail la urm\u0103toarea adres\u0103: <strong><a href=\"mailto:bourses@institutfrancais.ro\">bourses@institutfrancais.ro<\/a><\/strong><\/p>\n","protected":false},"excerpt":{"rendered":"<p>Programul&nbsp;France Excellence Rom\u00e2nia&nbsp;este deschis candida\u021bilor rom\u00e2ni. \u00cen fiecare an,&nbsp;Ambasada Fran\u021bei \u00een Rom\u00e2nia&nbsp;\u0219i&nbsp;Institutul Francez din Rom\u00e2nia&nbsp;lanseaz\u0103 un apel na\u021bional pentru bursele France Excellence Rom\u00e2nia (fostele burse guvernamentale franceze) pentru Masterat, Doctorat \u0219i Post-Doctorat. MASTERAT \u00cen fiecare an, Ambasada Fran\u021bei \u00een Rom\u00e2nia \u0219i Institutul Francez din Rom\u00e2nia lanseaz\u0103 un apel la candidaturi pentru studen\u021bii rom\u00e2ni care doresc [&hellip;]<\/p>\n","protected":false},"author":3,"featured_media":11760,"parent":0,"menu_order":0,"comment_status":"closed","ping_status":"closed","template":"","meta":{"footnotes":""},"class_list":["post-8348","page","type-page","status-publish","has-post-thumbnail","hentry"],"_links":{"self":[{"href":"https:\/\/institutfrancais.ro\/bucuresti\/wp-json\/wp\/v2\/pages\/8348","targetHints":{"allow":["GET"]}}],"collection":[{"href":"https:\/\/institutfrancais.ro\/bucuresti\/wp-json\/wp\/v2\/pages"}],"about":[{"href":"https:\/\/institutfrancais.ro\/bucuresti\/wp-json\/wp\/v2\/types\/page"}],"author":[{"embeddable":true,"href":"https:\/\/institutfrancais.ro\/bucuresti\/wp-json\/wp\/v2\/users\/3"}],"replies":[{"embeddable":true,"href":"https:\/\/institutfrancais.ro\/bucuresti\/wp-json\/wp\/v2\/comments?post=8348"}],"version-history":[{"count":6,"href":"https:\/\/institutfrancais.ro\/bucuresti\/wp-json\/wp\/v2\/pages\/8348\/revisions"}],"predecessor-version":[{"id":11804,"href":"https:\/\/institutfrancais.ro\/bucuresti\/wp-json\/wp\/v2\/pages\/8348\/revisions\/11804"}],"wp:featuredmedia":[{"embeddable":true,"href":"https:\/\/institutfrancais.ro\/bucuresti\/wp-json\/wp\/v2\/media\/11760"}],"wp:attachment":[{"href":"https:\/\/institutfrancais.ro\/bucuresti\/wp-json\/wp\/v2\/media?parent=8348"}],"curies":[{"name":"wp","href":"https:\/\/api.w.org\/{rel}","templated":true}]}}