{"id":9352,"date":"2024-05-27T09:27:41","date_gmt":"2024-05-27T09:27:41","guid":{"rendered":"https:\/\/institutfrancais.ro\/bucuresti\/?page_id=9352"},"modified":"2024-06-07T10:05:32","modified_gmt":"2024-06-07T10:05:32","slug":"1924-1932","status":"publish","type":"page","link":"https:\/\/institutfrancais.ro\/bucuresti\/1924-1932\/","title":{"rendered":"1924-1932"},"content":{"rendered":"\n<p>L\u2019ann\u00e9e 1924 est particuli\u00e8rement riche en \u00e9v\u00e9nements culturels d\u00e9roul\u00e9s en Roumanie sous le signe des relations avec la France. Aux travaux, tr\u00e8s remarqu\u00e9s, du premier Congr\u00e8s international d\u2019\u00e9tudes byzantines entre le 14 et le 26 avril &#8211; fruit de la coop\u00e9ration franco-roumaine &#8211; et aux concerts donn\u00e9s par les pianistes fran\u00e7ais Alfred Cortot et Gabriel Piern\u00e9 ainsi que par le violoniste Jacques Thibaud s\u2019ajoute, par-dessus tout, l\u2019inauguration, le 29 mai, de l\u2019Institut Fran\u00e7ais des Hautes \u00c9tudes en Roumanie.<\/p>\n\n\n\n<p>La cr\u00e9ation de l\u2019Institut Fran\u00e7ais est le r\u00e9sultat des efforts inlassables de l\u2019historien de l\u2019art Henri Focillon appuy\u00e9 par le Service des \u0152uvres Fran\u00e7aises \u00e0 l\u2019\u00c9tranger ainsi que, du c\u00f4t\u00e9 roumain, par le docteur Ion Cantacuzino, l\u2019historien Nicolae Iorga et l\u2019historien de l\u2019art George Oprescu. L\u2019inauguration de l\u2019Institut a lieu dans l\u2019amphith\u00e9\u00e2tre de la Fondation Carol en pr\u00e9sence du roi Ferdinand et du prince h\u00e9ritier. C\u2019est un \u00e9v\u00e9nement repr\u00e9sentatif du m\u00e9lange de culture et de politique qui forme le nouveau combustible des relations franco-roumaines durant les premi\u00e8res ann\u00e9es de l\u2019apr\u00e8s-guerre. Le g\u00e9ographe Emmanuel de Martonne, profond\u00e9ment impliqu\u00e9 dans la coop\u00e9ration politique et intellectuelle franco-roumaine, parle, dans l\u2019amphith\u00e9\u00e2tre de la Fondation Carol, au nom de la d\u00e9l\u00e9gation universitaire fran\u00e7aise pr\u00e9sente \u00e0 l\u2019inauguration du 29 mai.&nbsp;<\/p>\n\n\n\n<p>Produit du milieu universitaire fran\u00e7ais, l\u2019Institut \u00e9tait financ\u00e9 par le Minist\u00e8re fran\u00e7ais des Affaires \u00c9trang\u00e8res. Son premier si\u00e8ge est situ\u00e9 au centre-ville de Bucarest, 19 rue Nicolae B\u0103lcescu (l\u2019actuelle rue Mendele\u00efev) \u00e0 proximit\u00e9 de la L\u00e9gation fran\u00e7aise. A la t\u00eate de l\u2019Institut Fran\u00e7ais se trouve, de 1925 \u00e0 1932, le professeur d\u2019histoire Paul Henry, bon connaisseur de la Roumanie, estim\u00e9 par Nicolae Iorga et qui \u00e9tudie avec passion l\u2019art et l\u2019architecture des \u00e9glises moldaves de Bucovine auxquelles il finira par consacr\u00e9 sa th\u00e8se.&nbsp;<\/p>\n\n\n\n<p>En d\u00e9pit des efforts qui ont men\u00e9 \u00e0 sa cr\u00e9ation, les d\u00e9buts de l\u2019Institut sont modestes. Con\u00e7u pour accueillir des jeunes chercheurs fran\u00e7ais d\u00e9sireux d\u2019\u00e9tudier en Roumanie les diff\u00e9rents aspects de l\u2019histoire, de la g\u00e9ographie, de l\u2019\u00e9conomie et de la soci\u00e9t\u00e9, l\u2019Institut peine, parfois, \u00e0 recruter des pensionnaires. Une premi\u00e8re biblioth\u00e8que est constitu\u00e9e et une \u00e9ph\u00e9m\u00e8re revue, <em>M\u00e9langes<\/em>, appara\u00eet en quatre fascicules annuels de 1927 \u00e0 1930.<\/p>\n\n\n\n<p><strong>Bibliografie:<\/strong><\/p>\n\n\n\n<p>Gavin Bowd, <em>Paul Morand et la Roumanie<\/em>, Paris, L\u2019Harmattan, 2002<br>Gavin Bowd, <em>La France et la Roumanie communiste, <\/em>Paris, L\u2019Harmattan, 2009<br>Claudia-Florentina Dobre, \u00ab Quand r\u00eaver de la France menait \u00e0 la prison : le cas des d\u00e9tenues politiques du \u2018lot fran\u00e7ais\u2019 \u00bb, in Bogumil Jewsiewicki, Erika Nimis&nbsp; (dir.), <em>Exp\u00e9riences et m\u00e9moires. Partager en fran\u00e7ais la diversit\u00e9 du monde<\/em>, Paris, L\u2019Harmattan, 2008<br>Pompiliu Eliade, <em>Influen\u021ba francez\u0103 asupra spiritului public \u00een Rom\u00e2nia<\/em>, Bucure\u0219ti, Humanitas, 2000<br>Richard Edwards, <em>Bucure\u0219ti, bulevardul Dacia 77. O poveste franco-rom\u00e2n\u0103<\/em>, Humanitas, Bucure\u0219ti, 2016<br>Marcel Fontaine, &nbsp;<em>Jurnal de r\u0103zboi. Misiune \u00een Rom\u00e2nia. Noiembrie 1916\u2013aprilie 1918<\/em>, Bucure\u0219ti, Humanitas, 2016<br>Andr\u00e9 Godin, <em>Une passion roumaine. Histoire de l&#8217;Institut Fran\u00e7ais de Hautes \u00c9tudes en Roumanie (1924-1948)<\/em>, Paris, L&#8217;Harmattan, 1998<br>Irina Gridan, \u00ab Quel r\u00f4le pour les diplomates fran\u00e7ais \u00e0 Bucarest au temps de la d\u00e9satellisation? L\u2019exemple de Pierre Bouffanais \u00bb in F. Dessberg, A. Mares, I. Davion (dir.), <em>Militaires et diplomates fran\u00e7ais face \u00e0 l&#8217;Europe m\u00e9diane. Entre mediations et constructions des savoirs<\/em>, Paris, Eur\u2019ORBEM Editions, 2017<br>Jean-No\u00ebl&nbsp;Grandhomme,&nbsp;<em>Le G\u00e9n\u00e9ral Berthelot et l&#8217;action de la France en Roumanie et en Russie m\u00e9ridionale, 1916-1918&nbsp;: gen\u00e8se, aspects diplomatiques, militaires et culturels avec leurs incidences, prolongements et perspectives<\/em>, Ch\u00e2teau de Vincennes, Service historique de l&#8217;arm\u00e9e de terre,&nbsp;1999<br>Jean-No\u00ebl Grandhomme, \u00ab La m\u00e9moire roumaine de la mission Berthelot (1918-2007) \u00bb in <a href=\"https:\/\/www.cairn.info\/revue-guerres-mondiales-et-conflits-contemporains.htm\"><em>Guerres mondiales et conflits contemporains<\/em><\/a>, <a href=\"https:\/\/www.cairn.info\/revue-guerres-mondiales-et-conflits-contemporains-2007-4.htm\">2007\/ 4 (n\u00b0 228)<\/a>, p. 23-35<br>Annie Gu\u00e9nard-Maget, <em>Une diplomatie culturelle dans les tensions internationales. La France en Europe centrale et orientale (1936-1940 \/ 1944-1951)<\/em>, Bruxelles, P.I.E. Peter Lang, 2014<br>Drago\u0219 Jipa, \u00ab De la diplomatie par l&#8217;enseignement \u00e0 la diplomatie culturelle: la Mission universitaire fran\u00e7aise en Roumanie (1919-1948) \u00bb, in Fran\u00e7ois Chaubet, Charlotte Faucher et alii (dir.), <em>Histoire(s) de la diplomatie culturelle fran\u00e7aise \u2013 Du rayonnement \u00e0 l\u2019influence<\/em>, Toulouse, Ed. de l&#8217;Attribut, 2024, p. 323-338<br>Drago\u0219 Jipa, \u00ab Francophonie et sciences sociales en Roumanie post-communiste. Convergences et recompositions autour de l\u2019\u00c9cole doctorale r\u00e9gionale de Bucarest (1994-2007) \u00bb, <em>Relations internationales<\/em>, Presses Universitaires de France, 1\/2022, no. 189, p.51-66<br>Rose-Marie Lagrave, <em>Voyage aux pays d&#8217;une utopie d\u00e9chue : plaidoyer pour l&#8217;Europe centrale<\/em>, Paris, PUF, 1998<br>Stefan Lemny, <em>Alphonse Dupront: de la Roumanie. Textes suivis d\u2019une correspondance avec Emil Cioran, Mircea Eliade et Eug\u00e8ne Ionesco<\/em>, Presses de l\u2019INALCO, Paris, 2023<br>Jean Mouton, <em>Journal de Roumanie, 29 ao\u00fbt 1939-19 mars 1946. La II<sup>e <\/sup>guerre mondiale vue de l\u2019Est,<\/em> Lausanne, Editions L\u2019Age d\u2019Homme, 1991<br>Tiphaine Samoyault, <em>Roland Barthes<\/em>, Paris, Seuil, 2015<br>Traian Sandu, <em>La Grande Roumanie alli\u00e9e de la France&nbsp;: une p\u00e9rip\u00e9tie diplomatique des ann\u00e9es folles ? (1919-1933)<\/em>, Paris, L\u2019Harmattan, 1999<br>Ana-Maria Stan, <em>La France de Vichy et la Roumanie (1940-1944). Collaboration et conflits, <\/em>Cluj-Napoca, Centre d\u2019\u00c9tudes Transylvaines, Acad\u00e9mie Roumaine, 2007<br>Ana-Maria Stan, \u00ab&nbsp;<em>Aspects de la R\u00e9sistance fran\u00e7aise en Roumanie apr\u00e8s 1940. Diplomates, enseignants et \u00e9crivains&nbsp;\u00bb <\/em>in Mathieu Dubois, Renaud Meltz (dir.) <em>De part et d\u2019autre du Danube. L\u2019Allemagne, l\u2019Autriche et les Balkans, de 1815 \u00e0 nos jours. M\u00e9langes en l\u2019honneur du professeur Jean-Paul Bled<\/em>, Paris, Presses de l\u2019Universit\u00e9 Paris-Sorbonne, 2015, pp. 131-145<br>Ana-Maria Stan, \u00ab&nbsp; (Re)conqu\u00e9rir l\u2019Europe centrale par la culture et l\u2019enseignement apr\u00e8s la Grande Guerre : le cas roumain 1919-1924&nbsp;\u00bb, in Jean-Paul Bled et Jean-Pierre Deschodt (dir.) &#8211; <em>Les cons\u00e9quences de la Grande Guerre 1919-1923, <\/em>Paris, \u00c9ditions SPM, 2020<br>Orest Tafrali<em>,&nbsp;Propaganda rom\u00e2neasc\u0103&nbsp;\u00een str\u0103in\u0103tate<\/em>, Craiova, Editura Ramuri, 1920<br>Glenn E.&nbsp;Torrey,&nbsp;<em>General Henri Berthelot and Romania&nbsp;: M\u00e9moires et Correspondance 1916-1919<\/em>, Boulder, East European Monographs,&nbsp;1987<br>Florin \u021aurcanu, \u00ab Voyages d\u2019intellectuels fran\u00e7ais dans la Roumanie des ann\u00e9es 1920 \u00bb in <em>20 &amp; 21. Revue d&#8217;histoire<\/em>, N\u00b0 152, octobre-d\u00e9cembre 2021<\/p>\n\n\n\n<p><\/p>\n\n\n\n<p><\/p>\n","protected":false},"excerpt":{"rendered":"<p>L\u2019ann\u00e9e 1924 est particuli\u00e8rement riche en \u00e9v\u00e9nements culturels d\u00e9roul\u00e9s en Roumanie sous le signe des relations avec la France. Aux travaux, tr\u00e8s remarqu\u00e9s, du premier Congr\u00e8s international d\u2019\u00e9tudes byzantines entre le 14 et le 26 avril &#8211; fruit de la coop\u00e9ration franco-roumaine &#8211; et aux concerts donn\u00e9s par les pianistes fran\u00e7ais Alfred Cortot et Gabriel [&hellip;]<\/p>\n","protected":false},"author":3,"featured_media":9338,"parent":0,"menu_order":0,"comment_status":"closed","ping_status":"closed","template":"","meta":{"footnotes":""},"class_list":["post-9352","page","type-page","status-publish","has-post-thumbnail","hentry"],"_links":{"self":[{"href":"https:\/\/institutfrancais.ro\/bucuresti\/wp-json\/wp\/v2\/pages\/9352","targetHints":{"allow":["GET"]}}],"collection":[{"href":"https:\/\/institutfrancais.ro\/bucuresti\/wp-json\/wp\/v2\/pages"}],"about":[{"href":"https:\/\/institutfrancais.ro\/bucuresti\/wp-json\/wp\/v2\/types\/page"}],"author":[{"embeddable":true,"href":"https:\/\/institutfrancais.ro\/bucuresti\/wp-json\/wp\/v2\/users\/3"}],"replies":[{"embeddable":true,"href":"https:\/\/institutfrancais.ro\/bucuresti\/wp-json\/wp\/v2\/comments?post=9352"}],"version-history":[{"count":2,"href":"https:\/\/institutfrancais.ro\/bucuresti\/wp-json\/wp\/v2\/pages\/9352\/revisions"}],"predecessor-version":[{"id":9591,"href":"https:\/\/institutfrancais.ro\/bucuresti\/wp-json\/wp\/v2\/pages\/9352\/revisions\/9591"}],"wp:featuredmedia":[{"embeddable":true,"href":"https:\/\/institutfrancais.ro\/bucuresti\/wp-json\/wp\/v2\/media\/9338"}],"wp:attachment":[{"href":"https:\/\/institutfrancais.ro\/bucuresti\/wp-json\/wp\/v2\/media?parent=9352"}],"curies":[{"name":"wp","href":"https:\/\/api.w.org\/{rel}","templated":true}]}}

<p>L’année 1924 est particulièrement riche en événements culturels déroulés en Roumanie sous le signe des relations avec la France. Aux travaux, très remarqués, du premier Congrès international d’études byzantines entre le 14 et le 26 avril &#8211; fruit de la coopération franco-roumaine &#8211; et aux concerts donnés par les pianistes français Alfred Cortot et Gabriel Pierné ainsi que par le violoniste Jacques Thibaud s’ajoute, par-dessus tout, l’inauguration, le 29 mai, de l’Institut Français des Hautes Études en Roumanie.</p>



<p>La création de l’Institut Français est le résultat des efforts inlassables de l’historien de l’art Henri Focillon appuyé par le Service des Œuvres Françaises à l’Étranger ainsi que, du côté roumain, par le docteur Ion Cantacuzino, l’historien Nicolae Iorga et l’historien de l’art George Oprescu. L’inauguration de l’Institut a lieu dans l’amphithéâtre de la Fondation Carol en présence du roi Ferdinand et du prince héritier. C’est un événement représentatif du mélange de culture et de politique qui forme le nouveau combustible des relations franco-roumaines durant les premières années de l’après-guerre. Le géographe Emmanuel de Martonne, profondément impliqué dans la coopération politique et intellectuelle franco-roumaine, parle, dans l’amphithéâtre de la Fondation Carol, au nom de la délégation universitaire française présente à l’inauguration du 29 mai.&nbsp;</p>



<p>Produit du milieu universitaire français, l’Institut était financé par le Ministère français des Affaires Étrangères. Son premier siège est situé au centre-ville de Bucarest, 19 rue Nicolae Bălcescu (l’actuelle rue Mendeleïev) à proximité de la Légation française. A la tête de l’Institut Français se trouve, de 1925 à 1932, le professeur d’histoire Paul Henry, bon connaisseur de la Roumanie, estimé par Nicolae Iorga et qui étudie avec passion l’art et l’architecture des églises moldaves de Bucovine auxquelles il finira par consacré sa thèse.&nbsp;</p>



<p>En dépit des efforts qui ont mené à sa création, les débuts de l’Institut sont modestes. Conçu pour accueillir des jeunes chercheurs français désireux d’étudier en Roumanie les différents aspects de l’histoire, de la géographie, de l’économie et de la société, l’Institut peine, parfois, à recruter des pensionnaires. Une première bibliothèque est constituée et une éphémère revue, <em>Mélanges</em>, apparaît en quatre fascicules annuels de 1927 à 1930.</p>



<p><strong>Bibliografie:</strong></p>



<p>Gavin Bowd, <em>Paul Morand et la Roumanie</em>, Paris, L’Harmattan, 2002<br>Gavin Bowd, <em>La France et la Roumanie communiste, </em>Paris, L’Harmattan, 2009<br>Claudia-Florentina Dobre, « Quand rêver de la France menait à la prison : le cas des détenues politiques du ‘lot français’ », in Bogumil Jewsiewicki, Erika Nimis&nbsp; (dir.), <em>Expériences et mémoires. Partager en français la diversité du monde</em>, Paris, L’Harmattan, 2008<br>Pompiliu Eliade, <em>Influența franceză asupra spiritului public în România</em>, București, Humanitas, 2000<br>Richard Edwards, <em>București, bulevardul Dacia 77. O poveste franco-română</em>, Humanitas, București, 2016<br>Marcel Fontaine, &nbsp;<em>Jurnal de război. Misiune în România. Noiembrie 1916–aprilie 1918</em>, București, Humanitas, 2016<br>André Godin, <em>Une passion roumaine. Histoire de l&#8217;Institut Français de Hautes Études en Roumanie (1924-1948)</em>, Paris, L&#8217;Harmattan, 1998<br>Irina Gridan, « Quel rôle pour les diplomates français à Bucarest au temps de la désatellisation? L’exemple de Pierre Bouffanais » in F. Dessberg, A. Mares, I. Davion (dir.), <em>Militaires et diplomates français face à l&#8217;Europe médiane. Entre mediations et constructions des savoirs</em>, Paris, Eur’ORBEM Editions, 2017<br>Jean-Noël&nbsp;Grandhomme,&nbsp;<em>Le Général Berthelot et l&#8217;action de la France en Roumanie et en Russie méridionale, 1916-1918&nbsp;: genèse, aspects diplomatiques, militaires et culturels avec leurs incidences, prolongements et perspectives</em>, Château de Vincennes, Service historique de l&#8217;armée de terre,&nbsp;1999<br>Jean-Noël Grandhomme, « La mémoire roumaine de la mission Berthelot (1918-2007) » in <a href="https://www.cairn.info/revue-guerres-mondiales-et-conflits-contemporains.htm"><em>Guerres mondiales et conflits contemporains</em></a>, <a href="https://www.cairn.info/revue-guerres-mondiales-et-conflits-contemporains-2007-4.htm">2007/ 4 (n° 228)</a>, p. 23-35<br>Annie Guénard-Maget, <em>Une diplomatie culturelle dans les tensions internationales. La France en Europe centrale et orientale (1936-1940 / 1944-1951)</em>, Bruxelles, P.I.E. Peter Lang, 2014<br>Dragoș Jipa, « De la diplomatie par l&#8217;enseignement à la diplomatie culturelle: la Mission universitaire française en Roumanie (1919-1948) », in François Chaubet, Charlotte Faucher et alii (dir.), <em>Histoire(s) de la diplomatie culturelle française – Du rayonnement à l’influence</em>, Toulouse, Ed. de l&#8217;Attribut, 2024, p. 323-338<br>Dragoș Jipa, « Francophonie et sciences sociales en Roumanie post-communiste. Convergences et recompositions autour de l’École doctorale régionale de Bucarest (1994-2007) », <em>Relations internationales</em>, Presses Universitaires de France, 1/2022, no. 189, p.51-66<br>Rose-Marie Lagrave, <em>Voyage aux pays d&#8217;une utopie déchue : plaidoyer pour l&#8217;Europe centrale</em>, Paris, PUF, 1998<br>Stefan Lemny, <em>Alphonse Dupront: de la Roumanie. Textes suivis d’une correspondance avec Emil Cioran, Mircea Eliade et Eugène Ionesco</em>, Presses de l’INALCO, Paris, 2023<br>Jean Mouton, <em>Journal de Roumanie, 29 août 1939-19 mars 1946. La II<sup>e </sup>guerre mondiale vue de l’Est,</em> Lausanne, Editions L’Age d’Homme, 1991<br>Tiphaine Samoyault, <em>Roland Barthes</em>, Paris, Seuil, 2015<br>Traian Sandu, <em>La Grande Roumanie alliée de la France&nbsp;: une péripétie diplomatique des années folles ? (1919-1933)</em>, Paris, L’Harmattan, 1999<br>Ana-Maria Stan, <em>La France de Vichy et la Roumanie (1940-1944). Collaboration et conflits, </em>Cluj-Napoca, Centre d’Études Transylvaines, Académie Roumaine, 2007<br>Ana-Maria Stan, «&nbsp;<em>Aspects de la Résistance française en Roumanie après 1940. Diplomates, enseignants et écrivains&nbsp;» </em>in Mathieu Dubois, Renaud Meltz (dir.) <em>De part et d’autre du Danube. L’Allemagne, l’Autriche et les Balkans, de 1815 à nos jours. Mélanges en l’honneur du professeur Jean-Paul Bled</em>, Paris, Presses de l’Université Paris-Sorbonne, 2015, pp. 131-145<br>Ana-Maria Stan, «&nbsp; (Re)conquérir l’Europe centrale par la culture et l’enseignement après la Grande Guerre : le cas roumain 1919-1924&nbsp;», in Jean-Paul Bled et Jean-Pierre Deschodt (dir.) &#8211; <em>Les conséquences de la Grande Guerre 1919-1923, </em>Paris, Éditions SPM, 2020<br>Orest Tafrali<em>,&nbsp;Propaganda românească&nbsp;în străinătate</em>, Craiova, Editura Ramuri, 1920<br>Glenn E.&nbsp;Torrey,&nbsp;<em>General Henri Berthelot and Romania&nbsp;: Mémoires et Correspondance 1916-1919</em>, Boulder, East European Monographs,&nbsp;1987<br>Florin Țurcanu, « Voyages d’intellectuels français dans la Roumanie des années 1920 » in <em>20 &amp; 21. Revue d&#8217;histoire</em>, N° 152, octobre-décembre 2021</p>



<p></p>



<p></p>

<p>L’année 1924 est particulièrement riche en événements culturels déroulés en Roumanie sous le signe des relations avec la France. Aux travaux, très remarqués, du premier Congrès international d’études byzantines entre le 14 et le 26 avril &#8211; fruit de la coopération franco-roumaine &#8211; et aux concerts donnés par les pianistes français Alfred Cortot et Gabriel [&hellip;]</p>
