{"id":9379,"date":"2024-05-27T11:29:58","date_gmt":"2024-05-27T11:29:58","guid":{"rendered":"https:\/\/institutfrancais.ro\/bucuresti\/?page_id=9379"},"modified":"2024-06-07T10:07:00","modified_gmt":"2024-06-07T10:07:00","slug":"1950-1968","status":"publish","type":"page","link":"https:\/\/institutfrancais.ro\/bucuresti\/1950-1968\/","title":{"rendered":"1950-1968"},"content":{"rendered":"\n<p><strong>Vers la fin de la p\u00e9riode stalinienne du r\u00e9gime communiste (les ann\u00e9es 1950), la Roumanie reprend les contacts avec la France. Si la r\u00e9ouverture de l\u2019Institut Fran\u00e7ais n\u2019est pas accept\u00e9e par Bucarest, les \u00e9changes culturels se d\u00e9veloppent \u00e0 l\u2019initiative de la Roumanie qui, surtout apr\u00e8s 1963, les con\u00e7oit comme un instrument de sa d\u00e9satellisation par rapport \u00e0 Moscou.&nbsp;&nbsp;&nbsp;<\/strong><\/p>\n\n\n\n<p>\u00c0 partir de 1957, les premi\u00e8res \u00ab conversations culturelles \u00bb annoncent un d\u00e9gel modeste, mais les comm\u00e9morations des batailles de la Premi\u00e8re Guerre mondiale (1957) ou la nomination des premiers lecteurs fran\u00e7ais dans les universit\u00e9s roumaines (1960) ne s&#8217;\u00e9l\u00e8vent pas \u00e0 la hauteur des attentes d\u2019un public qui n\u2019avait pas oubli\u00e9 la richesse des contacts d\u2019avant 1948.<\/p>\n\n\n\n<p>Ce n\u2019est qu\u2019en 1963 que la Roumanie choisit de favoriser de nouveau l\u2019enseignement du fran\u00e7ais (contre celui du russe), signe d\u2019une r\u00e9orientation plus marqu\u00e9e du pays vers les cultures occidentales.&nbsp; En m\u00eame temps, un poste d\u2019Attach\u00e9 culturel est cr\u00e9\u00e9 \u00e0 l\u2019occasion de la promotion au niveau d\u2019ambassade de la mission diplomatique fran\u00e7aise en Roumanie (il sera Conseiller culturel \u00e0 partir de 1966).&nbsp; <\/p>\n\n\n\n<p>Sous la surveillance du r\u00e9gime qui veut \u00e9viter toute \u00ab contamination id\u00e9ologique \u00bb, la diffusion des livres et des revues fran\u00e7aises redevient possible, le public roumain peut aller aux concerts de Charles Aznavour et de Dalida (1963), assister de nouveau aux spectacles de la Com\u00e9die Fran\u00e7aise (1964) ou aux expositions de peinture fran\u00e7aise (par exemple en 1966), des films fran\u00e7ais sont diffus\u00e9s non seulement dans les cin\u00e9mas, mais aussi \u00e0 l\u2019Universit\u00e9 de Bucarest, etc.<\/p>\n\n\n\n<p>M\u00eame si les diplomates fran\u00e7ais de Bucarest se prononcent contre la signature d\u2019un accord culturel avec \u00ab un pays qui ne connait ni la libert\u00e9 de parole, ni la libert\u00e9 d\u2019expression \u00bb (Gridan, 2017), ce que les membres de l\u2019exil roumain anti-communiste en France ne manquaient pas de rappeler, un accord entre la France et la Roumanie est sign\u00e9 en 1965, marquant la volont\u00e9 des deux pays de favoriser la coop\u00e9ration culturelle dans tous les domaines. L\u2019accord pr\u00e9voit des \u00e9changes de professeurs et d\u2019\u00e9tudiants, des bourses d\u2019\u00e9tudes et sp\u00e9cialisation, y compris dans les m\u00e9thodes de l\u2019enseignement du fran\u00e7ais, des \u00e9changes de publications et des traductions, des \u00e9changes dans le domaine de la musique, de la danse, des expositions, du th\u00e9\u00e2tre et des mus\u00e9es. <\/p>\n\n\n\n<p>Si la r\u00e9ouverture de l\u2019Institut Fran\u00e7ais n\u2019est toujours pas accept\u00e9e par Bucarest, pour ne pas trop offenser Moscou, le r\u00e9gime entre n\u00e9anmoins dans une phase de lib\u00e9ralisation relative sur le plan culturel, comme le signalent la traduction et la visite en Roumanie d\u2019Alain Robbe-Grillet, chef de file du nouveau roman fran\u00e7ais en 1967.&nbsp;&nbsp;<\/p>\n\n\n\n<p><strong>Bibliografie:<\/strong><\/p>\n\n\n\n<p>Gavin Bowd, <em>Paul Morand et la Roumanie<\/em>, Paris, L\u2019Harmattan, 2002<br>Gavin Bowd, <em>La France et la Roumanie communiste, <\/em>Paris, L\u2019Harmattan, 2009<br>Claudia-Florentina Dobre, \u00ab Quand r\u00eaver de la France menait \u00e0 la prison : le cas des d\u00e9tenues politiques du \u2018lot fran\u00e7ais\u2019 \u00bb, in Bogumil Jewsiewicki, Erika Nimis&nbsp; (dir.), <em>Exp\u00e9riences et m\u00e9moires. Partager en fran\u00e7ais la diversit\u00e9 du monde<\/em>, Paris, L\u2019Harmattan, 2008<br>Pompiliu Eliade, <em>Influen\u021ba francez\u0103 asupra spiritului public \u00een Rom\u00e2nia<\/em>, Bucure\u0219ti, Humanitas, 2000<br>Richard Edwards, <em>Bucure\u0219ti, bulevardul Dacia 77. O poveste franco-rom\u00e2n\u0103<\/em>, Humanitas, Bucure\u0219ti, 2016<br>Marcel Fontaine, &nbsp;<em>Jurnal de r\u0103zboi. Misiune \u00een Rom\u00e2nia. Noiembrie 1916\u2013aprilie 1918<\/em>, Bucure\u0219ti, Humanitas, 2016<br>Andr\u00e9 Godin, <em>Une passion roumaine. Histoire de l&#8217;Institut Fran\u00e7ais de Hautes \u00c9tudes en Roumanie (1924-1948)<\/em>, Paris, L&#8217;Harmattan, 1998<br>Irina Gridan, \u00ab Quel r\u00f4le pour les diplomates fran\u00e7ais \u00e0 Bucarest au temps de la d\u00e9satellisation? L\u2019exemple de Pierre Bouffanais \u00bb in F. Dessberg, A. Mares, I. Davion (dir.), <em>Militaires et diplomates fran\u00e7ais face \u00e0 l&#8217;Europe m\u00e9diane. Entre mediations et constructions des savoirs<\/em>, Paris, Eur\u2019ORBEM Editions, 2017<br>Jean-No\u00ebl&nbsp;Grandhomme,&nbsp;<em>Le G\u00e9n\u00e9ral Berthelot et l&#8217;action de la France en Roumanie et en Russie m\u00e9ridionale, 1916-1918&nbsp;: gen\u00e8se, aspects diplomatiques, militaires et culturels avec leurs incidences, prolongements et perspectives<\/em>, Ch\u00e2teau de Vincennes, Service historique de l&#8217;arm\u00e9e de terre,&nbsp;1999<br>Jean-No\u00ebl Grandhomme, \u00ab La m\u00e9moire roumaine de la mission Berthelot (1918-2007) \u00bb in <a href=\"https:\/\/www.cairn.info\/revue-guerres-mondiales-et-conflits-contemporains.htm\"><em>Guerres mondiales et conflits contemporains<\/em><\/a>, <a href=\"https:\/\/www.cairn.info\/revue-guerres-mondiales-et-conflits-contemporains-2007-4.htm\">2007\/ 4 (n\u00b0 228)<\/a>, p. 23-35<br>Annie Gu\u00e9nard-Maget, <em>Une diplomatie culturelle dans les tensions internationales. La France en Europe centrale et orientale (1936-1940 \/ 1944-1951)<\/em>, Bruxelles, P.I.E. Peter Lang, 2014<br>Drago\u0219 Jipa, \u00ab De la diplomatie par l&#8217;enseignement \u00e0 la diplomatie culturelle: la Mission universitaire fran\u00e7aise en Roumanie (1919-1948) \u00bb, in Fran\u00e7ois Chaubet, Charlotte Faucher et alii (dir.), <em>Histoire(s) de la diplomatie culturelle fran\u00e7aise \u2013 Du rayonnement \u00e0 l\u2019influence<\/em>, Toulouse, Ed. de l&#8217;Attribut, 2024, p. 323-338<br>Drago\u0219 Jipa, \u00ab Francophonie et sciences sociales en Roumanie post-communiste. Convergences et recompositions autour de l\u2019\u00c9cole doctorale r\u00e9gionale de Bucarest (1994-2007) \u00bb, <em>Relations internationales<\/em>, Presses Universitaires de France, 1\/2022, no. 189, p.51-66<br>Rose-Marie Lagrave, <em>Voyage aux pays d&#8217;une utopie d\u00e9chue : plaidoyer pour l&#8217;Europe centrale<\/em>, Paris, PUF, 1998<br>Stefan Lemny, <em>Alphonse Dupront: de la Roumanie. Textes suivis d\u2019une correspondance avec Emil Cioran, Mircea Eliade et Eug\u00e8ne Ionesco<\/em>, Presses de l\u2019INALCO, Paris, 2023<br>Jean Mouton, <em>Journal de Roumanie, 29 ao\u00fbt 1939-19 mars 1946. La II<sup>e <\/sup>guerre mondiale vue de l\u2019Est,<\/em> Lausanne, Editions L\u2019Age d\u2019Homme, 1991<br>Tiphaine Samoyault, <em>Roland Barthes<\/em>, Paris, Seuil, 2015<br>Traian Sandu, <em>La Grande Roumanie alli\u00e9e de la France&nbsp;: une p\u00e9rip\u00e9tie diplomatique des ann\u00e9es folles ? (1919-1933)<\/em>, Paris, L\u2019Harmattan, 1999<br>Ana-Maria Stan, <em>La France de Vichy et la Roumanie (1940-1944). Collaboration et conflits, <\/em>Cluj-Napoca, Centre d\u2019\u00c9tudes Transylvaines, Acad\u00e9mie Roumaine, 2007<br>Ana-Maria Stan, \u00ab&nbsp;<em>Aspects de la R\u00e9sistance fran\u00e7aise en Roumanie apr\u00e8s 1940. Diplomates, enseignants et \u00e9crivains&nbsp;\u00bb <\/em>in Mathieu Dubois, Renaud Meltz (dir.) <em>De part et d\u2019autre du Danube. L\u2019Allemagne, l\u2019Autriche et les Balkans, de 1815 \u00e0 nos jours. M\u00e9langes en l\u2019honneur du professeur Jean-Paul Bled<\/em>, Paris, Presses de l\u2019Universit\u00e9 Paris-Sorbonne, 2015, pp. 131-145<br>Ana-Maria Stan, \u00ab&nbsp; (Re)conqu\u00e9rir l\u2019Europe centrale par la culture et l\u2019enseignement apr\u00e8s la Grande Guerre : le cas roumain 1919-1924&nbsp;\u00bb, in Jean-Paul Bled et Jean-Pierre Deschodt (dir.) &#8211; <em>Les cons\u00e9quences de la Grande Guerre 1919-1923, <\/em>Paris, \u00c9ditions SPM, 2020<br>Orest Tafrali<em>,&nbsp;Propaganda rom\u00e2neasc\u0103&nbsp;\u00een str\u0103in\u0103tate<\/em>, Craiova, Editura Ramuri, 1920<br>Glenn E.&nbsp;Torrey,&nbsp;<em>General Henri Berthelot and Romania&nbsp;: M\u00e9moires et Correspondance 1916-1919<\/em>, Boulder, East European Monographs,&nbsp;1987<br>Florin \u021aurcanu, \u00ab Voyages d\u2019intellectuels fran\u00e7ais dans la Roumanie des ann\u00e9es 1920 \u00bb in <em>20 &amp; 21. Revue d&#8217;histoire<\/em>, N\u00b0 152, octobre-d\u00e9cembre 2021<\/p>\n\n\n\n<p><\/p>\n","protected":false},"excerpt":{"rendered":"<p>Vers la fin de la p\u00e9riode stalinienne du r\u00e9gime communiste (les ann\u00e9es 1950), la Roumanie reprend les contacts avec la France. Si la r\u00e9ouverture de l\u2019Institut Fran\u00e7ais n\u2019est pas accept\u00e9e par Bucarest, les \u00e9changes culturels se d\u00e9veloppent \u00e0 l\u2019initiative de la Roumanie qui, surtout apr\u00e8s 1963, les con\u00e7oit comme un instrument de sa d\u00e9satellisation par [&hellip;]<\/p>\n","protected":false},"author":3,"featured_media":9338,"parent":0,"menu_order":0,"comment_status":"closed","ping_status":"closed","template":"","meta":{"footnotes":""},"class_list":["post-9379","page","type-page","status-publish","has-post-thumbnail","hentry"],"_links":{"self":[{"href":"https:\/\/institutfrancais.ro\/bucuresti\/wp-json\/wp\/v2\/pages\/9379","targetHints":{"allow":["GET"]}}],"collection":[{"href":"https:\/\/institutfrancais.ro\/bucuresti\/wp-json\/wp\/v2\/pages"}],"about":[{"href":"https:\/\/institutfrancais.ro\/bucuresti\/wp-json\/wp\/v2\/types\/page"}],"author":[{"embeddable":true,"href":"https:\/\/institutfrancais.ro\/bucuresti\/wp-json\/wp\/v2\/users\/3"}],"replies":[{"embeddable":true,"href":"https:\/\/institutfrancais.ro\/bucuresti\/wp-json\/wp\/v2\/comments?post=9379"}],"version-history":[{"count":2,"href":"https:\/\/institutfrancais.ro\/bucuresti\/wp-json\/wp\/v2\/pages\/9379\/revisions"}],"predecessor-version":[{"id":9595,"href":"https:\/\/institutfrancais.ro\/bucuresti\/wp-json\/wp\/v2\/pages\/9379\/revisions\/9595"}],"wp:featuredmedia":[{"embeddable":true,"href":"https:\/\/institutfrancais.ro\/bucuresti\/wp-json\/wp\/v2\/media\/9338"}],"wp:attachment":[{"href":"https:\/\/institutfrancais.ro\/bucuresti\/wp-json\/wp\/v2\/media?parent=9379"}],"curies":[{"name":"wp","href":"https:\/\/api.w.org\/{rel}","templated":true}]}}