{"id":983,"date":"2021-03-16T15:16:08","date_gmt":"2021-03-16T15:16:08","guid":{"rendered":"https:\/\/institutfrancais.ro\/bucuresti\/?page_id=983"},"modified":"2026-01-13T07:44:51","modified_gmt":"2026-01-13T07:44:51","slug":"informatii-practice","status":"publish","type":"page","link":"https:\/\/institutfrancais.ro\/bucuresti\/cinema-elvire-popesco\/informatii-practice\/","title":{"rendered":"Informa\u021bii practice"},"content":{"rendered":"\n<p>Program Cinema Elvire Popesco: <a href=\"http:\/\/www.elvirepopesco.ro\"><mark style=\"background-color:#ffffff\" class=\"has-inline-color has-vivid-cyan-blue-color\"><strong>www.elvirepopesco.ro<\/strong><\/mark><\/a><\/p>\n\n\n\n<p>Sala de cinema Elvire Popesco a Institutului Francez, deschis\u0103 \u00een 1979, a fost complet renovat\u0103 \u00eentre 2011-2012. Cu o capacitate de 183 de locuri, sala are un singur ecran \u0219i este echipat\u0103 cu un proiector 35mm, precum \u0219i cu un videoproiector Barco-2k care permite proiec\u021biile pe suport digital DCP.<\/p>\n\n\n\n<p>Cinema Elvire Popesco este una dintre cele mai iubite s\u0103li de cinema din Bucure\u015fti \u015fi propune o programare bazat\u0103 pe filme de autor, europene \u015fi rom\u00e2ne\u015fti, fiind \u015fi membr\u0103 a re\u021belei Europa Cinemas din 2007. Elvire Popesco este cel mai frecventat cinematograf de art\u0103 din Rom\u00e2nia.<\/p>\n\n\n\n<p>\u00cen afar\u0103 de proiec\u021biile de film, sala mai g\u0103zduie\u0219te proiec\u021bii speciale, avanpremiere, numeroase festivaluri de film, dar \u015fi alte evenimente culturale (conferin\u021be, concerte, spectacole de teatru \u0219i dans).<\/p>\n\n\n\n<p><strong>Tarifele cinematografului ( \u00eencep\u00e2nd cu 19 ianuarie 2026) sunt:<\/strong><\/p>\n\n\n\n<p>27 lei \u2013 tarif general<br>16 lei\u00a0 &#8211; tarif redus pentru elevi, studen\u021bi, pensionari<br>11 lei \u2013 tarif super redus pentru copii sub 12 ani<br>35 lei \u2013 tarif pentru proiec\u021bii speciale<br>35 lei \u2013 tarif adult + copil<br>90 lei &#8211; tarif intreg carnet 5 bilete (valabil 3 luni de la data achizi\u021bion\u0103rii)<br>65 lei \u2013 tarif redus carnet 5 bilete (studen\u021bi, pensionari, abona\u021bi ai mediatecii \u0219i \u0219omeri, disponibil doar la casa de bilete, \u00een baza prezent\u0103rii unui justificativ)<br>Acces gratuit pentru persoanele cu dizabilit\u0103\u021bi.<\/p>\n\n\n\n<p>Accesul spectatorilor \u00een cinema dup\u0103 ora \u00eenceperii filmului, a\u0219a cum este inscrip\u021bionat\u0103 pe bilet, nu este posibil. Biletele sunt valabile doar la data \u0219i ora inscrip\u021bionate pe acestea.<\/p>\n\n\n\n<p>Alocarea locurilor se face la sosirea \u00een sal\u0103, la alegere dintre locurile disponibile.<\/p>\n\n\n\n<p><strong>Carnetul de 5 bilete \u2013 preciz\u0103ri:<\/strong><\/p>\n\n\n\n<p>Pentru proiec\u021biile din cadrul festivalurilor \u0219i pentru proiec\u021biile speciale, locurile care se pot rezerva pe baza carnetelor de 5 bilete pot fi limitate.<br><br><strong>! <\/strong>F\u0103r\u0103 anulare prealabil\u0103, rezerv\u0103rile \u00een baza carnetului de 5 bilete vor fi considerate folosite. \u00cencep\u00e2nd cu 15 ianuarie 2024, rezerv\u0103rile nu se vor mai anula automat \u00een cazul neprezent\u0103rii la proiec\u021bie.<strong>Pentru a evita acest lucru, v\u0103 rug\u0103m s\u0103 anula\u021bi rezervarea prin contul dvs. cu cel pu\u021bin 6 ore \u00eenainte de ora programat\u0103 a proiec\u021biei.<\/strong><\/p>\n\n\n\n<p>Prezentarea carnetului de 5 bilete la acces, f\u0103r\u0103 rezervare f\u0103cut\u0103 \u00een prealabil, nu v\u0103 asigura un loc \u00een sal\u0103.<\/p>\n\n\n\n<p>Casa de bilete a cinematografului deschide cu o or\u0103 \u00eenaintea primei proiec\u021bii publice.<\/p>\n\n\n\n<p><\/p>\n\n\n\n<p><\/p>\n","protected":false},"excerpt":{"rendered":"<p>Program Cinema Elvire Popesco: www.elvirepopesco.ro Sala de cinema Elvire Popesco a Institutului Francez, deschis\u0103 \u00een 1979, a fost complet renovat\u0103 \u00eentre 2011-2012. Cu o capacitate de 183 de locuri, sala are un singur ecran \u0219i este echipat\u0103 cu un proiector 35mm, precum \u0219i cu un videoproiector Barco-2k care permite proiec\u021biile pe suport digital DCP. Cinema [&hellip;]<\/p>\n","protected":false},"author":3,"featured_media":1119,"parent":319,"menu_order":0,"comment_status":"closed","ping_status":"closed","template":"","meta":{"footnotes":""},"class_list":["post-983","page","type-page","status-publish","has-post-thumbnail","hentry"],"_links":{"self":[{"href":"https:\/\/institutfrancais.ro\/bucuresti\/wp-json\/wp\/v2\/pages\/983","targetHints":{"allow":["GET"]}}],"collection":[{"href":"https:\/\/institutfrancais.ro\/bucuresti\/wp-json\/wp\/v2\/pages"}],"about":[{"href":"https:\/\/institutfrancais.ro\/bucuresti\/wp-json\/wp\/v2\/types\/page"}],"author":[{"embeddable":true,"href":"https:\/\/institutfrancais.ro\/bucuresti\/wp-json\/wp\/v2\/users\/3"}],"replies":[{"embeddable":true,"href":"https:\/\/institutfrancais.ro\/bucuresti\/wp-json\/wp\/v2\/comments?post=983"}],"version-history":[{"count":15,"href":"https:\/\/institutfrancais.ro\/bucuresti\/wp-json\/wp\/v2\/pages\/983\/revisions"}],"predecessor-version":[{"id":11957,"href":"https:\/\/institutfrancais.ro\/bucuresti\/wp-json\/wp\/v2\/pages\/983\/revisions\/11957"}],"up":[{"embeddable":true,"href":"https:\/\/institutfrancais.ro\/bucuresti\/wp-json\/wp\/v2\/pages\/319"}],"wp:featuredmedia":[{"embeddable":true,"href":"https:\/\/institutfrancais.ro\/bucuresti\/wp-json\/wp\/v2\/media\/1119"}],"wp:attachment":[{"href":"https:\/\/institutfrancais.ro\/bucuresti\/wp-json\/wp\/v2\/media?parent=983"}],"curies":[{"name":"wp","href":"https:\/\/api.w.org\/{rel}","templated":true}]}}