{"id":10408,"date":"2026-04-27T10:24:41","date_gmt":"2026-04-27T08:24:41","guid":{"rendered":"https:\/\/institutfrancais.ro\/cluj-napoca\/evenimente\/open-call-video-sound-art\/"},"modified":"2026-04-27T10:28:06","modified_gmt":"2026-04-27T08:28:06","slug":"open-call-video-sound-art","status":"publish","type":"evenimente","link":"https:\/\/institutfrancais.ro\/cluj-napoca\/fr\/evenimente\/open-call-video-sound-art\/","title":{"rendered":"Open call video &amp; sound art"},"content":{"rendered":"\n<figure class=\"wp-block-image size-large\"><img loading=\"lazy\" decoding=\"async\" width=\"1024\" height=\"482\" src=\"https:\/\/institutfrancais.ro\/cluj-napoca\/wp-content\/uploads\/sites\/3\/2026\/04\/opencall-1024x482.jpg\" alt=\"\" class=\"wp-image-10406\" srcset=\"https:\/\/institutfrancais.ro\/cluj-napoca\/wp-content\/uploads\/sites\/3\/2026\/04\/opencall-1024x482.jpg 1024w, https:\/\/institutfrancais.ro\/cluj-napoca\/wp-content\/uploads\/sites\/3\/2026\/04\/opencall-600x283.jpg 600w, https:\/\/institutfrancais.ro\/cluj-napoca\/wp-content\/uploads\/sites\/3\/2026\/04\/opencall-768x362.jpg 768w, https:\/\/institutfrancais.ro\/cluj-napoca\/wp-content\/uploads\/sites\/3\/2026\/04\/opencall-1536x723.jpg 1536w, https:\/\/institutfrancais.ro\/cluj-napoca\/wp-content\/uploads\/sites\/3\/2026\/04\/opencall.jpg 1771w\" sizes=\"auto, (max-width: 1024px) 100vw, 1024px\" \/><\/figure>\n\n\n\n<p><strong>L&rsquo;Institut fran\u00e7ais de Roumanie \u00e0 Cluj-Napoca<\/strong>, en collaboration avec <strong>Gabriela Moldovan<\/strong>, commissaire de la s\u00e9rie d&rsquo;expositions \u00ab The Resonance of the Present Self \u00bb, lance un appel \u00e0 candidatures destin\u00e9 aux artistes travaillant avec la vid\u00e9o et le son.<\/p>\n\n\n\n<p>Nous recherchons des \u0153uvres d\u2019art vid\u00e9o et d\u2019art sonore qui seront incluses dans une projection sp\u00e9ciale unique, organis\u00e9e dans la soir\u00e9e du <strong>23 mai<\/strong>, dans le cadre de la <strong>Nuit des Mus\u00e9es<\/strong>.<\/p>\n\n\n\n<p>Les \u0153uvres s\u00e9lectionn\u00e9es feront partie du programme officiel de l\u2019\u00e9v\u00e9nement et seront pr\u00e9sent\u00e9es au public lors d\u2019une soir\u00e9e d\u00e9di\u00e9e.<\/p>\n\n\n\n<p>D\u00e9tails :<br>\u2013 sans th\u00e8me impos\u00e9<br>\u2013 ouvert aux artistes \u00e9mergents et confirm\u00e9s, roumains mais aussi internationaux<br>\u2013 les \u0153uvres abordant des th\u00e8mes sexuels explicites ou promouvant ou incitant \u00e0 la discrimination, \u00e0 la violence ou \u00e0 la haine ne seront pas prises en consid\u00e9ration<\/p>\n\n\n\n<p>Calendrier :<br>\u2013 d\u00e9lai d\u2019inscription : <strong><mark style=\"background-color:rgba(0, 0, 0, 0);color:#ff0000\" class=\"has-inline-color\">17 mai<\/mark><\/strong><br>\u2013 annonce des artistes choisis : <strong>19 mai<\/strong><\/p>\n\n\n\n<p><a href=\"https:\/\/sis0phv9.forms.app\/my-new-form\"><strong>Formulaire d&rsquo;application<\/strong><\/a><\/p>\n","protected":false},"excerpt":{"rendered":"<p>L&rsquo;Institut fran\u00e7ais de Roumanie \u00e0 Cluj-Napoca, en collaboration avec Gabriela Moldovan, commissaire de la s\u00e9rie d&rsquo;expositions \u00ab The Resonance of the Present Self \u00bb, lance un appel \u00e0 candidatures destin\u00e9 aux artistes travaillant avec la vid\u00e9o et le son. Nous recherchons des \u0153uvres d\u2019art vid\u00e9o et d\u2019art sonore qui seront incluses dans une projection sp\u00e9ciale [&hellip;]<\/p>\n","protected":false},"featured_media":10407,"menu_order":0,"template":"","format":"standard","meta":[],"tags":[],"cmcal_calendar":[93],"category-events":[138],"class_list":["post-10408","evenimente","type-evenimente","status-publish","format-standard","has-post-thumbnail","hentry","cmcal_calendar-events-calendar-fr","category-events-culture"],"_links":{"self":[{"href":"https:\/\/institutfrancais.ro\/cluj-napoca\/fr\/wp-json\/wp\/v2\/evenimente\/10408","targetHints":{"allow":["GET"]}}],"collection":[{"href":"https:\/\/institutfrancais.ro\/cluj-napoca\/fr\/wp-json\/wp\/v2\/evenimente"}],"about":[{"href":"https:\/\/institutfrancais.ro\/cluj-napoca\/fr\/wp-json\/wp\/v2\/types\/evenimente"}],"wp:featuredmedia":[{"embeddable":true,"href":"https:\/\/institutfrancais.ro\/cluj-napoca\/fr\/wp-json\/wp\/v2\/media\/10407"}],"wp:attachment":[{"href":"https:\/\/institutfrancais.ro\/cluj-napoca\/fr\/wp-json\/wp\/v2\/media?parent=10408"}],"wp:term":[{"taxonomy":"post_tag","embeddable":true,"href":"https:\/\/institutfrancais.ro\/cluj-napoca\/fr\/wp-json\/wp\/v2\/tags?post=10408"},{"taxonomy":"cmcal_calendar","embeddable":true,"href":"https:\/\/institutfrancais.ro\/cluj-napoca\/fr\/wp-json\/wp\/v2\/cmcal_calendar?post=10408"},{"taxonomy":"category-events","embeddable":true,"href":"https:\/\/institutfrancais.ro\/cluj-napoca\/fr\/wp-json\/wp\/v2\/category-events?post=10408"}],"curies":[{"name":"wp","href":"https:\/\/api.w.org\/{rel}","templated":true}]}}

<figure class="wp-block-image size-large"><img loading="lazy" decoding="async" width="1024" height="482" src="https://institutfrancais.ro/cluj-napoca/wp-content/uploads/sites/3/2026/04/opencall-1024x482.jpg" alt="" class="wp-image-10406" srcset="https://institutfrancais.ro/cluj-napoca/wp-content/uploads/sites/3/2026/04/opencall-1024x482.jpg 1024w, https://institutfrancais.ro/cluj-napoca/wp-content/uploads/sites/3/2026/04/opencall-600x283.jpg 600w, https://institutfrancais.ro/cluj-napoca/wp-content/uploads/sites/3/2026/04/opencall-768x362.jpg 768w, https://institutfrancais.ro/cluj-napoca/wp-content/uploads/sites/3/2026/04/opencall-1536x723.jpg 1536w, https://institutfrancais.ro/cluj-napoca/wp-content/uploads/sites/3/2026/04/opencall.jpg 1771w" sizes="auto, (max-width: 1024px) 100vw, 1024px" /></figure>



<p><strong>L&rsquo;Institut français de Roumanie à Cluj-Napoca</strong>, en collaboration avec <strong>Gabriela Moldovan</strong>, commissaire de la série d&rsquo;expositions « The Resonance of the Present Self », lance un appel à candidatures destiné aux artistes travaillant avec la vidéo et le son.</p>



<p>Nous recherchons des œuvres d’art vidéo et d’art sonore qui seront incluses dans une projection spéciale unique, organisée dans la soirée du <strong>23 mai</strong>, dans le cadre de la <strong>Nuit des Musées</strong>.</p>



<p>Les œuvres sélectionnées feront partie du programme officiel de l’événement et seront présentées au public lors d’une soirée dédiée.</p>



<p>Détails :<br>– sans thème imposé<br>– ouvert aux artistes émergents et confirmés, roumains mais aussi internationaux<br>– les œuvres abordant des thèmes sexuels explicites ou promouvant ou incitant à la discrimination, à la violence ou à la haine ne seront pas prises en considération</p>



<p>Calendrier :<br>– délai d’inscription : <strong><mark style="background-color:rgba(0, 0, 0, 0);color:#ff0000" class="has-inline-color">17 mai</mark></strong><br>– annonce des artistes choisis : <strong>19 mai</strong></p>



<p><a href="https://sis0phv9.forms.app/my-new-form"><strong>Formulaire d&rsquo;application</strong></a></p>

<p>L&rsquo;Institut français de Roumanie à Cluj-Napoca, en collaboration avec Gabriela Moldovan, commissaire de la série d&rsquo;expositions « The Resonance of the Present Self », lance un appel à candidatures destiné aux artistes travaillant avec la vidéo et le son. Nous recherchons des œuvres d’art vidéo et d’art sonore qui seront incluses dans une projection spéciale [&hellip;]</p>
