{"id":1681,"date":"2021-02-15T19:53:45","date_gmt":"2021-02-15T19:53:45","guid":{"rendered":"https:\/\/institutfrancais.ro\/cluj-napoca\/povestea-ifr-la-bucuresti\/"},"modified":"2021-05-12T08:36:50","modified_gmt":"2021-05-12T08:36:50","slug":"povestea-ifr-la-cluj-napoca","status":"publish","type":"page","link":"https:\/\/institutfrancais.ro\/cluj-napoca\/fr\/povestea-ifr-la-cluj-napoca\/","title":{"rendered":"L\u2019histoire de l\u2019IFR \u00e0 Cluj-Napoca"},"content":{"rendered":"\n<h4 class=\"wp-block-heading\">Identit\u00e9 et mission<\/h4>\n\n\n\n<p>Sous la tutelle du minist\u00e8re de l&rsquo;Europe et des Affaires \u00e9trang\u00e8res, l&rsquo;Institut fran\u00e7ais de Cluj est un centre d&rsquo;action linguistique et culturelle qui op\u00e8re sous l&rsquo;autorit\u00e9 de l&rsquo;ambassade de France en Roumanie. Inaugur\u00e9 en 1991, il fait partie de tout un r\u00e9seau d&rsquo;institutions comprenant tout le pays\u2009: Ambassade de France, Consulat, Institut fran\u00e7ais de Roumanie, Chambre de commerce et d&rsquo;industrie fran\u00e7aise (CCIFER), Lyc\u00e9e fran\u00e7ais de Bucarest, Club francophone d&rsquo;affaires, alliances fran\u00e7aises. Chaque ann\u00e9e, les actions de l&rsquo;Institut fran\u00e7ais de Cluj atteignent environ 30 000 personnes.<\/p>\n\n\n\n<h4 class=\"wp-block-heading\">Ses principaux objectifs sont\u2009:<\/h4>\n\n\n\n<ul class=\"wp-block-list\"><li>Promouvoir la francophonie<\/li><li>Organisation d&rsquo;\u00e9v\u00e9nements culturels, d&rsquo;\u00e9changes artistiques entre les deux cultures et de d\u00e9bats sur divers sujets<\/li><li>Coop\u00e9ration avec les autorit\u00e9s roumaines, avec les universit\u00e9s et \u00e9coles de la r\u00e9gion, avec la soci\u00e9t\u00e9 civile et avec d&rsquo;autres centres culturels dans le pays<\/li><li>Bureau de vote pour la communaut\u00e9 fran\u00e7aise.<\/li><li>Cours, examens, m\u00e9diath\u00e8que<\/li><\/ul>\n\n\n\n<h4 class=\"wp-block-heading\">L&rsquo;Institut Fran\u00e7ais de Cluj propose<\/h4>\n\n\n\n<ul class=\"wp-block-list\"><li>Cours de fran\u00e7ais pour tous les \u00e2ges et tous les niveaux<\/li><li>Cours et ateliers de formation continue en fran\u00e7ais<\/li><li>Certificats de langue d\u00e9livr\u00e9s par les organismes fran\u00e7ais\u2009: DELF, DALF, TCF, TEF, DFP<\/li><li>Cours de langue roumaine pour \u00e9trangers<\/li><li>Une m\u00e9diath\u00e8que contenant 20000 documents (presse \u00e9crite, livres, films, bandes dessin\u00e9es, CD)<\/li><li>Acc\u00e8s \u00e0 la m\u00e9diath\u00e8que en ligne <span class=\"has-inline-color has-vivid-cyan-blue-color\">culturetheque.com<\/span><\/li><li>Culture et d\u00e9bats<\/li><\/ul>\n\n\n\n<p>L&rsquo;Institut fran\u00e7ais organise et soutient chaque ann\u00e9e <strong>plus de 60 \u00e9v\u00e9nements culturels<\/strong> (en partenariat avec de nombreuses institutions de Transylvanie) dont\u2009:<\/p>\n\n\n\n<ul class=\"wp-block-list\"><li>Festival du film fran\u00e7ais<\/li><li>Festival du tr\u00e8s court m\u00e9trage Tr\u00e8s Court<\/li><li>Rencontres europ\u00e9ennes en Transylvanie<\/li><li>Festival d&rsquo;art num\u00e9rique et de musique \u00e9lectronique Clujotronic<\/li><li>Concours de traduction litt\u00e9raire Mot \u00e0 Monde<\/li><li>Foire des carri\u00e8res \u00ab\u2009Le fran\u00e7ais t&#8217;embauche\u2009!\u2009\u00bb<\/li><li>Expositions qui valorisent la cr\u00e9ation artistique contemporaine (photographie, peinture, c\u00e9ramique, sculpture) dans sa propre galerie La Cave<\/li><\/ul>\n","protected":false},"excerpt":{"rendered":"<p>Identit\u00e9 et mission Sous la tutelle du minist\u00e8re de l&rsquo;Europe et des Affaires \u00e9trang\u00e8res, l&rsquo;Institut fran\u00e7ais de Cluj est un centre d&rsquo;action linguistique et culturelle qui op\u00e8re sous l&rsquo;autorit\u00e9 de l&rsquo;ambassade de France en Roumanie. Inaugur\u00e9 en 1991, il fait partie de tout un r\u00e9seau d&rsquo;institutions comprenant tout le pays\u2009: Ambassade de France, Consulat, Institut [&hellip;]<\/p>\n","protected":false},"author":1,"featured_media":0,"parent":0,"menu_order":0,"comment_status":"closed","ping_status":"closed","template":"","meta":{"footnotes":""},"class_list":["post-1681","page","type-page","status-publish","hentry"],"_links":{"self":[{"href":"https:\/\/institutfrancais.ro\/cluj-napoca\/fr\/wp-json\/wp\/v2\/pages\/1681","targetHints":{"allow":["GET"]}}],"collection":[{"href":"https:\/\/institutfrancais.ro\/cluj-napoca\/fr\/wp-json\/wp\/v2\/pages"}],"about":[{"href":"https:\/\/institutfrancais.ro\/cluj-napoca\/fr\/wp-json\/wp\/v2\/types\/page"}],"author":[{"embeddable":true,"href":"https:\/\/institutfrancais.ro\/cluj-napoca\/fr\/wp-json\/wp\/v2\/users\/1"}],"replies":[{"embeddable":true,"href":"https:\/\/institutfrancais.ro\/cluj-napoca\/fr\/wp-json\/wp\/v2\/comments?post=1681"}],"version-history":[{"count":3,"href":"https:\/\/institutfrancais.ro\/cluj-napoca\/fr\/wp-json\/wp\/v2\/pages\/1681\/revisions"}],"predecessor-version":[{"id":2043,"href":"https:\/\/institutfrancais.ro\/cluj-napoca\/fr\/wp-json\/wp\/v2\/pages\/1681\/revisions\/2043"}],"wp:attachment":[{"href":"https:\/\/institutfrancais.ro\/cluj-napoca\/fr\/wp-json\/wp\/v2\/media?parent=1681"}],"curies":[{"name":"wp","href":"https:\/\/api.w.org\/{rel}","templated":true}]}}

L’histoire de l’IFR à Cluj-Napoca

<h4 class="wp-block-heading">Identité et mission</h4>



<p>Sous la tutelle du ministère de l&rsquo;Europe et des Affaires étrangères, l&rsquo;Institut français de Cluj est un centre d&rsquo;action linguistique et culturelle qui opère sous l&rsquo;autorité de l&rsquo;ambassade de France en Roumanie. Inauguré en 1991, il fait partie de tout un réseau d&rsquo;institutions comprenant tout le pays : Ambassade de France, Consulat, Institut français de Roumanie, Chambre de commerce et d&rsquo;industrie française (CCIFER), Lycée français de Bucarest, Club francophone d&rsquo;affaires, alliances françaises. Chaque année, les actions de l&rsquo;Institut français de Cluj atteignent environ 30 000 personnes.</p>



<h4 class="wp-block-heading">Ses principaux objectifs sont :</h4>



<ul class="wp-block-list"><li>Promouvoir la francophonie</li><li>Organisation d&rsquo;événements culturels, d&rsquo;échanges artistiques entre les deux cultures et de débats sur divers sujets</li><li>Coopération avec les autorités roumaines, avec les universités et écoles de la région, avec la société civile et avec d&rsquo;autres centres culturels dans le pays</li><li>Bureau de vote pour la communauté française.</li><li>Cours, examens, médiathèque</li></ul>



<h4 class="wp-block-heading">L&rsquo;Institut Français de Cluj propose</h4>



<ul class="wp-block-list"><li>Cours de français pour tous les âges et tous les niveaux</li><li>Cours et ateliers de formation continue en français</li><li>Certificats de langue délivrés par les organismes français : DELF, DALF, TCF, TEF, DFP</li><li>Cours de langue roumaine pour étrangers</li><li>Une médiathèque contenant 20000 documents (presse écrite, livres, films, bandes dessinées, CD)</li><li>Accès à la médiathèque en ligne <span class="has-inline-color has-vivid-cyan-blue-color">culturetheque.com</span></li><li>Culture et débats</li></ul>



<p>L&rsquo;Institut français organise et soutient chaque année <strong>plus de 60 événements culturels</strong> (en partenariat avec de nombreuses institutions de Transylvanie) dont :</p>



<ul class="wp-block-list"><li>Festival du film français</li><li>Festival du très court métrage Très Court</li><li>Rencontres européennes en Transylvanie</li><li>Festival d&rsquo;art numérique et de musique électronique Clujotronic</li><li>Concours de traduction littéraire Mot à Monde</li><li>Foire des carrières « Le français t&#8217;embauche ! »</li><li>Expositions qui valorisent la création artistique contemporaine (photographie, peinture, céramique, sculpture) dans sa propre galerie La Cave</li></ul>

<p>Identité et mission Sous la tutelle du ministère de l&rsquo;Europe et des Affaires étrangères, l&rsquo;Institut français de Cluj est un centre d&rsquo;action linguistique et culturelle qui opère sous l&rsquo;autorité de l&rsquo;ambassade de France en Roumanie. Inauguré en 1991, il fait partie de tout un réseau d&rsquo;institutions comprenant tout le pays : Ambassade de France, Consulat, Institut [&hellip;]</p>
