{"id":4889,"date":"2022-10-14T09:56:06","date_gmt":"2022-10-14T07:56:06","guid":{"rendered":"https:\/\/institutfrancais.ro\/cluj-napoca\/mediateca\/culturetheque\/"},"modified":"2024-08-30T13:39:39","modified_gmt":"2024-08-30T11:39:39","slug":"culturetheque","status":"publish","type":"page","link":"https:\/\/institutfrancais.ro\/cluj-napoca\/fr\/mediateca\/culturetheque\/","title":{"rendered":"Cultureth\u00e8que"},"content":{"rendered":"\n<p><a href=\"https:\/\/www.culturetheque.com\/fr\"><strong>Cultureth\u00e8que<\/strong><\/a> est la m\u00e9diath\u00e8que num\u00e9rique de l\u2019Institut fran\u00e7ais, accessible depuis votre ordinateur ou depuis votre tablette et votre t\u00e9l\u00e9phone portable de n\u2019importe o\u00f9 en Roumanie !&nbsp; Livres, livres audio, albums pour enfants, magazines, bandes dessin\u00e9es et manuels d\u2019autoformation sont accessibles en ligne. L\u2019interface de la plateforme est disponible en trois langues : fran\u00e7ais, anglais et espagnol.<\/p>\n\n\n\n<p><span style=\"text-decoration: underline\">Suite au RGPD, nous n\u2019avons plus le droit de cr\u00e9er des comptes personnels pour les utilisateurs.<\/span><\/p>\n\n\n\n<p><strong>Pour cr\u00e9er votre compte utilisateur<\/strong>, connectez-vous <a href=\"https:\/\/www.culturetheque.com\/fr\">https:\/\/www.culturetheque.com\/fr<\/a><\/p>\n\n\n\n<ul class=\"wp-block-list\">\n<li>Cr\u00e9ez un compte<\/li>\n\n\n\n<li>Votre adresse e-mail devient votre nom d\u2019utilisateur<\/li>\n\n\n\n<li>Enregistrez un mot de passe s\u00e9curis\u00e9<\/li>\n\n\n\n<li>Validez votre pays de r\u00e9sidence \u2013 Roumanie<\/li>\n\n\n\n<li>Choisissez votre \u00e9tablissement principal (Institut fran\u00e7ais de Cluj-Napoca)<\/li>\n\n\n\n<li>V\u00e9rifiez votre compte de messagerie et recherchez un message de <a href=\"mailto:nepasrepondre@culturetheque.com\">nepasrepondre@culturetheque.com<\/a> \u2013 \u00ab\u00a0<em>Pour acc\u00e9der au contenu pendant une p\u00e9riode d\u2019essai de 30 jours,\u00a0 veuillez confirmer votre adresse e-mail en cliquant sur le lien suivant&#8230;.<\/em>\u00a0\u00bb<\/li>\n\n\n\n<li>Choisissez votre profil d\u2019utilisateur (\u00e9l\u00e8ve, enseignant, etc.) et vos pr\u00e9f\u00e9rences d\u2019utilisateur (sujets pr\u00e9f\u00e9r\u00e9s)<\/li>\n<\/ul>\n\n\n\n<p><a href=\"https:\/\/www.culturetheque.com\/fr\/foire-aux-questions\">https:\/\/www.culturetheque.com\/fr\/foire-aux-questions<\/a><\/p>\n\n\n\n<p>Votre compte est valable un mois \u00e0 compter de la date d\u2019inscription. Informations et d\u00e9tails pour prolonger votre acc\u00e8s, en fonction de la dur\u00e9e de votre abonnement : <a href=\"mailto:mediath\u00e8que.cluj@institutfrancais.ro\">mediath\u00e8que.cluj@institutfrancais.ro<\/a><\/p>\n","protected":false},"excerpt":{"rendered":"<p>Cultureth\u00e8que est la m\u00e9diath\u00e8que num\u00e9rique de l\u2019Institut fran\u00e7ais, accessible depuis votre ordinateur ou depuis votre tablette et votre t\u00e9l\u00e9phone portable de n\u2019importe o\u00f9 en Roumanie !&nbsp; Livres, livres audio, albums pour enfants, magazines, bandes dessin\u00e9es et manuels d\u2019autoformation sont accessibles en ligne. L\u2019interface de la plateforme est disponible en trois langues : fran\u00e7ais, anglais et [&hellip;]<\/p>\n","protected":false},"author":8,"featured_media":0,"parent":1677,"menu_order":-1,"comment_status":"closed","ping_status":"closed","template":"","meta":{"footnotes":""},"class_list":["post-4889","page","type-page","status-publish","hentry"],"_links":{"self":[{"href":"https:\/\/institutfrancais.ro\/cluj-napoca\/fr\/wp-json\/wp\/v2\/pages\/4889","targetHints":{"allow":["GET"]}}],"collection":[{"href":"https:\/\/institutfrancais.ro\/cluj-napoca\/fr\/wp-json\/wp\/v2\/pages"}],"about":[{"href":"https:\/\/institutfrancais.ro\/cluj-napoca\/fr\/wp-json\/wp\/v2\/types\/page"}],"author":[{"embeddable":true,"href":"https:\/\/institutfrancais.ro\/cluj-napoca\/fr\/wp-json\/wp\/v2\/users\/8"}],"replies":[{"embeddable":true,"href":"https:\/\/institutfrancais.ro\/cluj-napoca\/fr\/wp-json\/wp\/v2\/comments?post=4889"}],"version-history":[{"count":4,"href":"https:\/\/institutfrancais.ro\/cluj-napoca\/fr\/wp-json\/wp\/v2\/pages\/4889\/revisions"}],"predecessor-version":[{"id":8425,"href":"https:\/\/institutfrancais.ro\/cluj-napoca\/fr\/wp-json\/wp\/v2\/pages\/4889\/revisions\/8425"}],"up":[{"embeddable":true,"href":"https:\/\/institutfrancais.ro\/cluj-napoca\/fr\/wp-json\/wp\/v2\/pages\/1677"}],"wp:attachment":[{"href":"https:\/\/institutfrancais.ro\/cluj-napoca\/fr\/wp-json\/wp\/v2\/media?parent=4889"}],"curies":[{"name":"wp","href":"https:\/\/api.w.org\/{rel}","templated":true}]}}

Culturethèque

<p><a href="https://www.culturetheque.com/fr"><strong>Culturethèque</strong></a> est la médiathèque numérique de l’Institut français, accessible depuis votre ordinateur ou depuis votre tablette et votre téléphone portable de n’importe où en Roumanie !&nbsp; Livres, livres audio, albums pour enfants, magazines, bandes dessinées et manuels d’autoformation sont accessibles en ligne. L’interface de la plateforme est disponible en trois langues : français, anglais et espagnol.</p>



<p><span style="text-decoration: underline">Suite au RGPD, nous n’avons plus le droit de créer des comptes personnels pour les utilisateurs.</span></p>



<p><strong>Pour créer votre compte utilisateur</strong>, connectez-vous <a href="https://www.culturetheque.com/fr">https://www.culturetheque.com/fr</a></p>



<ul class="wp-block-list">
<li>Créez un compte</li>



<li>Votre adresse e-mail devient votre nom d’utilisateur</li>



<li>Enregistrez un mot de passe sécurisé</li>



<li>Validez votre pays de résidence – Roumanie</li>



<li>Choisissez votre établissement principal (Institut français de Cluj-Napoca)</li>



<li>Vérifiez votre compte de messagerie et recherchez un message de <a href="mailto:nepasrepondre@culturetheque.com">nepasrepondre@culturetheque.com</a> – « <em>Pour accéder au contenu pendant une période d’essai de 30 jours,  veuillez confirmer votre adresse e-mail en cliquant sur le lien suivant&#8230;.</em> »</li>



<li>Choisissez votre profil d’utilisateur (élève, enseignant, etc.) et vos préférences d’utilisateur (sujets préférés)</li>
</ul>



<p><a href="https://www.culturetheque.com/fr/foire-aux-questions">https://www.culturetheque.com/fr/foire-aux-questions</a></p>



<p>Votre compte est valable un mois à compter de la date d’inscription. Informations et détails pour prolonger votre accès, en fonction de la durée de votre abonnement : <a href="mailto:mediathèque.cluj@institutfrancais.ro">mediathèque.cluj@institutfrancais.ro</a></p>

<p>Culturethèque est la médiathèque numérique de l’Institut français, accessible depuis votre ordinateur ou depuis votre tablette et votre téléphone portable de n’importe où en Roumanie !&nbsp; Livres, livres audio, albums pour enfants, magazines, bandes dessinées et manuels d’autoformation sont accessibles en ligne. L’interface de la plateforme est disponible en trois langues : français, anglais et [&hellip;]</p>
