{"id":357,"date":"2021-02-15T19:53:45","date_gmt":"2021-02-15T19:53:45","guid":{"rendered":"https:\/\/institutfrancais.ro\/bucuresti\/?page_id=357"},"modified":"2022-06-21T09:38:24","modified_gmt":"2022-06-21T07:38:24","slug":"povestea-ifr-la-cluj-napoca","status":"publish","type":"page","link":"https:\/\/institutfrancais.ro\/cluj-napoca\/povestea-ifr-la-cluj-napoca\/","title":{"rendered":"Povestea IFR la Cluj-Napoca"},"content":{"rendered":"\n<h4 class=\"wp-block-heading\">Identitate \u015fi misiune<\/h4>\n\n\n\n<p>Aflat sub tutela Ministerului Afacerilor Externe, Institutul Francez din Cluj este un centru de limb\u0103 \u0219i ac\u021biune cultural\u0103 ce \u00ee\u0219i desf\u0103\u0219oar\u0103 activitatea sub autoritatea Ambasadei Fran\u021bei \u00een Rom\u00e2nia. Inaugurat \u00een 1991, el face parte dintr-o \u00eentreag\u0103 re\u021bea de institu\u021bii, cu sedii \u00een toat\u0103 \u021bara: Ambasada Fran\u021bei, Consulatul, Institutul Francez din Rom\u00e2nia, Camera Francez\u0103 de Comer\u021b \u0219i Industrie (CCIFER), Liceul Francez din Bucure\u0219ti, Clubul Francofon de Afaceri, Alian\u021bele Franceze. \u00cen fiecare an, ac\u021biunile Institutului Francez din Cluj ating aproximativ 30.000 de persoane.<\/p>\n\n\n\n<h4 class=\"wp-block-heading\">Principalele sale obiective sunt:<\/h4>\n\n\n\n<ul class=\"wp-block-list\"><li>Promovarea francofoniei<\/li><li>Organizarea de evenimente culturale, de schimburi artistice \u00eentre cele dou\u0103 culturi \u0219i de dezbateri pe diverse teme<\/li><li>Cooperarea cu autorit\u0103\u021bile rom\u00e2ne, cu universit\u0103\u021bile \u0219i \u0219colile din regiune, cu societatea civil\u0103 \u0219i cu alte centre culturale existente \u00een \u021bar\u0103<\/li><li>Este sec\u021bie de vot pentru comunitatea francez\u0103.<\/li><li>Cursuri, examene, mediatec\u0103<\/li><\/ul>\n\n\n\n<h4 class=\"wp-block-heading\">Institutul Francez din Cluj propune<\/h4>\n\n\n\n<ul class=\"wp-block-list\"><li>Cursuri de limba francez\u0103 pentru toate v\u00e2rstele \u0219i nivelurile<\/li><li>Cursuri de formare continu\u0103 \u0219i ateliere \u00een limba francez\u0103<\/li><li>Certificate de limb\u0103 eliberate de organisme franceze: DELF, DALF, TCF, TEF, DFP<\/li><li>Cursuri de limba rom\u00e2n\u0103 pentru str\u0103ini<\/li><li>O mediatec\u0103 cuprinz\u00e2nd 20 000 de documente (pres\u0103 scris\u0103, c\u0103r\u021bi, filme, benzi desenate, CD-uri)<\/li><li>Acces la mediateca online culturetheque.com<\/li><li>Cultur\u0103 \u015fi dezbateri<\/li><\/ul>\n\n\n\n<p>Institutul Francez organizeaz\u0103 \u0219i sus\u021bine anual <strong>peste 60 de evenimente culturale<\/strong> (\u00een parteneriat cu numeroase institu\u021bii din Transilvania), printre care se num\u0103r\u0103:<\/p>\n\n\n\n<ul class=\"wp-block-list\"><li>Festivalul Filmului Francez<\/li><li>Festivalul de Foarte Scurt Metraj Tr\u00e8s Court<\/li><li>\u00cent\u00e2lnirile Europene din Transilvania<\/li><li>Festivalului de art\u0103 digital\u0103 \u015fi muzic\u0103 electronic\u0103 Clujotronic<\/li><li>Concursul de traducere literar\u0103 Mot \u00e0 Monde<\/li><li>T\u00e2rgul de cariere \u201eFranceza te angajeaz\u0103!\u201d<\/li><li>Expozi\u021bii prin care se promoveaz\u0103 crea\u021bia artistic\u0103 contemporan\u0103 (fotografie, pictur\u0103, ceramic\u0103, sculptur\u0103) \u00een propria galerie \u201eLa Cave\u201d<\/li><\/ul>\n","protected":false},"excerpt":{"rendered":"<p>Identitate \u015fi misiune Aflat sub tutela Ministerului Afacerilor Externe, Institutul Francez din Cluj este un centru de limb\u0103 \u0219i ac\u021biune cultural\u0103 ce \u00ee\u0219i desf\u0103\u0219oar\u0103 activitatea sub autoritatea Ambasadei Fran\u021bei \u00een Rom\u00e2nia. Inaugurat \u00een 1991, el face parte dintr-o \u00eentreag\u0103 re\u021bea de institu\u021bii, cu sedii \u00een toat\u0103 \u021bara: Ambasada Fran\u021bei, Consulatul, Institutul Francez din Rom\u00e2nia, Camera [&hellip;]<\/p>\n","protected":false},"author":1,"featured_media":0,"parent":0,"menu_order":0,"comment_status":"closed","ping_status":"closed","template":"","meta":{"footnotes":""},"class_list":["post-357","page","type-page","status-publish","hentry"],"_links":{"self":[{"href":"https:\/\/institutfrancais.ro\/cluj-napoca\/wp-json\/wp\/v2\/pages\/357","targetHints":{"allow":["GET"]}}],"collection":[{"href":"https:\/\/institutfrancais.ro\/cluj-napoca\/wp-json\/wp\/v2\/pages"}],"about":[{"href":"https:\/\/institutfrancais.ro\/cluj-napoca\/wp-json\/wp\/v2\/types\/page"}],"author":[{"embeddable":true,"href":"https:\/\/institutfrancais.ro\/cluj-napoca\/wp-json\/wp\/v2\/users\/1"}],"replies":[{"embeddable":true,"href":"https:\/\/institutfrancais.ro\/cluj-napoca\/wp-json\/wp\/v2\/comments?post=357"}],"version-history":[{"count":6,"href":"https:\/\/institutfrancais.ro\/cluj-napoca\/wp-json\/wp\/v2\/pages\/357\/revisions"}],"predecessor-version":[{"id":4407,"href":"https:\/\/institutfrancais.ro\/cluj-napoca\/wp-json\/wp\/v2\/pages\/357\/revisions\/4407"}],"wp:attachment":[{"href":"https:\/\/institutfrancais.ro\/cluj-napoca\/wp-json\/wp\/v2\/media?parent=357"}],"curies":[{"name":"wp","href":"https:\/\/api.w.org\/{rel}","templated":true}]}}

<h4 class="wp-block-heading">Identitate şi misiune</h4>



<p>Aflat sub tutela Ministerului Afacerilor Externe, Institutul Francez din Cluj este un centru de limbă și acțiune culturală ce își desfășoară activitatea sub autoritatea Ambasadei Franței în România. Inaugurat în 1991, el face parte dintr-o întreagă rețea de instituții, cu sedii în toată țara: Ambasada Franței, Consulatul, Institutul Francez din România, Camera Franceză de Comerț și Industrie (CCIFER), Liceul Francez din București, Clubul Francofon de Afaceri, Alianțele Franceze. În fiecare an, acțiunile Institutului Francez din Cluj ating aproximativ 30.000 de persoane.</p>



<h4 class="wp-block-heading">Principalele sale obiective sunt:</h4>



<ul class="wp-block-list"><li>Promovarea francofoniei</li><li>Organizarea de evenimente culturale, de schimburi artistice între cele două culturi și de dezbateri pe diverse teme</li><li>Cooperarea cu autoritățile române, cu universitățile și școlile din regiune, cu societatea civilă și cu alte centre culturale existente în țară</li><li>Este secție de vot pentru comunitatea franceză.</li><li>Cursuri, examene, mediatecă</li></ul>



<h4 class="wp-block-heading">Institutul Francez din Cluj propune</h4>



<ul class="wp-block-list"><li>Cursuri de limba franceză pentru toate vârstele și nivelurile</li><li>Cursuri de formare continuă și ateliere în limba franceză</li><li>Certificate de limbă eliberate de organisme franceze: DELF, DALF, TCF, TEF, DFP</li><li>Cursuri de limba română pentru străini</li><li>O mediatecă cuprinzând 20 000 de documente (presă scrisă, cărți, filme, benzi desenate, CD-uri)</li><li>Acces la mediateca online culturetheque.com</li><li>Cultură şi dezbateri</li></ul>



<p>Institutul Francez organizează și susține anual <strong>peste 60 de evenimente culturale</strong> (în parteneriat cu numeroase instituții din Transilvania), printre care se numără:</p>



<ul class="wp-block-list"><li>Festivalul Filmului Francez</li><li>Festivalul de Foarte Scurt Metraj Très Court</li><li>Întâlnirile Europene din Transilvania</li><li>Festivalului de artă digitală şi muzică electronică Clujotronic</li><li>Concursul de traducere literară Mot à Monde</li><li>Târgul de cariere „Franceza te angajează!”</li><li>Expoziții prin care se promovează creația artistică contemporană (fotografie, pictură, ceramică, sculptură) în propria galerie „La Cave”</li></ul>

<p>Identitate şi misiune Aflat sub tutela Ministerului Afacerilor Externe, Institutul Francez din Cluj este un centru de limbă și acțiune culturală ce își desfășoară activitatea sub autoritatea Ambasadei Franței în România. Inaugurat în 1991, el face parte dintr-o întreagă rețea de instituții, cu sedii în toată țara: Ambasada Franței, Consulatul, Institutul Francez din România, Camera [&hellip;]</p>
