{"id":1432,"date":"2021-01-25T13:51:02","date_gmt":"2021-01-25T13:51:02","guid":{"rendered":"https:\/\/institutfrancais.ro\/iasi\/mediateca\/"},"modified":"2021-07-29T11:52:17","modified_gmt":"2021-07-29T11:52:17","slug":"mediateca","status":"publish","type":"page","link":"https:\/\/institutfrancais.ro\/iasi\/fr\/mediateca\/","title":{"rendered":"M\u00e9diath\u00e8que"},"content":{"rendered":"\n<p>Bienvenue \u00e0 la m\u00e9diath\u00e8que de l\u2019Institut fran\u00e7ais de Roumanie \u00e0 Ia\u0219i, un espace ouvert, d\u00e9di\u00e9 \u00e0 la culture fran\u00e7aise et francophone: enfants, adultes, \u00e9tudiants, \u00e9tudiants de l\u2019Institut fran\u00e7ais ou pas\u2026 tout le monde est le bienvenu !<\/p>\n\n\n\n<ul class=\"wp-block-list\"><li>Informations pratiques<\/li><li>Ateliers<\/li><li>Catalogue en ligne<\/li><li>Ressources<\/li><\/ul>\n\n\n\n<p><\/p>\n","protected":false},"excerpt":{"rendered":"<p>Bienvenue \u00e0 la m\u00e9diath\u00e8que de l\u2019Institut fran\u00e7ais de Roumanie \u00e0 Ia\u0219i, un espace ouvert, d\u00e9di\u00e9 \u00e0 la culture fran\u00e7aise et francophone: enfants, adultes, \u00e9tudiants, \u00e9tudiants de l\u2019Institut fran\u00e7ais ou pas\u2026 tout le monde est le bienvenu ! Informations pratiques Ateliers Catalogue en ligne Ressources<\/p>\n","protected":false},"author":1,"featured_media":493,"parent":0,"menu_order":0,"comment_status":"closed","ping_status":"closed","template":"","meta":{"footnotes":""},"class_list":["post-1432","page","type-page","status-publish","has-post-thumbnail","hentry"],"_links":{"self":[{"href":"https:\/\/institutfrancais.ro\/iasi\/fr\/wp-json\/wp\/v2\/pages\/1432","targetHints":{"allow":["GET"]}}],"collection":[{"href":"https:\/\/institutfrancais.ro\/iasi\/fr\/wp-json\/wp\/v2\/pages"}],"about":[{"href":"https:\/\/institutfrancais.ro\/iasi\/fr\/wp-json\/wp\/v2\/types\/page"}],"author":[{"embeddable":true,"href":"https:\/\/institutfrancais.ro\/iasi\/fr\/wp-json\/wp\/v2\/users\/1"}],"replies":[{"embeddable":true,"href":"https:\/\/institutfrancais.ro\/iasi\/fr\/wp-json\/wp\/v2\/comments?post=1432"}],"version-history":[{"count":5,"href":"https:\/\/institutfrancais.ro\/iasi\/fr\/wp-json\/wp\/v2\/pages\/1432\/revisions"}],"predecessor-version":[{"id":1446,"href":"https:\/\/institutfrancais.ro\/iasi\/fr\/wp-json\/wp\/v2\/pages\/1432\/revisions\/1446"}],"wp:featuredmedia":[{"embeddable":true,"href":"https:\/\/institutfrancais.ro\/iasi\/fr\/wp-json\/wp\/v2\/media\/493"}],"wp:attachment":[{"href":"https:\/\/institutfrancais.ro\/iasi\/fr\/wp-json\/wp\/v2\/media?parent=1432"}],"curies":[{"name":"wp","href":"https:\/\/api.w.org\/{rel}","templated":true}]}}

Médiathèque

<p>Bienvenue à la médiathèque de l’Institut français de Roumanie à Iași, un espace ouvert, dédié à la culture française et francophone: enfants, adultes, étudiants, étudiants de l’Institut français ou pas… tout le monde est le bienvenu !</p>



<ul class="wp-block-list"><li>Informations pratiques</li><li>Ateliers</li><li>Catalogue en ligne</li><li>Ressources</li></ul>



<p></p>

<p>Bienvenue à la médiathèque de l’Institut français de Roumanie à Iași, un espace ouvert, dédié à la culture française et francophone: enfants, adultes, étudiants, étudiants de l’Institut français ou pas… tout le monde est le bienvenu ! Informations pratiques Ateliers Catalogue en ligne Ressources</p>
