{"id":7218,"date":"2025-04-30T10:57:10","date_gmt":"2025-04-30T10:57:10","guid":{"rendered":"https:\/\/institutfrancais.ro\/timisoara\/?post_type=evenimente&#038;p=7218"},"modified":"2025-04-30T10:58:14","modified_gmt":"2025-04-30T10:58:14","slug":"photos-didentite-romania-1969-1999","status":"publish","type":"evenimente","link":"https:\/\/institutfrancais.ro\/timisoara\/fr\/evenimente\/photos-didentite-romania-1969-1999\/","title":{"rendered":"Photos d&rsquo;Identit\u00e9 : Rom\u00e2nia 1969-1999"},"content":{"rendered":"\n<p>L\u2019Institut fran\u00e7ais de Roumanie \u00e0 Timi\u0219oara vous invite \u00e0 un voyage visuel au c\u0153ur d\u2019une Roumanie entre deux mondes \u2013 entre pass\u00e9 rural et \u00e8re industrielle, entre marges oubli\u00e9es et identit\u00e9s assum\u00e9es ou impos\u00e9es.<\/p>\n\n\n\n<p>L\u2019exposition <strong>Photos d\u2019Identit\u00e9<\/strong> r\u00e9unit des photographies prises lors de dix voyages \u00e0 travers diff\u00e9rentes r\u00e9gions du pays, entre 1969 et 1999. Loin des clich\u00e9s touristiques ou de toute nostalgie, ces images documentent une p\u00e9riode de transition profonde \u2013 un espace o\u00f9 le pass\u00e9 persiste et o\u00f9 l\u2019avenir peine \u00e0 se dessiner.<\/p>\n\n\n\n<p>L\u2019exposition est structur\u00e9e en quatre volets th\u00e9matiques :<\/p>\n\n\n\n<ul class=\"wp-block-list\">\n<li><strong>Identit\u00e9 paysanne et villageoise<\/strong> \u2013 photographies prises dans le Banat, les Monts Apuseni, la Bucovine (1969\u20131973)<\/li>\n\n\n\n<li><strong>Identit\u00e9 suburbaine et industrielle<\/strong> \u2013 photographies prises dans le Banat, en Dobroudja, \u00e0 Bucarest (1990\u20131999)<\/li>\n\n\n\n<li><strong>Identit\u00e9 rom (tsigane)<\/strong> \u2013 photographies prises \u00e0 F\u0103get et M\u0103guri, Banat (1990\u20131999)<\/li>\n\n\n\n<li><strong>Identit\u00e9 historique<\/strong> \u2013 la ligne ferroviaire Arad\u2013Podgoria, capt\u00e9e peu avant sa disparition (1991)<\/li>\n<\/ul>\n\n\n\n<p>Nous vous invitons \u00e0 d\u00e9couvrir les visages, les lieux et les r\u00e9cits d\u2019une Roumanie des contrastes \u2013 fragile mais authentique.<br>Le vernissage de l\u2019exposition aura lieu le <strong>jeudi 8 mai \u00e0 17h00<\/strong>, au <strong>Palais Stefania<\/strong>.<br>L\u2019\u00e9v\u00e9nement comprendra une introduction au contexte et aux th\u00e9matiques de l\u2019exposition, suivie d\u2019une visite guid\u00e9e des \u0153uvres en pr\u00e9sence de l\u2019artiste.<br>L\u2019exposition sera ouverte au public jusqu\u2019au <strong>25 mai 2025<\/strong>.<\/p>\n\n\n\n<p><strong>Charles Weber<\/strong> est un photographe suisse, n\u00e9 \u00e0 Gen\u00e8ve en 1947. Il vit actuellement en Gr\u00e8ce. Il est membre fondateur de la galerie <em>focale.ch<\/em>, un espace d\u00e9di\u00e9 \u00e0 la promotion de la photographie contemporaine.<\/p>\n\n\n\n<p>Auteur de six monographies, Charles Weber a re\u00e7u de nombreux prix, et ses \u0153uvres sont r\u00e9guli\u00e8rement expos\u00e9es en Europe et \u00e0 travers le monde. Ses photographies font partie de collections publiques et priv\u00e9es prestigieuses.<\/p>\n\n\n\n<p>Cette activit\u00e9 est organis\u00e9e en partenariat avec la Ville de Timi\u0219oara, par l\u2019interm\u00e9diaire du Centre de Projets.<\/p>\n","protected":false},"excerpt":{"rendered":"<p>L\u2019Institut fran\u00e7ais de Roumanie \u00e0 Timi\u0219oara vous invite \u00e0 un voyage visuel au c\u0153ur d\u2019une Roumanie entre deux mondes \u2013 entre pass\u00e9 rural et \u00e8re industrielle, entre marges oubli\u00e9es et identit\u00e9s assum\u00e9es ou impos\u00e9es. L\u2019exposition Photos d\u2019Identit\u00e9 r\u00e9unit des photographies prises lors de dix voyages \u00e0 travers diff\u00e9rentes r\u00e9gions du pays, entre 1969 et 1999. [&hellip;]<\/p>\n","protected":false},"featured_media":7216,"menu_order":0,"template":"","format":"standard","meta":[],"tags":[],"cmcal_calendar":[],"category-events":[],"class_list":["post-7218","evenimente","type-evenimente","status-publish","format-standard","has-post-thumbnail","hentry"],"_links":{"self":[{"href":"https:\/\/institutfrancais.ro\/timisoara\/fr\/wp-json\/wp\/v2\/evenimente\/7218","targetHints":{"allow":["GET"]}}],"collection":[{"href":"https:\/\/institutfrancais.ro\/timisoara\/fr\/wp-json\/wp\/v2\/evenimente"}],"about":[{"href":"https:\/\/institutfrancais.ro\/timisoara\/fr\/wp-json\/wp\/v2\/types\/evenimente"}],"wp:featuredmedia":[{"embeddable":true,"href":"https:\/\/institutfrancais.ro\/timisoara\/fr\/wp-json\/wp\/v2\/media\/7216"}],"wp:attachment":[{"href":"https:\/\/institutfrancais.ro\/timisoara\/fr\/wp-json\/wp\/v2\/media?parent=7218"}],"wp:term":[{"taxonomy":"post_tag","embeddable":true,"href":"https:\/\/institutfrancais.ro\/timisoara\/fr\/wp-json\/wp\/v2\/tags?post=7218"},{"taxonomy":"cmcal_calendar","embeddable":true,"href":"https:\/\/institutfrancais.ro\/timisoara\/fr\/wp-json\/wp\/v2\/cmcal_calendar?post=7218"},{"taxonomy":"category-events","embeddable":true,"href":"https:\/\/institutfrancais.ro\/timisoara\/fr\/wp-json\/wp\/v2\/category-events?post=7218"}],"curies":[{"name":"wp","href":"https:\/\/api.w.org\/{rel}","templated":true}]}}

Photos d&rsquo;Identité : România 1969-1999

<p>L’Institut français de Roumanie à Timișoara vous invite à un voyage visuel au cœur d’une Roumanie entre deux mondes – entre passé rural et ère industrielle, entre marges oubliées et identités assumées ou imposées.</p>



<p>L’exposition <strong>Photos d’Identité</strong> réunit des photographies prises lors de dix voyages à travers différentes régions du pays, entre 1969 et 1999. Loin des clichés touristiques ou de toute nostalgie, ces images documentent une période de transition profonde – un espace où le passé persiste et où l’avenir peine à se dessiner.</p>



<p>L’exposition est structurée en quatre volets thématiques :</p>



<ul class="wp-block-list">
<li><strong>Identité paysanne et villageoise</strong> – photographies prises dans le Banat, les Monts Apuseni, la Bucovine (1969–1973)</li>



<li><strong>Identité suburbaine et industrielle</strong> – photographies prises dans le Banat, en Dobroudja, à Bucarest (1990–1999)</li>



<li><strong>Identité rom (tsigane)</strong> – photographies prises à Făget et Măguri, Banat (1990–1999)</li>



<li><strong>Identité historique</strong> – la ligne ferroviaire Arad–Podgoria, captée peu avant sa disparition (1991)</li>
</ul>



<p>Nous vous invitons à découvrir les visages, les lieux et les récits d’une Roumanie des contrastes – fragile mais authentique.<br>Le vernissage de l’exposition aura lieu le <strong>jeudi 8 mai à 17h00</strong>, au <strong>Palais Stefania</strong>.<br>L’événement comprendra une introduction au contexte et aux thématiques de l’exposition, suivie d’une visite guidée des œuvres en présence de l’artiste.<br>L’exposition sera ouverte au public jusqu’au <strong>25 mai 2025</strong>.</p>



<p><strong>Charles Weber</strong> est un photographe suisse, né à Genève en 1947. Il vit actuellement en Grèce. Il est membre fondateur de la galerie <em>focale.ch</em>, un espace dédié à la promotion de la photographie contemporaine.</p>



<p>Auteur de six monographies, Charles Weber a reçu de nombreux prix, et ses œuvres sont régulièrement exposées en Europe et à travers le monde. Ses photographies font partie de collections publiques et privées prestigieuses.</p>



<p>Cette activité est organisée en partenariat avec la Ville de Timișoara, par l’intermédiaire du Centre de Projets.</p>

<p>L’Institut français de Roumanie à Timișoara vous invite à un voyage visuel au cœur d’une Roumanie entre deux mondes – entre passé rural et ère industrielle, entre marges oubliées et identités assumées ou imposées. L’exposition Photos d’Identité réunit des photographies prises lors de dix voyages à travers différentes régions du pays, entre 1969 et 1999. [&hellip;]</p>
